000
CXUS55 KCYS 211000
CF6RWL
PRELIMINARY LOCAL CLIMATOLOGICAL DATA (WS FORM: F-6)

                                          STATION:   RAWLINS WYOMING AIRPORT
                                          MONTH:     NOVEMBER
                                          YEAR:      2018
                                          LATITUDE:   41 47 N
                                          LONGITUDE: 107 12 W

  TEMPERATURE IN F:       :PCPN:    SNOW:  WIND      :SUNSHINE: SKY     :PK WND
================================================================================
1   2   3   4   5  6A  6B    7    8   9   10  11  12  13   14  15   16   17  18
                                     12Z  AVG MX 2MIN
DY MAX MIN AVG DEP HDD CDD  WTR  SNW DPTH SPD SPD DIR MIN PSBL S-S WX    SPD DR
================================================================================

 1  50  29  40   3  25   0 0.00    M    M 20.5 30 260   M    M   4        38 280
 2  53  35  44   7  21   0    T    M    M 26.5 52 250   M    M   4        64 250
 3  41  31  36   0  29   0 0.07    M    M 11.2 25 270   M    M   7 1      32 280
 4  36  29  33  -3  32   0 0.06    M    M 22.3 37 230   M    M   6 1      46 230
 5  41  26  34  -1  31   0    T    M    M 18.4 30 270   M    M   8        39 270
 6  39  23  31  -4  34   0    T    M    M 15.7 25 260   M    M   2        31 260
 7  37  15  26  -8  39   0 0.01    M    M  8.1 22 260   M    M   4 1      30 250
 8  34  13  24 -10  41   0    T    M    M 13.2 25 260   M    M   3 1      33 260
 9  38  17  28  -5  37   0 0.00    M    M 16.1 30 240   M    M   0        39 240
10  38  22  30  -3  35   0    T    M    M 16.9 32 240   M    M   6 1      42 230
11  28  13  21 -11  44   0 0.02    M    M  9.2 20  30   M    M  10 1      24  30
12  26   2  14 -18  51   0    T    M    M  9.9 22 280   M    M   4 1      27 290
13  38  20  29  -2  36   0 0.00    M    M 11.6 23 230   M    M   2        32 220
14  49  18  34   3  31   0 0.00    M    M 10.3 25 240   M    M   0        32 250
15  49  30  40  10  25   0 0.00    M    M 12.7 25 240   M    M   0        31 240
16  51  28  40  10  25   0 0.00    M    M 15.5 33 240   M    M   3        41 250
17  30   9  20  -9  45   0 0.11    M    M  9.4 22  50   M    M  10 1      26  50
18  29  -1  14 -15  51   0    T    M    M  9.1 22 240   M    M   4 12     26 240
19  37  12  25  -3  40   0 0.00    M    M  7.4 21 250   M    M   0        27 240
20  43   8  26  -2  39   0 0.00    M    M  3.4 15 240   M    M   0        19 250
================================================================================
SM  787  379       711   0  0.27    M    267.4          M       77
================================================================================
AV 39.4 19.0                              13.4 FASTST   M    M   4    MAX(MPH)
                                 MISC ---->  # 52 250               # 64  250
================================================================================
NOTES:
# LAST OF SEVERAL OCCURRENCES

COLUMN 17 PEAK WIND IN M.P.H.

PRELIMINARY LOCAL CLIMATOLOGICAL DATA (WS FORM: F-6) , PAGE 2

                                          STATION:  RAWLINS WYOMING AIRPORT
                                          MONTH:    NOVEMBER
                                          YEAR:     2018
                                          LATITUDE:   41 47 N
                                          LONGITUDE: 107 12 W

[TEMPERATURE DATA]      [PRECIPITATION DATA]       SYMBOLS USED IN COLUMN 16

AVERAGE MONTHLY: 29.2   TOTAL FOR MONTH:   0.27    1 = FOG OR MIST
DPTR FM NORMAL:  -3.4   DPTR FM NORMAL:   -0.12    2 = FOG REDUCING VISIBILITY
HIGHEST:    53 ON  2    GRTST 24HR  0.11 ON 17-17      TO 1/4 MILE OR LESS
LOWEST:     -1 ON 18                               3 = THUNDER
                        SNOW, ICE PELLETS, HAIL    4 = ICE PELLETS
                        TOTAL MONTH:    M          5 = HAIL
                        GRTST 24HR    M  ON   M    6 = FREEZING RAIN OR DRIZZLE
                        GRTST DEPTH:  M  ON   M    7 = DUSTSTORM OR SANDSTORM:
                                                       VSBY 1/2 MILE OR LESS
                                                   8 = SMOKE OR HAZE
[NO. OF DAYS WITH]      [WEATHER - DAYS WITH]      9 = BLOWING SNOW
                                                   X = TORNADO
MAX 32 OR BELOW:   4    0.01 INCH OR MORE:   5
MAX 90 OR ABOVE:   0    0.10 INCH OR MORE:   1
MIN 32 OR BELOW:  19    0.50 INCH OR MORE:   0
MIN  0 OR BELOW:   1    1.00 INCH OR MORE:   0

[HDD (BASE 65) ]
TOTAL THIS MO.   711    CLEAR  (SCALE 0-3)   8
DPTR FM NORMAL    61    PTCLDY (SCALE 4-7)  10
TOTAL FM JUL 1  1636    CLOUDY (SCALE 8-10)  2
DPTR FM NORMAL   -73

[CDD (BASE 65) ]
TOTAL THIS MO.     0
DPTR FM NORMAL     0    [PRESSURE DATA]
TOTAL FM JAN 1   296    HIGHEST SLP M ON M
DPTR FM NORMAL   110    LOWEST  SLP 29.55 ON  2

[REMARKS]
