000
CXUS55 KPIH 171200
CF6RXE

PRELIMINARY LOCAL CLIMATOLOGICAL DATA (WS FORM: F-6)

                                          STATION:   REXBURG ID
                                          MONTH:     OCTOBER
                                          YEAR:      2018
                                          LATITUDE:   43 49 N
                                          LONGITUDE: 111 48 W

  TEMPERATURE IN F:       :PCPN:    SNOW:  WIND      :SUNSHINE: SKY     :PK WND
================================================================================
1   2   3   4   5  6A  6B    7    8   9   10  11  12  13   14  15   16   17  18
                                     12Z  AVG MX 2MIN
DY MAX MIN AVG DEP HDD CDD  WTR  SNW DPTH SPD SPD DIR MIN PSBL S-S WX    SPD DR
================================================================================

 1  68  33  51   1  14   0 0.00    M    M  3.1  9 240   M    M   2        14 260
 2  77  49  63  13   2   0 0.00    M    M 10.4 24 200   M    M   4        32 230
 3  71  56  64  15   1   0 0.00    M    M 15.8 29 220   M    M   1        40 230
 4  59  42  51   2  14   0 0.29    M    M 11.0 25 230   M    M  10 18     35 230
 5  51  37  44  -5  21   0 0.01    M    M  5.5 13 360   M    M   7 1      20  10
 6  48  39  44  -4  21   0 0.05    M    M  3.2 10  60   M    M   9        13  60
 7  59  35  47  -1  18   0 0.00    M    M  8.2 18  30   M    M   3        27  10
 8  60  29  45  -3  20   0 0.00    M    M  2.9 12  10   M    M   0 8      16 360
 9  43  38  41  -6  24   0 0.27    M    M  7.0 14 180   M    M  10 1      20 140
10  46  35  41  -6  24   0 0.02    M    M  6.1 12 190   M    M   9        15 190
11  50  35  43  -4  22   0    T    M    M  3.3 12 300   M    M   6        17 320
12  53  31  42  -4  23   0 0.00    M    M  6.0 16 210   M    M   0        23 200
13  47  27  37  -9  28   0 0.00    M    M  9.1 21 360   M    M   3        29 360
14  44  21  33 -13  32   0 0.00    M    M  5.1 16  60   M    M   0        21  60
15  47  19  33 -12  32   0 0.00    M    M  3.3  7 250   M    M   0        10  50
16  61  23  42  -3  23   0 0.00    M    M  1.8  8  30   M    M   0        10  30
================================================================================
SM  884  549       319   0  0.64    M    101.8          M       64
================================================================================
AV 55.3 34.3                               6.4 FASTST   M    M   4    MAX(MPH)
                                 MISC ---->  # 29 220               # 40  230
================================================================================
NOTES:
# LAST OF SEVERAL OCCURRENCES
PRECIPITATION SUSPECT DURING FREEZING/FROZEN EVENTS

COLUMN 17 PEAK WIND IN M.P.H.

PRELIMINARY LOCAL CLIMATOLOGICAL DATA (WS FORM: F-6) , PAGE 2

                                          STATION:  REXBURG ID
                                          MONTH:    OCTOBER
                                          YEAR:     2018
                                          LATITUDE:   43 49 N
                                          LONGITUDE: 111 48 W

[TEMPERATURE DATA]      [PRECIPITATION DATA]       SYMBOLS USED IN COLUMN 16

AVERAGE MONTHLY: 44.8   TOTAL FOR MONTH:   0.64    1 = FOG OR MIST
DPTR FM NORMAL:  -2.7   DPTR FM NORMAL:    0.06    2 = FOG REDUCING VISIBILITY
HIGHEST:    77 ON  2    GRTST 24HR  0.29 ON  4- 4      TO 1/4 MILE OR LESS
LOWEST:     19 ON 15                               3 = THUNDER
                        SNOW, ICE PELLETS, HAIL    4 = ICE PELLETS
                        TOTAL MONTH:    M          5 = HAIL
                        GRTST 24HR    M  ON   M    6 = FREEZING RAIN OR DRIZZLE
                        GRTST DEPTH:  M  ON   M    7 = DUSTSTORM OR SANDSTORM:
                                                       VSBY 1/2 MILE OR LESS
                                                   8 = SMOKE OR HAZE
[NO. OF DAYS WITH]      [WEATHER - DAYS WITH]      9 = BLOWING SNOW
                                                   X = TORNADO
MAX 32 OR BELOW:   0    0.01 INCH OR MORE:   5
MAX 90 OR ABOVE:   0    0.10 INCH OR MORE:   2
MIN 32 OR BELOW:   6    0.50 INCH OR MORE:   0
MIN  0 OR BELOW:   0    1.00 INCH OR MORE:   0

[HDD (BASE 65) ]
TOTAL THIS MO.   319    CLEAR  (SCALE 0-3)   9
DPTR FM NORMAL    39    PTCLDY (SCALE 4-7)   3
TOTAL FM JUL 1   553    CLOUDY (SCALE 8-10)  4
DPTR FM NORMAL   -85

[CDD (BASE 65) ]
TOTAL THIS MO.     0
DPTR FM NORMAL     0    [PRESSURE DATA]
TOTAL FM JAN 1   331    HIGHEST SLP M ON M
DPTR FM NORMAL   123    LOWEST  SLP 29.68 ON  2

[REMARKS]
