000
CXUS54 KEWX 180910
CF6RYW
PRELIMINARY LOCAL CLIMATOLOGICAL DATA (WS FORM: F-6)

                                          STATION:   LAGO VISTA
                                          MONTH:     JULY
                                          YEAR:      2018
                                          LATITUDE:   30 30 N
                                          LONGITUDE:  97 58 W

  TEMPERATURE IN F:       :PCPN:    SNOW:  WIND      :SUNSHINE: SKY     :PK WND
================================================================================
1   2   3   4   5  6A  6B    7    8   9   10  11  12  13   14  15   16   17  18
                                     12Z  AVG MX 2MIN
DY MAX MIN AVG DEP HDD CDD  WTR  SNW DPTH SPD SPD DIR MIN PSBL S-S WX    SPD DR
================================================================================

 1 101  76  89   M   0  24 0.00    M    M  9.4 15 140   M    M   3        21 220
 2  99  75  87   M   0  22 0.00    M    M  6.8 13 120   M    M   2        18 120
 3 101  75  88   M   0  23 0.00    M    M  6.5 10 220   M    M   0        16 220
 4  94  71  83   M   0  18 0.98    M    M  4.0  9 110   M    M   5 13     21 280
 5  92  69  81   M   0  16 0.00    M    M  5.8 12  70   M    M   6 1      16  70
 6  96  74  85   M   0  20 0.10    M    M  6.5 13  80   M    M   2        20  70
 7  88  73  81   M   0  16 0.12    M    M  4.2 10 340   M    M   3 3       M  M
 8  91  71  81   M   0  16 0.00    M    M  4.1 12 130   M    M   2 13     18 130
 9  84  72  78   M   0  13 1.32    M    M  3.2  8 210   M    M   5 13      M  M
10  92  72  82   M   0  17 0.00    M    M  5.7 10 130   M    M   3        16 150
11  95  75  85   M   0  20 0.00    M    M  5.2  9 140   M    M   0         M  M
12  95  75  85   M   0  20 0.00    M    M  5.9 10 150   M    M   0        17 130
13  94  75  85   M   0  20 0.00    M    M  7.0 12 120   M    M   2        16 120
14  95  75  85   M   0  20 0.00    M    M  7.3 12 140   M    M   3        20 140
15  95  77  86   M   0  21 0.00    M    M  7.1 10 150   M    M   6        20 150
16  98  76  87   M   0  22 0.00    M    M  7.4 10 170   M    M   3        20 190
17 100  74  87   M   0  22 0.00    M    M  7.0  9 140   M    M   0        16 230
================================================================================
SM 1610 1255         0 330  2.52    M    103.1          M       45
================================================================================
AV 94.7 73.8                               6.1 FASTST   M    M   3    MAX(MPH)
                                 MISC ---->  # 15 140               # 21  220
================================================================================
NOTES:
# LAST OF SEVERAL OCCURRENCES

COLUMN 17 PEAK WIND IN M.P.H.

PRELIMINARY LOCAL CLIMATOLOGICAL DATA (WS FORM: F-6) , PAGE 2

                                          STATION:  LAGO VISTA
                                          MONTH:    JULY
                                          YEAR:     2018
                                          LATITUDE:   30 30 N
                                          LONGITUDE:  97 58 W

[TEMPERATURE DATA]      [PRECIPITATION DATA]       SYMBOLS USED IN COLUMN 16

AVERAGE MONTHLY: 84.3   TOTAL FOR MONTH:   2.52    1 = FOG OR MIST
DPTR FM NORMAL:     M   DPTR FM NORMAL:       M    2 = FOG REDUCING VISIBILITY
HIGHEST:   101 ON  3, 1 GRTST 24HR  1.32 ON  9- 9      TO 1/4 MILE OR LESS
LOWEST:     69 ON  5                               3 = THUNDER
                        SNOW, ICE PELLETS, HAIL    4 = ICE PELLETS
                        TOTAL MONTH:    M          5 = HAIL
                        GRTST 24HR    M  ON   M    6 = FREEZING RAIN OR DRIZZLE
                        GRTST DEPTH:  M  ON   M    7 = DUSTSTORM OR SANDSTORM:
                                                       VSBY 1/2 MILE OR LESS
                                                   8 = SMOKE OR HAZE
[NO. OF DAYS WITH]      [WEATHER - DAYS WITH]      9 = BLOWING SNOW
                                                   X = TORNADO
MAX 32 OR BELOW:   0    0.01 INCH OR MORE:   4
MAX 90 OR ABOVE:  15    0.10 INCH OR MORE:   4
MIN 32 OR BELOW:   0    0.50 INCH OR MORE:   2
MIN  0 OR BELOW:   0    1.00 INCH OR MORE:   1

[HDD (BASE 65) ]
TOTAL THIS MO.     0    CLEAR  (SCALE 0-3)  11
DPTR FM NORMAL     M    PTCLDY (SCALE 4-7)   6
TOTAL FM JUL 1     0    CLOUDY (SCALE 8-10)  0
DPTR FM NORMAL     M

[CDD (BASE 65) ]
TOTAL THIS MO.   330
DPTR FM NORMAL     M    [PRESSURE DATA]
TOTAL FM JAN 1  1640    HIGHEST SLP M ON M
DPTR FM NORMAL     M    LOWEST  SLP M ON M

[REMARKS]
