000
CXUS54 KEWX 160910
CF6RYW
PRELIMINARY LOCAL CLIMATOLOGICAL DATA (WS FORM: F-6)

                                          STATION:   LAGO VISTA
                                          MONTH:     OCTOBER
                                          YEAR:      2018
                                          LATITUDE:   30 30 N
                                          LONGITUDE:  97 58 W

  TEMPERATURE IN F:       :PCPN:    SNOW:  WIND      :SUNSHINE: SKY     :PK WND
================================================================================
1   2   3   4   5  6A  6B    7    8   9   10  11  12  13   14  15   16   17  18
                                     12Z  AVG MX 2MIN
DY MAX MIN AVG DEP HDD CDD  WTR  SNW DPTH SPD SPD DIR MIN PSBL S-S WX    SPD DR
================================================================================

 1  86  70  78   M   0  13 0.00    M    M  4.2  8 140   M    M   7 1       M  M
 2  87  73  80   M   0  15 0.00    M    M  3.9  7 150   M    M   7 1       M  M
 3  90  74  82   M   0  17 0.00    M    M  6.2 12 200   M    M   6        16 210
 4  88  73  81   M   0  16 0.00    M    M  5.2 10 160   M    M   5 1      16 180
 5  89  73  81   M   0  16 0.00    M    M  6.5  9 170   M    M   7         M  M
 6  87  74  81   M   0  16 0.19    M    M  5.5 10 140   M    M   6 3       M  M
 7  86  72  79   M   0  14 0.59    M    M  7.4 12 140   M    M   7 13     20 190
 8  80  70  75   M   0  10 1.12    M    M  5.6  9 150   M    M   8 13     20 140
 9  77  67  72   M   0   7 1.33    M    M  4.9  9 160   M    M   7 13      M  M
10  77  62  70   M   0   5 0.00    M    M  5.5  9 330   M    M   3 12     17 330
11  75  59  67   M   0   2 0.00    M    M  7.1 12  50   M    M   6        22  50
12  84  62  73   M   0   8 0.00    M    M  5.1 12 170   M    M   6        18 170
13  89  68  79   M   0  14 0.18    M    M  8.5 18 220   M    M   9 13     28 200
14  89  58  74   M   0   9 0.01    M    M  6.0 14  10   M    M   8 1      27  10
15  58  41  50   M  15   0 1.09    M    M 11.7 16  20   M    M  10        29  10
================================================================================
SM 1242  996        15 162  4.51    M     93.3          M      102
================================================================================
AV 82.8 66.4                               6.2 FASTST   M    M   7    MAX(MPH)
                                 MISC ---->  # 18 220               # 29   10
================================================================================
NOTES:
# LAST OF SEVERAL OCCURRENCES

COLUMN 17 PEAK WIND IN M.P.H.

PRELIMINARY LOCAL CLIMATOLOGICAL DATA (WS FORM: F-6) , PAGE 2

                                          STATION:  LAGO VISTA
                                          MONTH:    OCTOBER
                                          YEAR:     2018
                                          LATITUDE:   30 30 N
                                          LONGITUDE:  97 58 W

[TEMPERATURE DATA]      [PRECIPITATION DATA]       SYMBOLS USED IN COLUMN 16

AVERAGE MONTHLY: 74.6   TOTAL FOR MONTH:   4.51    1 = FOG OR MIST
DPTR FM NORMAL:     M   DPTR FM NORMAL:       M    2 = FOG REDUCING VISIBILITY
HIGHEST:    90 ON  3    GRTST 24HR  1.33 ON  9- 9      TO 1/4 MILE OR LESS
LOWEST:     41 ON 15                               3 = THUNDER
                        SNOW, ICE PELLETS, HAIL    4 = ICE PELLETS
                        TOTAL MONTH:    M          5 = HAIL
                        GRTST 24HR    M  ON   M    6 = FREEZING RAIN OR DRIZZLE
                        GRTST DEPTH:  M  ON   M    7 = DUSTSTORM OR SANDSTORM:
                                                       VSBY 1/2 MILE OR LESS
                                                   8 = SMOKE OR HAZE
[NO. OF DAYS WITH]      [WEATHER - DAYS WITH]      9 = BLOWING SNOW
                                                   X = TORNADO
MAX 32 OR BELOW:   0    0.01 INCH OR MORE:   7
MAX 90 OR ABOVE:   1    0.10 INCH OR MORE:   6
MIN 32 OR BELOW:   0    0.50 INCH OR MORE:   4
MIN  0 OR BELOW:   0    1.00 INCH OR MORE:   3

[HDD (BASE 65) ]
TOTAL THIS MO.    15    CLEAR  (SCALE 0-3)   0
DPTR FM NORMAL     M    PTCLDY (SCALE 4-7)  12
TOTAL FM JUL 1    15    CLOUDY (SCALE 8-10)  3
DPTR FM NORMAL     M

[CDD (BASE 65) ]
TOTAL THIS MO.   162
DPTR FM NORMAL     M    [PRESSURE DATA]
TOTAL FM JAN 1  3203    HIGHEST SLP M ON M
DPTR FM NORMAL     M    LOWEST  SLP M ON M

[REMARKS]
