000
CXUS56 KSTO 181425
CF6SAC
PRELIMINARY LOCAL CLIMATOLOGICAL DATA (WS FORM: F-6)

                                          STATION:   SACRAMENTO EXEC. AIRPORT CA
                                          MONTH:     JULY
                                          YEAR:      2018
                                          LATITUDE:   38 31 N
                                          LONGITUDE: 121 30 W

  TEMPERATURE IN F:       :PCPN:    SNOW:  WIND      :SUNSHINE: SKY     :PK WND
================================================================================
1   2   3   4   5  6A  6B    7    8   9   10  11  12  13   14  15   16   17  18
                                     12Z  AVG MX 2MIN
DY MAX MIN AVG DEP HDD CDD  WTR  SNW DPTH SPD SPD DIR MIN PSBL S-S WX    SPD DR
================================================================================

 1  94  59  77   3   0  12 0.00  0.0    0  7.1 20 230   M    M   0        26 230
 2  88  57  73  -1   0   8 0.00  0.0    0  8.2 16 220   M    M   1 8      22 300
 3  85  56  71  -3   0   6 0.00  0.0    0  9.0 17 230   M    M   0 8      24 190
 4  77  56  67  -7   0   2 0.00  0.0    0 11.6 21 230   M    M   0        26 230
 5  90  55  73  -2   0   8 0.00  0.0    0  5.4 10 260   M    M   0        14 240
 6  95  64  80   5   0  15 0.00  0.0    0  4.8 14 320   M    M   1        18 340
 7  98  61  80   5   0  15 0.00  0.0    0  4.9 13 210   M    M   0        17 280
 8  95  61  78   3   0  13 0.00  0.0    0  6.6 17 220   M    M   0        23 220
 9  98  60  79   4   0  14 0.00  0.0    0  4.6 12 230   M    M   0        16 220
10  97  60  79   4   0  14 0.00  0.0    0  5.6 15 220   M    M   0        19 210
11  97  61  79   4   0  14 0.00  0.0    0  5.6 14 230   M    M   0        17 220
12  96  61  79   4   0  14 0.00  0.0    0  7.7 18 230   M    M   0        23 240
13  96  68  82   7   0  17 0.00  0.0    0  4.9 10 210   M    M   0        13 210
14  96  63  80   5   0  15 0.00  0.0    0  8.0 15 230   M    M   0        26 260
15  92  60  76   0   0  11 0.00  0.0    0  7.8 13 200   M    M   0        18 200
16  98  58  78   2   0  13 0.00  0.0    0  5.8 15 220   M    M   0        18 230
17  99  60  80   4   0  15 0.00  0.0    0  5.9 13 240   M    M   0        17 220
================================================================================
SM 1591 1020         0 206  0.00     0.0 113.5          M        2
================================================================================
AV 93.6 60.0                               6.7 FASTST   M    M   0    MAX(MPH)
                                 MISC ---->  # 21 230               # 26  230
================================================================================
NOTES:
# LAST OF SEVERAL OCCURRENCES

COLUMN 17 PEAK WIND IN M.P.H.

PRELIMINARY LOCAL CLIMATOLOGICAL DATA (WS FORM: F-6) , PAGE 2

                                          STATION:  SACRAMENTO EXEC. AIRPORT CA
                                          MONTH:    JULY
                                          YEAR:     2018
                                          LATITUDE:   38 31 N
                                          LONGITUDE: 121 30 W

[TEMPERATURE DATA]      [PRECIPITATION DATA]       SYMBOLS USED IN COLUMN 16

AVERAGE MONTHLY: 76.8   TOTAL FOR MONTH:   0.00    1 = FOG OR MIST
DPTR FM NORMAL:   1.9   DPTR FM NORMAL:    0.00    2 = FOG REDUCING VISIBILITY
HIGHEST:    99 ON 17    GRTST 24HR  0.00 ON 17-17      TO 1/4 MILE OR LESS
LOWEST:     55 ON  5                               3 = THUNDER
                        SNOW, ICE PELLETS, HAIL    4 = ICE PELLETS
                        TOTAL MONTH:   0.0 INCH    5 = HAIL
                        GRTST 24HR     0.0         6 = FREEZING RAIN OR DRIZZLE
                        GRTST DEPTH:   0           7 = DUSTSTORM OR SANDSTORM:
                                                       VSBY 1/2 MILE OR LESS
                                                   8 = SMOKE OR HAZE
[NO. OF DAYS WITH]      [WEATHER - DAYS WITH]      9 = BLOWING SNOW
                                                   X = TORNADO
MAX 32 OR BELOW:   0    0.01 INCH OR MORE:   0
MAX 90 OR ABOVE:  14    0.10 INCH OR MORE:   0
MIN 32 OR BELOW:   0    0.50 INCH OR MORE:   0
MIN  0 OR BELOW:   0    1.00 INCH OR MORE:   0

[HDD (BASE 65) ]
TOTAL THIS MO.     0    CLEAR  (SCALE 0-3)  17
DPTR FM NORMAL     0    PTCLDY (SCALE 4-7)   0
TOTAL FM JUL 1     0    CLOUDY (SCALE 8-10)  0
DPTR FM NORMAL     0

[CDD (BASE 65) ]
TOTAL THIS MO.   206
DPTR FM NORMAL    37    [PRESSURE DATA]
TOTAL FM JAN 1   519    HIGHEST SLP M ON M
DPTR FM NORMAL    44    LOWEST  SLP 29.74 ON 11

[REMARKS]
