000
CXUS56 KSGX 161445
CF6SAN
PRELIMINARY LOCAL CLIMATOLOGICAL DATA (WS FORM: F-6)

                                          STATION:   SAN DIEGO INTL AIRPORT CA
                                          MONTH:     OCTOBER
                                          YEAR:      2018
                                          LATITUDE:   32 43 N
                                          LONGITUDE: 117 10 W

  TEMPERATURE IN F:       :PCPN:    SNOW:  WIND      :SUNSHINE: SKY     :PK WND
================================================================================
1   2   3   4   5  6A  6B    7    8   9   10  11  12  13   14  15   16   17  18
                                     12Z  AVG MX 2MIN
DY MAX MIN AVG DEP HDD CDD  WTR  SNW DPTH SPD SPD DIR MIN PSBL S-S WX    SPD DR
================================================================================

 1  87  71  79  10   0  14 0.00  0.0    0  5.5 16 310   M    M   7        22 310
 2  76  69  73   4   0   8 0.00  0.0    0  5.5 10 240   M    M   7        14 220
 3  76  68  72   4   0   7 0.00  0.0    0  6.3 12 150   M    M   7        15 230
 4  76  68  72   4   0   7    T  0.0    0  7.0 14 280   M    M   7        18 280
 5  75  66  71   3   0   6 0.09  0.0    0  5.6 15 280   M    M   6 1      18 280
 6  72  67  70   2   0   5 0.00  0.0    0  8.8 16 190   M    M   8        19 190
 7  73  66  70   2   0   5 0.00  0.0    0  7.6 14 230   M    M   6        18 230
 8  73  63  68   0   0   3 0.00  0.0    0  4.9 14 240   M    M   4        18 260
 9  73  65  69   1   0   4 0.00  0.0    0  5.7 12 280   M    M   5        17 280
10  72  63  68   0   0   3 0.00  0.0    0  4.3 12 260   M    M   5         M  M
11  75  65  70   3   0   5 0.00  0.0    0  5.9 14 290   M    M   7        18 270
12  74  63  69   2   0   4 0.48  0.0    0  5.8 17 290   M    M   6 138    23 290
13  72  62  67   0   0   2    T  0.0    0  4.5 13 290   M    M   7        17 300
14  74  63  69   2   0   4 0.00  0.0    0  5.7 15 300   M    M   5        18 300
15  81  62  72   5   0   7 0.00  0.0    0  6.1 16 280   M    M   3        20 280
================================================================================
SM 1129  981         0  84  0.57     0.0  89.2          M       90
================================================================================
AV 75.3 65.4                               5.9 FASTST   M    M   6    MAX(MPH)
                                 MISC ---->  # 17 290               # 23  290
================================================================================
NOTES:
# LAST OF SEVERAL OCCURRENCES

COLUMN 17 PEAK WIND IN M.P.H.

PRELIMINARY LOCAL CLIMATOLOGICAL DATA (WS FORM: F-6) , PAGE 2

                                          STATION:  SAN DIEGO INTL AIRPORT CA
                                          MONTH:    OCTOBER
                                          YEAR:     2018
                                          LATITUDE:   32 43 N
                                          LONGITUDE: 117 10 W

[TEMPERATURE DATA]      [PRECIPITATION DATA]       SYMBOLS USED IN COLUMN 16

AVERAGE MONTHLY: 70.3   TOTAL FOR MONTH:   0.57    1 = FOG OR MIST
DPTR FM NORMAL:   2.5   DPTR FM NORMAL:    0.36    2 = FOG REDUCING VISIBILITY
HIGHEST:    87 ON  1    GRTST 24HR  0.48 ON 12-12      TO 1/4 MILE OR LESS
LOWEST:     62 ON 15,13                            3 = THUNDER
                        SNOW, ICE PELLETS, HAIL    4 = ICE PELLETS
                        TOTAL MONTH:   0.0 INCH    5 = HAIL
                        GRTST 24HR     0.0         6 = FREEZING RAIN OR DRIZZLE
                        GRTST DEPTH:   0           7 = DUSTSTORM OR SANDSTORM:
                                                       VSBY 1/2 MILE OR LESS
                                                   8 = SMOKE OR HAZE
[NO. OF DAYS WITH]      [WEATHER - DAYS WITH]      9 = BLOWING SNOW
                                                   X = TORNADO
MAX 32 OR BELOW:   0    0.01 INCH OR MORE:   2
MAX 90 OR ABOVE:   0    0.10 INCH OR MORE:   1
MIN 32 OR BELOW:   0    0.50 INCH OR MORE:   0
MIN  0 OR BELOW:   0    1.00 INCH OR MORE:   0

[HDD (BASE 65) ]
TOTAL THIS MO.     0    CLEAR  (SCALE 0-3)   1
DPTR FM NORMAL     0    PTCLDY (SCALE 4-7)  14
TOTAL FM JUL 1     0    CLOUDY (SCALE 8-10)  0
DPTR FM NORMAL    -2

[CDD (BASE 65) ]
TOTAL THIS MO.    84
DPTR FM NORMAL    39    [PRESSURE DATA]
TOTAL FM JAN 1  1167    HIGHEST SLP M ON M
DPTR FM NORMAL   486    LOWEST  SLP 29.66 ON 12

[REMARKS]
