000
CXUS53 KMKX 280642
CF6SBM
PRELIMINARY LOCAL CLIMATOLOGICAL DATA (WS FORM: F-6)

                                          STATION:   SHEBOYGAN WI
                                          MONTH:     OCTOBER
                                          YEAR:      2018
                                          LATITUDE:   43 46 N
                                          LONGITUDE:  87 51 W

  TEMPERATURE IN F:       :PCPN:    SNOW:  WIND      :SUNSHINE: SKY     :PK WND
================================================================================
1   2   3   4   5  6A  6B    7    8   9   10  11  12  13   14  15   16   17  18
                                     12Z  AVG MX 2MIN
DY MAX MIN AVG DEP HDD CDD  WTR  SNW DPTH SPD SPD DIR MIN PSBL S-S WX    SPD DR
================================================================================

 1  55  48  52  -2  13   0 1.60    M    0  9.4 18  70   M    M   9 1      24 110
 2  59  52  56   3   9   0 0.02  0.0    0  5.9 12 350   M    M   9 1      18 350
 3  81  55  68  15   0   3 0.51  0.0    0 16.0 29 220   M    M   4 13     46 290
 4  68  45  57   4   8   0 0.00  0.0    0 12.6 23 300   M    M   1        34 300
 5  54  47  51  -1  14   0 0.12    M    0  7.7 16  90   M    M  10 1      25 110
 6  59  51  55   3  10   0 0.58  0.0    0  7.4 20  50   M    M   9 13     26  40
 7  55  48  52   0  13   0 0.46  0.0    0 11.3 20  40   M    M  10 1      27  50
 8  72  55  64  13   1   0 0.16  0.0    0  7.6 12 210   M    M   6 128    22 100
 9  81  56  69  18   0   4 0.03  0.0    0  9.0 20 210   M    M   4 18     27 200
10  68  50  59   9   6   0 0.22  0.0    0 10.1 28 260   M    M   8 12     42 250
11  50  39  45  -5  20   0    T    M    0 17.4 29 250   M    M   9        41 250
12  41  29  35 -15  30   0    T    M    0  8.3 16 300   M    M   9        23 310
13  51  26  39 -10  26   0 0.00  0.0    0  8.3 20 220   M    M   4        26 220
14  56  37  47  -2  18   0 0.04    M    0  7.3 16 330   M    M   8        22 330
15  44  29  37 -12  28   0 0.03    M    0 11.4 23 300   M    M   5        36 300
16  57  32  45  -3  20   0 0.00  0.0    0 11.6 23 260   M    M   2        34 220
17  49  26  38 -10  27   0 0.00  0.0    0  9.8 22 310   M    M   4        34 280
18  57  22  40  -8  25   0 0.00  0.0    0  9.3 20 210   M    M   0        27 200
19  55  47  51   4  14   0 0.07    M    0 12.7 24 220   M    M   4        33 230
20  48  33  41  -6  24   0 0.08    M    0 13.8 33 320   M    M   5 1      48 320
21  48  26  37  -9  28   0 0.00  0.0    0  6.6 16 210   M    M   3        24 190
22  60  30  45  -1  20   0 0.00  0.0    0  6.1 16 260   M    M   0        24 280
23  53  31  42  -4  23   0 0.00  0.0    0  7.0 18 330   M    M   2        25 340
24  48  31  40  -5  25   0 0.00  0.0    0  3.5 12 120   M    M   6 12     19 100
25  54  31  43  -2  22   0 0.00  0.0    0  3.7 12 160   M    M   0 1      16 140
26  49  39  44  -1  21   0    T    M    0  5.8 12 110   M    M  10 1      16 100
27  50  42  46   2  19   0 0.00  0.0    0  2.6  8  60   M    M  10 18     10  70
================================================================================
SM 1522 1057       464   7  3.92     0.0 242.2          M      151
================================================================================
AV 56.4 39.2                               9.0 FASTST   M    M   6    MAX(MPH)
                                 MISC ---->  # 33 320               # 48  320
================================================================================
NOTES:
# LAST OF SEVERAL OCCURRENCES

COLUMN 17 PEAK WIND IN M.P.H.

PRELIMINARY LOCAL CLIMATOLOGICAL DATA (WS FORM: F-6) , PAGE 2

                                          STATION:  SHEBOYGAN WI
                                          MONTH:    OCTOBER
                                          YEAR:     2018
                                          LATITUDE:   43 46 N
                                          LONGITUDE:  87 51 W

[TEMPERATURE DATA]      [PRECIPITATION DATA]       SYMBOLS USED IN COLUMN 16

AVERAGE MONTHLY: 47.8   TOTAL FOR MONTH:   3.92    1 = FOG OR MIST
DPTR FM NORMAL:  -1.2   DPTR FM NORMAL:    1.59    2 = FOG REDUCING VISIBILITY
HIGHEST:    81 ON  9, 3 GRTST 24HR  1.60 ON  1- 1      TO 1/4 MILE OR LESS
LOWEST:     22 ON 18                               3 = THUNDER
                        SNOW, ICE PELLETS, HAIL    4 = ICE PELLETS
                        TOTAL MONTH:   0.0 INCH    5 = HAIL
                        GRTST 24HR     0.0         6 = FREEZING RAIN OR DRIZZLE
                        GRTST DEPTH:   0           7 = DUSTSTORM OR SANDSTORM:
                                                       VSBY 1/2 MILE OR LESS
                                                   8 = SMOKE OR HAZE
[NO. OF DAYS WITH]      [WEATHER - DAYS WITH]      9 = BLOWING SNOW
                                                   X = TORNADO
MAX 32 OR BELOW:   0    0.01 INCH OR MORE:  13
MAX 90 OR ABOVE:   0    0.10 INCH OR MORE:   7
MIN 32 OR BELOW:  11    0.50 INCH OR MORE:   3
MIN  0 OR BELOW:   0    1.00 INCH OR MORE:   1

[HDD (BASE 65) ]
TOTAL THIS MO.   464    CLEAR  (SCALE 0-3)   7
DPTR FM NORMAL    31    PTCLDY (SCALE 4-7)  10
TOTAL FM JUL 1   638    CLOUDY (SCALE 8-10) 10
DPTR FM NORMAL   -37

[CDD (BASE 65) ]
TOTAL THIS MO.     7
DPTR FM NORMAL     7    [PRESSURE DATA]
TOTAL FM JAN 1   527    HIGHEST SLP M ON M
DPTR FM NORMAL   136    LOWEST  SLP 29.53 ON 10

[REMARKS]
