942
CXUS53 KIWX 160800
CF6SBN
PRELIMINARY LOCAL CLIMATOLOGICAL DATA (WS FORM: F-6)

                                          STATION:   SOUTH BEND
                                          MONTH:     DECEMBER
                                          YEAR:      2017
                                          LATITUDE:   41 42 N
                                          LONGITUDE:  86 19 W

  TEMPERATURE IN F:       :PCPN:    SNOW:  WIND      :SUNSHINE: SKY     :PK WND
================================================================================
1   2   3   4   5  6A  6B    7    8   9   10  11  12  13   14  15   16   17  18
                                     12Z  AVG MX 2MIN
DY MAX MIN AVG DEP HDD CDD  WTR  SNW DPTH SPD SPD DIR MIN PSBL S-S WX    SPD DR
================================================================================

 1  50  25  38   4  27   0 0.00  0.0    0  2.6 14 240   M    M   0        15 250
 2  53  25  39   6  26   0 0.00  0.0    0  4.1 14 230   M    M   1        18 210
 3  55  23  39   6  26   0 0.00  0.0    0  4.8 14 150   M    M   0 18     17 150
 4  61  44  53  21  12   0 0.08  0.0    0 16.8 31 190   M    M   6 13     46 180
 5  58  26  42  10  23   0 0.01  0.0    0 22.5 29 250   M    M   5        44 220
 6  36  24  30  -2  35   0 0.00  0.0    0 13.7 29 270   M    M   3        35 260
 7  27  17  22  -9  43   0 0.04  1.8    1 11.6 18 260   M    M   9 12     23 270
 8  31  13  22  -9  43   0 0.00  0.0    0 13.2 21 230   M    M   2        27 220
 9  31  23  27  -4  38   0 0.31  6.2    1 10.7 21 350   M    M   9 12     24 340
10  30  16  23  -7  42   0 0.00  0.0    6 10.7 23 220   M    M   8        27 210
11  34  24  29  -1  36   0 0.03  0.4    4  8.9 26 340   M    M   9 1      37 350
12  33  15  24  -6  41   0 0.06  2.6    0 15.8 32 330   M    M  10 128    41 340
13  33  15  24  -5  41   0 0.11  2.0    3 14.4 31 310   M    M   9 1      41 320
14  22  10  16 -13  49   0    T    T    4  6.9 17 350   M    M   6 18     22 360
15  31  11  21  -8  44   0 0.02  0.4    4 11.8 22 280   M    M  10 18     27 270
================================================================================
SM  585  311       526   0  0.66    13.4 168.5          M       87
================================================================================
AV 39.0 20.7                              11.2 FASTST   M    M   6    MAX(MPH)
                                 MISC ---->  # 32 330               # 46  180
================================================================================
NOTES:
# LAST OF SEVERAL OCCURRENCES

COLUMN 17 PEAK WIND IN M.P.H.

PRELIMINARY LOCAL CLIMATOLOGICAL DATA (WS FORM: F-6) , PAGE 2

                                          STATION:  SOUTH BEND
                                          MONTH:    DECEMBER
                                          YEAR:     2017
                                          LATITUDE:   41 42 N
                                          LONGITUDE:  86 19 W

[TEMPERATURE DATA]      [PRECIPITATION DATA]       SYMBOLS USED IN COLUMN 16

AVERAGE MONTHLY: 29.9   TOTAL FOR MONTH:   0.66    1 = FOG OR MIST
DPTR FM NORMAL:  -1.2   DPTR FM NORMAL:   -0.66    2 = FOG REDUCING VISIBILITY
HIGHEST:    61 ON  4    GRTST 24HR  0.31 ON  9- 9      TO 1/4 MILE OR LESS
LOWEST:     10 ON 14                               3 = THUNDER
                        SNOW, ICE PELLETS, HAIL    4 = ICE PELLETS
                        TOTAL MONTH:  13.4 INCHES  5 = HAIL
                        GRTST 24HR   6.2 ON  9- 9  6 = FREEZING RAIN OR DRIZZLE
                        GRTST DEPTH:   6 ON 10     7 = DUSTSTORM OR SANDSTORM:
                                                       VSBY 1/2 MILE OR LESS
                                                   8 = SMOKE OR HAZE
[NO. OF DAYS WITH]      [WEATHER - DAYS WITH]      9 = BLOWING SNOW
                                                   X = TORNADO
MAX 32 OR BELOW:   6    0.01 INCH OR MORE:   8
MAX 90 OR ABOVE:   0    0.10 INCH OR MORE:   2
MIN 32 OR BELOW:  14    0.50 INCH OR MORE:   0
MIN  0 OR BELOW:   0    1.00 INCH OR MORE:   0

[HDD (BASE 65) ]
TOTAL THIS MO.   526    CLEAR  (SCALE 0-3)   4
DPTR FM NORMAL    17    PTCLDY (SCALE 4-7)   4
TOTAL FM JUL 1  1709    CLOUDY (SCALE 8-10)  7
DPTR FM NORMAL   -69

[CDD (BASE 65) ]
TOTAL THIS MO.     0
DPTR FM NORMAL     0    [PRESSURE DATA]
TOTAL FM JAN 1   692    HIGHEST SLP M ON M
DPTR FM NORMAL   -81    LOWEST  SLP 29.34 ON 13

[REMARKS]
