000
CXUS53 KIWX 180800
CF6SBN
PRELIMINARY LOCAL CLIMATOLOGICAL DATA (WS FORM: F-6)

                                          STATION:   SOUTH BEND
                                          MONTH:     OCTOBER
                                          YEAR:      2018
                                          LATITUDE:   41 42 N
                                          LONGITUDE:  86 19 W

  TEMPERATURE IN F:       :PCPN:    SNOW:  WIND      :SUNSHINE: SKY     :PK WND
================================================================================
1   2   3   4   5  6A  6B    7    8   9   10  11  12  13   14  15   16   17  18
                                     12Z  AVG MX 2MIN
DY MAX MIN AVG DEP HDD CDD  WTR  SNW DPTH SPD SPD DIR MIN PSBL S-S WX    SPD DR
================================================================================

 1  78  52  65   8   0   0 0.00  0.0    0  7.5 15 210   M    M   7        24 190
 2  73  53  63   6   2   0 0.24  0.0    0  6.9 18 290   M    M   9 13     25 280
 3  85  55  70  13   0   5 0.00  0.0    0 13.0 24 180   M    M   4        37 200
 4  77  48  63   7   2   0    T  0.0    0 14.0 24 350   M    M   4        35 210
 5  65  49  57   1   8   0 0.93  0.0    0  9.3 21 120   M    M   9 13     27 110
 6  74  56  65   9   0   0 0.99  0.0    0  7.9 15 340   M    M   9 13      M  M
 7  64  56  60   5   5   0 0.04  0.0    0  6.9 17 120   M    M  10 13     23 130
 8  85  60  73  18   0   8 0.00  0.0    0  9.3 21 210   M    M   5 1      27 190
 9  84  65  75  21   0  10 0.00  0.0    0  9.2 20 170   M    M   2        26 170
10  72  57  65  11   0   0 0.92  0.0    0 11.7 22 240   M    M   6 1      32 260
11  57  45  51  -3  14   0 0.00  0.0    0 13.7 24 260   M    M  10        32 280
12  46  36  41 -12  24   0 0.08  0.0    0  8.3 15 300   M    M  10 1      22 290
13  52  34  43 -10  22   0 0.00  0.0    0  8.0 14 200   M    M   4 1      21 190
14  61  34  48  -5  17   0 0.03  0.0    0  4.7 14 130   M    M   2 1      19 160
15  50  33  42 -10  23   0 0.10  0.0    0 11.5 24 300   M    M   6 1      33 300
16  55  31  43  -9  22   0 0.00  0.0    0 12.8 23 240   M    M   0        37 240
17  48  33  41 -11  24   0 0.00  0.0    0 10.7 24 310   M    M   5        33 300
================================================================================
SM 1126  797       163  23  3.33     0.0 165.4          M      102
================================================================================
AV 66.2 46.9                               9.7 FASTST   M    M   6    MAX(MPH)
                                 MISC ---->  # 24 180               # 37  200
================================================================================
NOTES:
# LAST OF SEVERAL OCCURRENCES

COLUMN 17 PEAK WIND IN M.P.H.

PRELIMINARY LOCAL CLIMATOLOGICAL DATA (WS FORM: F-6) , PAGE 2

                                          STATION:  SOUTH BEND
                                          MONTH:    OCTOBER
                                          YEAR:     2018
                                          LATITUDE:   41 42 N
                                          LONGITUDE:  86 19 W

[TEMPERATURE DATA]      [PRECIPITATION DATA]       SYMBOLS USED IN COLUMN 16

AVERAGE MONTHLY: 56.6   TOTAL FOR MONTH:   3.33    1 = FOG OR MIST
DPTR FM NORMAL:   2.1   DPTR FM NORMAL:    1.47    2 = FOG REDUCING VISIBILITY
HIGHEST:    85 ON  8, 3 GRTST 24HR  0.99 ON  6- 6      TO 1/4 MILE OR LESS
LOWEST:     31 ON 16                               3 = THUNDER
                        SNOW, ICE PELLETS, HAIL    4 = ICE PELLETS
                        TOTAL MONTH:   0.0 INCH    5 = HAIL
                        GRTST 24HR     0.0         6 = FREEZING RAIN OR DRIZZLE
                        GRTST DEPTH:   0           7 = DUSTSTORM OR SANDSTORM:
                                                       VSBY 1/2 MILE OR LESS
                                                   8 = SMOKE OR HAZE
[NO. OF DAYS WITH]      [WEATHER - DAYS WITH]      9 = BLOWING SNOW
                                                   X = TORNADO
MAX 32 OR BELOW:   0    0.01 INCH OR MORE:   8
MAX 90 OR ABOVE:   0    0.10 INCH OR MORE:   5
MIN 32 OR BELOW:   1    0.50 INCH OR MORE:   3
MIN  0 OR BELOW:   0    1.00 INCH OR MORE:   0

[HDD (BASE 65) ]
TOTAL THIS MO.   163    CLEAR  (SCALE 0-3)   3
DPTR FM NORMAL   -23    PTCLDY (SCALE 4-7)   8
TOTAL FM JUL 1   242    CLOUDY (SCALE 8-10)  6
DPTR FM NORMAL   -78

[CDD (BASE 65) ]
TOTAL THIS MO.    23
DPTR FM NORMAL    15    [PRESSURE DATA]
TOTAL FM JAN 1   941    HIGHEST SLP M ON M
DPTR FM NORMAL   169    LOWEST  SLP 29.68 ON 10

[REMARKS]
