000
CXUS55 KLOX 181655
CF6SBP
PRELIMINARY LOCAL CLIMATOLOGICAL DATA (WS FORM: F-6)

                                          STATION:   SAN LUIS OBISPO AIRPORT CA
                                          MONTH:     JULY
                                          YEAR:      2018
                                          LATITUDE:   35 13 N
                                          LONGITUDE: 120 38 W

  TEMPERATURE IN F:       :PCPN:    SNOW:  WIND      :SUNSHINE: SKY     :PK WND
================================================================================
1   2   3   4   5  6A  6B    7    8   9   10  11  12  13   14  15   16   17  18
                                     12Z  AVG MX 2MIN
DY MAX MIN AVG DEP HDD CDD  WTR  SNW DPTH SPD SPD DIR MIN PSBL S-S WX    SPD DR
================================================================================

 1  76  55  66   2   0   1 0.00  0.0    0  5.5 16 260   M    M   1        24 230
 2  74  55  65   0   0   0 0.00  0.0    0  5.2 12 320   M    M   5 1      15 310
 3  69  58  64  -1   1   0 0.00  0.0    0  6.2 13 250   M    M  10 1      18  30
 4  73  55  64  -1   1   0 0.00  0.0    0  5.7 14 310   M    M   6        18 270
 5  82  53  68   3   0   3 0.00  0.0    0  9.7 23 310   M    M   3        27 310
 6 102  59  81  16   0  16 0.00  0.0    0 10.7 31 320   M    M   0        36 320
 7  97  62  80  15   0  15 0.00  0.0    0 13.4 29 320   M    M   0        34 320
 8  97  60  79  14   0  14 0.00  0.0    0 10.8 24 320   M    M   0        28 310
 9  98  65  82  17   0  17 0.00  0.0    0 11.6 23 320   M    M   0        29 330
10  90  60  75  10   0  10 0.00  0.0    0  7.6 21 320   M    M   0        28  60
11  81  54  68   3   0   3 0.00  0.0    0  5.4 14 310   M    M   0        17 290
12  82  55  69   4   0   4 0.00  0.0    0  5.6 16 310   M    M   0        21 310
13  78  56  67   2   0   2 0.00  0.0    0  8.9 20 310   M    M   3 1       M  M
14  75  57  66   0   0   1 0.00  0.0    0 13.8 25 310   M    M   5 1       M  M
15  74  56  65  -1   0   0 0.00  0.0    0 10.4 21 310   M    M   4 1      24 310
16  76  57  67   1   0   2 0.00  0.0    0  9.5  M   M   M    M   4         M  M
17  78  56  67   1   0   2 0.00  0.0    0  7.7 17 310   M    M   4         M  M
================================================================================
SM 1402  973         2  90  0.00     0.0 147.7          M       45
================================================================================
AV 82.5 57.2                               8.7 FASTST   M    M   3    MAX(MPH)
                                 MISC ---->  # 31 320               # 36  320
================================================================================
NOTES:
# LAST OF SEVERAL OCCURRENCES

COLUMN 17 PEAK WIND IN M.P.H.

PRELIMINARY LOCAL CLIMATOLOGICAL DATA (WS FORM: F-6) , PAGE 2

                                          STATION:  SAN LUIS OBISPO AIRPORT CA
                                          MONTH:    JULY
                                          YEAR:     2018
                                          LATITUDE:   35 13 N
                                          LONGITUDE: 120 38 W

[TEMPERATURE DATA]      [PRECIPITATION DATA]       SYMBOLS USED IN COLUMN 16

AVERAGE MONTHLY: 69.9   TOTAL FOR MONTH:   0.00    1 = FOG OR MIST
DPTR FM NORMAL:   4.7   DPTR FM NORMAL:   -0.01    2 = FOG REDUCING VISIBILITY
HIGHEST:   102 ON  6    GRTST 24HR  0.00 ON 17-17      TO 1/4 MILE OR LESS
LOWEST:     53 ON  5                               3 = THUNDER
                        SNOW, ICE PELLETS, HAIL    4 = ICE PELLETS
                        TOTAL MONTH:   0.0 INCH    5 = HAIL
                        GRTST 24HR     0.0         6 = FREEZING RAIN OR DRIZZLE
                        GRTST DEPTH:   0           7 = DUSTSTORM OR SANDSTORM:
                                                       VSBY 1/2 MILE OR LESS
                                                   8 = SMOKE OR HAZE
[NO. OF DAYS WITH]      [WEATHER - DAYS WITH]      9 = BLOWING SNOW
                                                   X = TORNADO
MAX 32 OR BELOW:   0    0.01 INCH OR MORE:   0
MAX 90 OR ABOVE:   5    0.10 INCH OR MORE:   0
MIN 32 OR BELOW:   0    0.50 INCH OR MORE:   0
MIN  0 OR BELOW:   0    1.00 INCH OR MORE:   0

[HDD (BASE 65) ]
TOTAL THIS MO.     2    CLEAR  (SCALE 0-3)  10
DPTR FM NORMAL   -15    PTCLDY (SCALE 4-7)   6
TOTAL FM JUL 1     2    CLOUDY (SCALE 8-10)  1
DPTR FM NORMAL   -15

[CDD (BASE 65) ]
TOTAL THIS MO.    90
DPTR FM NORMAL    69    [PRESSURE DATA]
TOTAL FM JAN 1   136    HIGHEST SLP M ON M
DPTR FM NORMAL    69    LOWEST  SLP 29.74 ON  6

[REMARKS]
