000
CXUS55 KLOX 181655
CF6SBP
PRELIMINARY LOCAL CLIMATOLOGICAL DATA (WS FORM: F-6)

                                          STATION:   SAN LUIS OBISPO AIRPORT CA
                                          MONTH:     OCTOBER
                                          YEAR:      2018
                                          LATITUDE:   35 13 N
                                          LONGITUDE: 120 38 W

  TEMPERATURE IN F:       :PCPN:    SNOW:  WIND      :SUNSHINE: SKY     :PK WND
================================================================================
1   2   3   4   5  6A  6B    7    8   9   10  11  12  13   14  15   16   17  18
                                     12Z  AVG MX 2MIN
DY MAX MIN AVG DEP HDD CDD  WTR  SNW DPTH SPD SPD DIR MIN PSBL S-S WX    SPD DR
================================================================================

 1  85  50  68   3   0   3 0.00  0.0    0  4.4 21 320   M    M   4 12     24 310
 2  77  51  64   0   1   0 0.00  0.0    0  3.2 15 220   M    M   5 1      18 220
 3  73  62  68   4   0   3 0.50  0.0    0  4.6 15 160   M    M   9 1      19 180
 4  75  60  68   4   0   3    T  0.0    0  6.4 21 310   M    M   8 1      24 320
 5  79  56  68   4   0   3 0.00  0.0    0  9.2 29 320   M    M   2        34 320
 6  78  55  67   3   0   2 0.00  0.0    0 11.3 25 320   M    M   0        30 310
 7  83  47  65   1   0   0 0.00  0.0    0  6.1 25 320   M    M   0        30 320
 8  76  48  62  -2   3   0 0.00  0.0    0  4.2 15 210   M    M   1 12     19 220
 9  72  51  62  -2   3   0 0.00  0.0    0  4.5 15 320   M    M   8 12     17 320
10  68  58  63  -1   2   0 0.00  0.0    0  5.5 16 250   M    M  10        19 250
11  70  51  61  -2   4   0 0.00  0.0    0  3.5 14 310   M    M   7        17 320
12  89  50  70   7   0   5 0.00  0.0    0  5.9 20  70   M    M   4        25  80
13  74  51  63   0   2   0 0.00  0.0    0  5.0 14 210   M    M   3        17 210
14  72  51  62  -1   3   0 0.00  0.0    0  4.7 16 310   M    M   4        20 300
15  79  47  63   0   2   0 0.00  0.0    0  5.6 21 310   M    M   2 12     24 310
16  82  45  64   1   1   0 0.00  0.0    0  6.8 22 310   M    M   0        26 320
17  81  48  65   2   0   0 0.00  0.0    0  4.0 16 310   M    M   3 12     18 310
================================================================================
SM 1313  881        21  19  0.50     0.0  94.9          M       70
================================================================================
AV 77.2 51.8                               5.6 FASTST   M    M   4    MAX(MPH)
                                 MISC ---->  # 29 320               # 34  320
================================================================================
NOTES:
# LAST OF SEVERAL OCCURRENCES

COLUMN 17 PEAK WIND IN M.P.H.

PRELIMINARY LOCAL CLIMATOLOGICAL DATA (WS FORM: F-6) , PAGE 2

                                          STATION:  SAN LUIS OBISPO AIRPORT CA
                                          MONTH:    OCTOBER
                                          YEAR:     2018
                                          LATITUDE:   35 13 N
                                          LONGITUDE: 120 38 W

[TEMPERATURE DATA]      [PRECIPITATION DATA]       SYMBOLS USED IN COLUMN 16

AVERAGE MONTHLY: 64.5   TOTAL FOR MONTH:   0.50    1 = FOG OR MIST
DPTR FM NORMAL:   0.9   DPTR FM NORMAL:    0.16    2 = FOG REDUCING VISIBILITY
HIGHEST:    89 ON 12    GRTST 24HR  0.50 ON  3- 3      TO 1/4 MILE OR LESS
LOWEST:     45 ON 16                               3 = THUNDER
                        SNOW, ICE PELLETS, HAIL    4 = ICE PELLETS
                        TOTAL MONTH:   0.0 INCH    5 = HAIL
                        GRTST 24HR     0.0         6 = FREEZING RAIN OR DRIZZLE
                        GRTST DEPTH:   0           7 = DUSTSTORM OR SANDSTORM:
                                                       VSBY 1/2 MILE OR LESS
                                                   8 = SMOKE OR HAZE
[NO. OF DAYS WITH]      [WEATHER - DAYS WITH]      9 = BLOWING SNOW
                                                   X = TORNADO
MAX 32 OR BELOW:   0    0.01 INCH OR MORE:   1
MAX 90 OR ABOVE:   0    0.10 INCH OR MORE:   1
MIN 32 OR BELOW:   0    0.50 INCH OR MORE:   1
MIN  0 OR BELOW:   0    1.00 INCH OR MORE:   0

[HDD (BASE 65) ]
TOTAL THIS MO.    21    CLEAR  (SCALE 0-3)   7
DPTR FM NORMAL   -26    PTCLDY (SCALE 4-7)   8
TOTAL FM JUL 1    65    CLOUDY (SCALE 8-10)  2
DPTR FM NORMAL   -57

[CDD (BASE 65) ]
TOTAL THIS MO.    19
DPTR FM NORMAL    -4    [PRESSURE DATA]
TOTAL FM JAN 1   347    HIGHEST SLP M ON M
DPTR FM NORMAL    81    LOWEST  SLP 29.67 ON 12

[REMARKS]
