000
CXUS51 KAKQ 210702
CF6SBY
PRELIMINARY LOCAL CLIMATOLOGICAL DATA (WS FORM: F-6)

                                          STATION:   SALISBURY MD
                                          MONTH:     NOVEMBER
                                          YEAR:      2018
                                          LATITUDE:   38 20 N
                                          LONGITUDE:  75 30 W

  TEMPERATURE IN F:       :PCPN:    SNOW:  WIND      :SUNSHINE: SKY     :PK WND
================================================================================
1   2   3   4   5  6A  6B    7    8   9   10  11  12  13   14  15   16   17  18
                                     12Z  AVG MX 2MIN
DY MAX MIN AVG DEP HDD CDD  WTR  SNW DPTH SPD SPD DIR MIN PSBL S-S WX    SPD DR
================================================================================

 1  73  61  67  15   0   2 0.00  0.0    0 12.7 21 210   M    M   1        33 180
 2  72  65  69  17   0   4 0.09  0.0    0 14.5 25 250   M    M   7 1      34 190
 3  65  40  53   1  12   0 0.42  0.0    0  9.0 25 270   M    M   4 1      34 260
 4  60  35  48  -4  17   0 0.00  0.0    0  3.9 12 110   M    M   0        15  80
 5  63  52  58   6   7   0 0.55  0.0    0  8.7 23 110   M    M   9 1      32  90
 6  75  55  65  14   0   0 0.10  0.0    0  8.0 21 290   M    M   8 1      28 220
 7  68  45  57   6   8   0 0.00  0.0    0  2.7 10 270   M    M   1 18     14 260
 8  58  46  52   1  13   0 0.00  0.0    0  6.2 16  10   M    M   5        19  10
 9  60  45  53   3  12   0 0.70  0.0    0  9.5 22 110   M    M   8 1      26 110
10  54  29  42  -8  23   0    T  0.0    0 13.2 28 310   M    M   3        40 320
11  49  28  39 -11  26   0 0.00  0.0    0  3.5  9  30   M    M   0        13 330
12  52  28  40 -10  25   0 0.38  0.0    0  3.1  9 120   M    M   4 1      20 210
13  65  45  55   6  10   0 0.29  0.0    0 10.8 20 180   M    M   9 1      29 170
14  45  38  42  -7  23   0 0.00  0.0    0  8.5 18 320   M    M   1        24 310
15  55  37  46  -2  19   0 0.72  0.0    0 14.5 29  60   M    M   8 1      42  70
16  55  36  46  -2  19   0 0.00  0.0    0 11.9 31 250   M    M   2 1      40 260
17  50  31  41  -7  24   0 0.00  0.0    0  3.1 15 320   M    M   1        20 320
18  55  30  43  -5  22   0 0.00  0.0    0  3.1 11 130   M    M   2        16 140
19  58  35  47   0  18   0 0.00  0.0    0  3.5 12 190   M    M   2 12     14 210
20  57  38  48   1  17   0 0.00  0.0    0  8.9 20 320   M    M   6 1      26 320
================================================================================
SM 1189  819       295   6  3.25     0.0 159.3          M       81
================================================================================
AV 59.5 41.0                               8.0 FASTST   M    M   4    MAX(MPH)
                                 MISC ---->  # 31 250               # 42   70
================================================================================
NOTES:
# LAST OF SEVERAL OCCURRENCES

COLUMN 17 PEAK WIND IN M.P.H.

PRELIMINARY LOCAL CLIMATOLOGICAL DATA (WS FORM: F-6) , PAGE 2

                                          STATION:  SALISBURY MD
                                          MONTH:    NOVEMBER
                                          YEAR:     2018
                                          LATITUDE:   38 20 N
                                          LONGITUDE:  75 30 W

[TEMPERATURE DATA]      [PRECIPITATION DATA]       SYMBOLS USED IN COLUMN 16

AVERAGE MONTHLY: 50.2   TOTAL FOR MONTH:   3.25    1 = FOG OR MIST
DPTR FM NORMAL:   0.4   DPTR FM NORMAL:    1.01    2 = FOG REDUCING VISIBILITY
HIGHEST:    75 ON  6    GRTST 24HR  0.72 ON 15-15      TO 1/4 MILE OR LESS
LOWEST:     28 ON 12,11                            3 = THUNDER
                        SNOW, ICE PELLETS, HAIL    4 = ICE PELLETS
                        TOTAL MONTH:   0.0 INCH    5 = HAIL
                        GRTST 24HR     0.0         6 = FREEZING RAIN OR DRIZZLE
                        GRTST DEPTH:   0           7 = DUSTSTORM OR SANDSTORM:
                                                       VSBY 1/2 MILE OR LESS
                                                   8 = SMOKE OR HAZE
[NO. OF DAYS WITH]      [WEATHER - DAYS WITH]      9 = BLOWING SNOW
                                                   X = TORNADO
MAX 32 OR BELOW:   0    0.01 INCH OR MORE:   8
MAX 90 OR ABOVE:   0    0.10 INCH OR MORE:   7
MIN 32 OR BELOW:   5    0.50 INCH OR MORE:   3
MIN  0 OR BELOW:   0    1.00 INCH OR MORE:   0

[HDD (BASE 65) ]
TOTAL THIS MO.   295    CLEAR  (SCALE 0-3)   9
DPTR FM NORMAL   -11    PTCLDY (SCALE 4-7)   7
TOTAL FM JUL 1   537    CLOUDY (SCALE 8-10)  4
DPTR FM NORMAL   -82

[CDD (BASE 65) ]
TOTAL THIS MO.     6
DPTR FM NORMAL     6    [PRESSURE DATA]
TOTAL FM JAN 1  1677    HIGHEST SLP 30.44 ON 15
DPTR FM NORMAL   527    LOWEST  SLP 29.62 ON 15

[REMARKS]
