000
CXUS53 KLMK 210800
CF6SDF
PRELIMINARY LOCAL CLIMATOLOGICAL DATA (WS FORM: F-6)

                                          STATION:   LOUISVILLE KY
                                          MONTH:     OCTOBER
                                          YEAR:      2018
                                          LATITUDE:   38 10 N
                                          LONGITUDE:  85 44 W

  TEMPERATURE IN F:       :PCPN:    SNOW:  WIND      :SUNSHINE: SKY     :PK WND
================================================================================
1   2   3   4   5  6A  6B    7    8   9   10  11  12  13   14  15   16   17  18
                                     12Z  AVG MX 2MIN
DY MAX MIN AVG DEP HDD CDD  WTR  SNW DPTH SPD SPD DIR MIN PSBL S-S WX    SPD DR
================================================================================

 1  87  63  75  10   0  10    T  0.0    0  5.3 14 210   M    M   5        22 170
 2  87  73  80  16   0  15 0.00  0.0    0  7.9 14 220   M    M   6 8      22 220
 3  88  70  79  15   0  14 0.00  0.0    0  7.9 16 220   M    M   4        24 210
 4  87  71  79  15   0  14    T  0.0    0  8.7 17  10   M    M   6        21  10
 5  92  70  81  18   0  16 0.26  0.0    0  7.2 16 260   M    M   7 1      23 240
 6  90  72  81  18   0  16 0.00  0.0    0  6.4 16 240   M    M   2        23 220
 7  90  70  80  18   0  15 0.00  0.0    0  2.8 10 150   M    M   3 18     16 160
 8  89  72  81  19   0  16    T  0.0    0  6.8 16 160   M    M   3        22 190
 9  88  72  80  18   0  15 0.00  0.0    0  8.8 18 160   M    M   5        25 160
10  83  71  77  16   0  12 0.13  0.0    0  8.1 18 160   M    M   9 1      26 170
11  74  49  62   1   3   0 0.00  0.0    0 12.2 20 280   M    M   5 8      27 290
12  60  42  51 -10  14   0 0.16  0.0    0  6.8 15 300   M    M   6 1      21 290
13  52  41  47 -13  18   0    T  0.0    0  6.7 13 330   M    M   9        17 140
14  60  48  54  -6  11   0 0.30  0.0    0  3.4  9 120   M    M   9 1      13 110
15  61  46  54  -6  11   0 0.19  0.0    0  8.2 16 320   M    M   8 1      22 310
16  54  43  49 -10  16   0 0.00  0.0    0  5.2  8 220   M    M   8        13 350
17  65  43  54  -5  11   0 0.00  0.0    0  9.4 18 270   M    M   3        25 290
18  60  41  51  -8  14   0 0.00  0.0    0  4.8 13 100   M    M   4        17  40
19  65  38  52  -6  13   0 0.19  0.0    0  5.0 14 250   M    M   5 1      21 230
20  66  41  54  -4  11   0    T  0.0    0 16.2 36 340   M    M   5 1      50 350
================================================================================
SM 1498 1136       122 143  1.23     0.0 147.8          M      112
================================================================================
AV 74.9 56.8                               7.4 FASTST   M    M   6    MAX(MPH)
                                 MISC ---->  # 36 340               # 50  350
================================================================================
NOTES:
# LAST OF SEVERAL OCCURRENCES

COLUMN 17 PEAK WIND IN M.P.H.

PRELIMINARY LOCAL CLIMATOLOGICAL DATA (WS FORM: F-6) , PAGE 2

                                          STATION:  LOUISVILLE KY
                                          MONTH:    OCTOBER
                                          YEAR:     2018
                                          LATITUDE:   38 10 N
                                          LONGITUDE:  85 44 W

[TEMPERATURE DATA]      [PRECIPITATION DATA]       SYMBOLS USED IN COLUMN 16

AVERAGE MONTHLY: 65.9   TOTAL FOR MONTH:   1.23    1 = FOG OR MIST
DPTR FM NORMAL:   4.6   DPTR FM NORMAL:   -0.87    2 = FOG REDUCING VISIBILITY
HIGHEST:    92 ON  5    GRTST 24HR  0.30 ON 14-14      TO 1/4 MILE OR LESS
LOWEST:     38 ON 19                               3 = THUNDER
                        SNOW, ICE PELLETS, HAIL    4 = ICE PELLETS
                        TOTAL MONTH:   0.0 INCH    5 = HAIL
                        GRTST 24HR     0.0         6 = FREEZING RAIN OR DRIZZLE
                        GRTST DEPTH:   0           7 = DUSTSTORM OR SANDSTORM:
                                                       VSBY 1/2 MILE OR LESS
                                                   8 = SMOKE OR HAZE
[NO. OF DAYS WITH]      [WEATHER - DAYS WITH]      9 = BLOWING SNOW
                                                   X = TORNADO
MAX 32 OR BELOW:   0    0.01 INCH OR MORE:   6
MAX 90 OR ABOVE:   3    0.10 INCH OR MORE:   6
MIN 32 OR BELOW:   0    0.50 INCH OR MORE:   0
MIN  0 OR BELOW:   0    1.00 INCH OR MORE:   0

[HDD (BASE 65) ]
TOTAL THIS MO.   122    CLEAR  (SCALE 0-3)   4
DPTR FM NORMAL    12    PTCLDY (SCALE 4-7)  11
TOTAL FM JUL 1   130    CLOUDY (SCALE 8-10)  5
DPTR FM NORMAL   -10

[CDD (BASE 65) ]
TOTAL THIS MO.   143
DPTR FM NORMAL   108    [PRESSURE DATA]
TOTAL FM JAN 1  2188    HIGHEST SLP M ON M
DPTR FM NORMAL   586    LOWEST  SLP 29.73 ON 11

[REMARKS]
