000
CXUS56 KTFX 190915
CF6SDY
18
PRELIMINARY LOCAL CLIMATOLOGICAL DATA (WS FORM: F-6)

                                          STATION:   SIDNEY APT MT
                                          MONTH:     October
                                          YEAR:      2018
                                          LATITUDE:   47.72  N
                                          LONGITUDE: 104.18  W

  TEMPERATURE IN F:       :PCPN:    SNOW:  WIND      :SUNSHINE: SKY     :PK WND
================================================================================
1   2   3   4   5  6A  6B    7    8   9   10  11  12  13   14  15   16   17  18
                                     12Z  AVG MX 2MIN
DY MAX MIN AVG DEP HDD CDD  WTR  SNW DPTH SPD SPD DIR MIN PSBL S-S WX    SPD DR
================================================================================

01  59  37  48  -5  17   0  0.01  M    M  5.7  M   M   M    M   M        18  360
02  41  26  33 -20  32   0 T      M    M  6.3  M   M   M    M   M        M     M
03  44  21  32 -20  33   0 T      M    M 12.5  M   M   M    M   M        29  360
04  42  27  34 -18  31   0 T      M    M  8.8  M   M   M    M   M        28  350
05  53  24  38 -14  27   0 T      M    M  5.8  M   M   M    M   M        M     M
06  47  29  38 -13  27   0  0.00  M    M  3.7  M   M   M    M   M        M     M
07  46  28  37 -14  28   0  0.00  M    M  4.7  M   M   M    M   M        M     M
08  41  32  36 -14  29   0  0.01  M    M  3.0  M   M   M    M   M        M     M
09  40  32  36 -14  29   0 T      M    M  8.9  M   M   M    M   M        M     M
10  38  22  30 -20  35   0  0.00  M    M  9.3  M   M   M    M   M        M     M
11  42  16  29 -20  36   0  0.00  M    M  3.6  M   M   M    M   M        M     M
12  61  26  43  -6  22   0  0.00  M    M 11.4  M   M   M    M   M        32  310
13  45  28  36 -12  29   0 T      M    M 17.1  M   M   M    M   M        37  340
14  40  19  29 -19  36   0 T      M    M 14.7  M   M   M    M   M        26  320
15  64  18  41  -7  24   0  0.00  M    M 12.1  M   M   M    M   M        33  340
16  59  35  47   0  18   0  0.00  M    M 10.0  M   M   M    M   M        28  340
17  70  27  48   1  17   0  0.00  M    M  4.5  M   M   M    M   M        M     M
18  72  34  53   7  12   0  0.00  M    M 10.3  M   M   M    M   M        17  310
================================================================================
SM 904 481         482  0  0.02         152.4
================================================================================
AV 50.2 26.7                              8.5                        MAX(MPH)
                                                                      37

[TEMPERATURE DATA]      [PRECIPITATION DATA]

Average Monthly:  38.5  Total for Month:  0.02
Dptr fm Normal:    -11.6  Dptr fm Normal:  -0.68
