745
CXUS56 KTFX 190915
CF6SDY
18
PRELIMINARY LOCAL CLIMATOLOGICAL DATA (WS FORM: F-6)

                                          STATION:   SIDNEY APT MT
                                          MONTH:     July
                                          YEAR:      2018
                                          LATITUDE:   47.72  N
                                          LONGITUDE: 104.18  W

  TEMPERATURE IN F:       :PCPN:    SNOW:  WIND      :SUNSHINE: SKY     :PK WND
================================================================================
1   2   3   4   5  6A  6B    7    8   9   10  11  12  13   14  15   16   17  18
                                     12Z  AVG MX 2MIN
DY MAX MIN AVG DEP HDD CDD  WTR  SNW DPTH SPD SPD DIR MIN PSBL S-S WX    SPD DR
================================================================================

01  81  53  67  -3   0   2  0.04  M    M 10.5  M   M   M    M   M        28  340
02  77  56  66  -4   0   1 T      M    M  5.5  M   M   M    M   M        M     M
03  75  50  62  -8   3   0  0.55  M    M  7.8  M   M   M    M   M        40  350
04  81  49  65  -5   0   0  0.00  M    M 12.8  M   M   M    M   M        40  320
05  93  59  76   5   0  11  0.00  M    M  4.9  M   M   M    M   M        M     M
06  94  65  79   8   0  14  0.00  M    M  7.0  M   M   M    M   M        20  220
07  88  64  76   5   0  11  0.00  M    M  5.0  M   M   M    M   M        M     M
08  94  65  79   8   0  14 T      M    M  5.6  M   M   M    M   M        23  360
09  97  66  81  10   0  16  0.00  M    M  8.8  M   M   M    M   M        20  360
10  86  60  73   2   0   8  0.00  M    M  7.8  M   M   M    M   M        26  330
11  85  63  74   2   0   9 T      M    M 12.5  M   M   M    M   M        31  350
12  96  58  77   5   0  12  0.00  M    M  4.7  M   M   M    M   M        17  320
13  95  58  76   4   0  11  0.00  M    M  6.4  M   M   M    M   M        M     M
14  83  49  66  -6   0   1  0.00  M    M 12.9  M   M   M    M   M        30  360
15  86  49  67  -5   0   2  0.00  M    M  5.3  M   M   M    M   M        18  360
16  93  53  73   1   0   8  0.00  M    M  6.6  M   M   M    M   M        M     M
17  88  62  75   2   0  10  0.06  M    M  5.4  M   M   M    M   M        18  360
18  87  62  74   1   0   9 T      M    M  6.3  M   M   M    M   M        M     M
================================================================================
SM 1579 1041         3  139  0.65         135.8
================================================================================
AV 87.7 57.8                              7.5                        MAX(MPH)
                                                                      40

[TEMPERATURE DATA]      [PRECIPITATION DATA]

Average Monthly:  72.8  Total for Month:  0.65
Dptr fm Normal:    1.2  Dptr fm Normal:  -1.02
