000
CXUS53 KLSX 161600
CF6SET
PRELIMINARY LOCAL CLIMATOLOGICAL DATA (WS FORM: F-6)

                                          STATION:   ST_CHARLES MO
                                          MONTH:     OCTOBER
                                          YEAR:      2018
                                          LATITUDE:   38 55 N
                                          LONGITUDE:  90 26 W

  TEMPERATURE IN F:       :PCPN:    SNOW:  WIND      :SUNSHINE: SKY     :PK WND
================================================================================
1   2   3   4   5  6A  6B    7    8   9   10  11  12  13   14  15   16   17  18
                                     12Z  AVG MX 2MIN
DY MAX MIN AVG DEP HDD CDD  WTR  SNW DPTH SPD SPD DIR MIN PSBL S-S WX    SPD DR
================================================================================

 1  87  57  72  10   0   7 0.00  0.0    0  6.5 20 210   M    M   3 1      30 170
 2  90  63  77  16   0  12 0.00  0.0    0  4.7 16 240   M    M   2 12     23 260
 3  93  66  80  19   0  15 0.00  0.0    0 12.0 28 210   M    M   2        39 180
 4  80  62  71  11   0   6 0.14  0.0    0  8.1 17 360   M    M  10 13     23 350
 5  89  63  76  16   0  11 0.05  0.0    0  7.6 17 220   M    M   3 13     23 200
 6  89  67  78  18   0  13 0.29  0.0    0  7.9 31 330   M    M   4 13     41 320
 7  88  65  77  18   0  12 0.84  0.0    0  8.6 31 210   M    M   8 1238   42 210
 8  87  64  76  17   0  11 0.00  0.0    0  8.4 21 170   M    M   0        27 210
 9  87  68  78  19   0  13 0.00  0.0    0 12.7 23 160   M    M   3        29 160
10  77  53  65   7   0   0 0.40  0.0    0 13.7 25 270   M    M   9 1      34 280
11  59  44  52  -6  13   0 0.00  0.0    0 12.2 23 300   M    M   4        32 300
12  46  37  42 -16  23   0 0.18  0.0    0  2.8 10  30   M    M   7 1      12  30
13  50  41  46 -11  19   0 0.00  0.0    0  6.5 12 180   M    M  10        16 200
14  59  48  54  -3  11   0 0.10  0.0    0  6.2 13 340   M    M  10 1      17 300
15  51  38  45 -12  20   0    T    M    0  9.0 21 340   M    M   5 1      29 340
================================================================================
SM 1132  836        86 100  2.00     0.0 126.9          M       80
================================================================================
AV 75.5 55.7                               8.5 FASTST   M    M   5    MAX(MPH)
                                 MISC ---->  # 31 330               # 42  210
================================================================================
NOTES:
# LAST OF SEVERAL OCCURRENCES

COLUMN 17 PEAK WIND IN M.P.H.

PRELIMINARY LOCAL CLIMATOLOGICAL DATA (WS FORM: F-6) , PAGE 2

                                          STATION:  ST_CHARLES MO
                                          MONTH:    OCTOBER
                                          YEAR:     2018
                                          LATITUDE:   38 55 N
                                          LONGITUDE:  90 26 W

[TEMPERATURE DATA]      [PRECIPITATION DATA]       SYMBOLS USED IN COLUMN 16

AVERAGE MONTHLY: 65.6   TOTAL FOR MONTH:   2.00    1 = FOG OR MIST
DPTR FM NORMAL:   6.5   DPTR FM NORMAL:    0.44    2 = FOG REDUCING VISIBILITY
HIGHEST:    93 ON  3    GRTST 24HR  0.84 ON  7- 7      TO 1/4 MILE OR LESS
LOWEST:     37 ON 12                               3 = THUNDER
                        SNOW, ICE PELLETS, HAIL    4 = ICE PELLETS
                        TOTAL MONTH:   0.0 INCH    5 = HAIL
                        GRTST 24HR     0.0         6 = FREEZING RAIN OR DRIZZLE
                        GRTST DEPTH:   0           7 = DUSTSTORM OR SANDSTORM:
                                                       VSBY 1/2 MILE OR LESS
                                                   8 = SMOKE OR HAZE
[NO. OF DAYS WITH]      [WEATHER - DAYS WITH]      9 = BLOWING SNOW
                                                   X = TORNADO
MAX 32 OR BELOW:   0    0.01 INCH OR MORE:   7
MAX 90 OR ABOVE:   2    0.10 INCH OR MORE:   6
MIN 32 OR BELOW:   0    0.50 INCH OR MORE:   1
MIN  0 OR BELOW:   0    1.00 INCH OR MORE:   0

[HDD (BASE 65) ]
TOTAL THIS MO.    86    CLEAR  (SCALE 0-3)   6
DPTR FM NORMAL   -22    PTCLDY (SCALE 4-7)   5
TOTAL FM JUL 1    99    CLOUDY (SCALE 8-10)  4
DPTR FM NORMAL   -61

[CDD (BASE 65) ]
TOTAL THIS MO.   100
DPTR FM NORMAL    80    [PRESSURE DATA]
TOTAL FM JAN 1  1931    HIGHEST SLP M ON M
DPTR FM NORMAL   592    LOWEST  SLP 29.67 ON 10

[REMARKS]
