000
CXUS56 KOTX 190900
CF6SFF
PRELIMINARY LOCAL CLIMATOLOGICAL DATA (WS FORM: F-6)

                                          STATION:   SPOKANE WA FELTS AIRPORT
                                          MONTH:     OCTOBER
                                          YEAR:      2018
                                          LATITUDE:   47 40 N
                                          LONGITUDE: 117 20 W

  TEMPERATURE IN F:       :PCPN:    SNOW:  WIND      :SUNSHINE: SKY     :PK WND
================================================================================
1   2   3   4   5  6A  6B    7    8   9   10  11  12  13   14  15   16   17  18
                                     12Z  AVG MX 2MIN
DY MAX MIN AVG DEP HDD CDD  WTR  SNW DPTH SPD SPD DIR MIN PSBL S-S WX    SPD DR
================================================================================

 1  70  46  58   4   7   0 0.00    M    M  1.7 16 210   M    M   9        18 210
 2  69  41  55   1  10   0 0.02    M    M 12.1 29 230   M    M   8 8      39 230
 3  58  31  45  -8  20   0 0.00    M    M  2.4  9 250   M    M   0        12 250
 4  58  41  50  -3  15   0 0.00    M    M  2.7 14 240   M    M   3        20 220
 5  60  34  47  -6  18   0 0.11    M    M  3.2 17 220   M    M   6 1      22 220
 6  57  40  49  -3  16   0 0.08    M    M  1.6 10 350   M    M   7        13 340
 7  54  35  45  -7  20   0 0.00    M    M  1.1  6  70   M    M   7 1       8  90
 8  56  45  51   0  14   0 0.12    M    M  1.0  7 330   M    M  10 1      11 330
 9  57  45  51   0  14   0 0.31    M    M  5.0 21  60   M    M   8 18     26  70
10  59  35  47  -3  18   0 0.00    M    M  1.0 12  80   M    M   3        13  70
11  60  31  46  -4  19   0 0.00    M    M  2.7 16 240   M    M   1 1      19 230
12  65  38  52   2  13   0 0.00    M    M  4.2 16 350   M    M   1        29 340
13  57  34  46  -3  19   0    T    M    M  3.5 24  70   M    M   3        31  70
14  58  30  44  -5  21   0 0.00    M    M  2.5 14 230   M    M   0 1      17 220
15  62  31  47  -1  18   0 0.00    M    M  2.0  8  70   M    M   0         9 240
16  63  31  47  -1  18   0 0.00    M    M  1.2  6 240   M    M   0         7 330
17  65  33  49   1  16   0 0.00    M    M  1.3  7 220   M    M   0 1       8 230
18  64  34  49   2  16   0 0.00    M    M  2.2  8 340   M    M   0 1      10 340
================================================================================
SM 1092  655       292   0  0.64    M     51.4          M       66
================================================================================
AV 60.7 36.4                               2.9 FASTST   M    M   4    MAX(MPH)
                                 MISC ---->  # 29 230               # 39  230
================================================================================
NOTES:
# LAST OF SEVERAL OCCURRENCES

COLUMN 17 PEAK WIND IN M.P.H.

PRELIMINARY LOCAL CLIMATOLOGICAL DATA (WS FORM: F-6) , PAGE 2

                                          STATION:  SPOKANE WA FELTS AIRPORT
                                          MONTH:    OCTOBER
                                          YEAR:     2018
                                          LATITUDE:   47 40 N
                                          LONGITUDE: 117 20 W

[TEMPERATURE DATA]      [PRECIPITATION DATA]       SYMBOLS USED IN COLUMN 16

AVERAGE MONTHLY: 48.5   TOTAL FOR MONTH:   0.64    1 = FOG OR MIST
DPTR FM NORMAL:  -2.1   DPTR FM NORMAL:   -0.04    2 = FOG REDUCING VISIBILITY
HIGHEST:    70 ON  1    GRTST 24HR  0.31 ON  9- 9      TO 1/4 MILE OR LESS
LOWEST:     30 ON 14                               3 = THUNDER
                        SNOW, ICE PELLETS, HAIL    4 = ICE PELLETS
                        TOTAL MONTH:    M          5 = HAIL
                        GRTST 24HR    M  ON   M    6 = FREEZING RAIN OR DRIZZLE
                        GRTST DEPTH:  M  ON   M    7 = DUSTSTORM OR SANDSTORM:
                                                       VSBY 1/2 MILE OR LESS
                                                   8 = SMOKE OR HAZE
[NO. OF DAYS WITH]      [WEATHER - DAYS WITH]      9 = BLOWING SNOW
                                                   X = TORNADO
MAX 32 OR BELOW:   0    0.01 INCH OR MORE:   5
MAX 90 OR ABOVE:   0    0.10 INCH OR MORE:   3
MIN 32 OR BELOW:   5    0.50 INCH OR MORE:   0
MIN  0 OR BELOW:   0    1.00 INCH OR MORE:   0

[HDD (BASE 65) ]
TOTAL THIS MO.   292    CLEAR  (SCALE 0-3)  11
DPTR FM NORMAL    33    PTCLDY (SCALE 4-7)   4
TOTAL FM JUL 1   462    CLOUDY (SCALE 8-10)  3
DPTR FM NORMAL    -8

[CDD (BASE 65) ]
TOTAL THIS MO.     0
DPTR FM NORMAL     0    [PRESSURE DATA]
TOTAL FM JAN 1   574    HIGHEST SLP M ON M
DPTR FM NORMAL   168    LOWEST  SLP 29.57 ON  2

[REMARKS]
