000
CXUS56 KMFR 201000
CF6SIY
PRELIMINARY LOCAL CLIMATOLOGICAL DATA (WS FORM: F-6)

                                          STATION:   MONTAGUE CA
                                          MONTH:     JULY
                                          YEAR:      2018
                                          LATITUDE:   41 46 N
                                          LONGITUDE: 122 28 W

  TEMPERATURE IN F:       :PCPN:    SNOW:  WIND      :SUNSHINE: SKY     :PK WND
================================================================================
1   2   3   4   5  6A  6B    7    8   9   10  11  12  13   14  15   16   17  18
                                     12Z  AVG MX 2MIN
DY MAX MIN AVG DEP HDD CDD  WTR  SNW DPTH SPD SPD DIR MIN PSBL S-S WX    SPD DR
================================================================================

 1  92  50  71   2   0   6 0.00    M    M  9.2 28 350   M    M   0        32 350
 2  86  52  69  -1   0   4 0.00    M    M 11.9 25  20   M    M   0        30  10
 3  84  48  66  -4   0   1 0.00    M    M  9.4 20 360   M    M   0        24  10
 4  87  50  69  -1   0   4 0.00    M    M 11.5 29 160   M    M   0        34 170
 5  87  46  67  -4   0   2 0.00    M    M 11.5 29 160   M    M   0        35 180
 6  87  52  70  -1   0   5 0.00    M    M  9.8 24 180   M    M   1 8      29 180
 7  89  47  68  -3   0   3 0.00    M    M  6.0 20  10   M    M   4 8      24  10
 8  92  51  72   0   0   7 0.00    M    M  5.7 17 330   M    M   0 8      22 340
 9  93  51  72   0   0   7 0.00    M    M  6.3 21 300   M    M   0 8      28 290
10  90  51  71  -1   0   6 0.00    M    M  8.9 20 350   M    M   0        25  30
11  97  55  76   4   0  11 0.00    M    M  6.6 20 350   M    M   0        24 340
12 103  59  81   8   0  16 0.00    M    M  5.8 18 360   0    0   0         M  M
13  96  61  79   6   0  14    T    M    M  5.8 16 290   M    M   1 8      20 300
14 102  64  83  10   0  18    T    M    M  5.9 22 220   M    M   0 38     40 240
15  91  61  76   3   0  11 0.08    M    M  5.3 28 320   M    M   1 3      32 320
16 100  56  78   5   0  13    T    M    M  4.9 41 180   M    M   1 3      52 180
17 102  60  81   7   0  16 0.00    M    M  5.7 22 340   M    M   0        29 350
18 100  58  79   5   0  14 0.00    M    M  8.2 22  10   M    M   0 8      26 360
19  99  59  79   5   0  14 0.00    M    M  9.0 21  10   M    M   0 8      25  20
================================================================================
SM 1777 1031         0 172  0.08    M    147.4            0      8
================================================================================
AV 93.5 54.3                               7.8 FASTST    0   0   0    MAX(MPH)
                                 MISC ---->  # 41 180               # 52  180
================================================================================
NOTES:
# LAST OF SEVERAL OCCURRENCES

COLUMN 17 PEAK WIND IN M.P.H.

PRELIMINARY LOCAL CLIMATOLOGICAL DATA (WS FORM: F-6) , PAGE 2

                                          STATION:  MONTAGUE CA
                                          MONTH:    JULY
                                          YEAR:     2018
                                          LATITUDE:   41 46 N
                                          LONGITUDE: 122 28 W

[TEMPERATURE DATA]      [PRECIPITATION DATA]       SYMBOLS USED IN COLUMN 16

AVERAGE MONTHLY: 73.9   TOTAL FOR MONTH:   0.08    1 = FOG OR MIST
DPTR FM NORMAL:   1.9   DPTR FM NORMAL:   -0.10    2 = FOG REDUCING VISIBILITY
HIGHEST:   103 ON 12    GRTST 24HR  0.08 ON 15-15      TO 1/4 MILE OR LESS
LOWEST:     46 ON  5                               3 = THUNDER
                        SNOW, ICE PELLETS, HAIL    4 = ICE PELLETS
                        TOTAL MONTH:    M          5 = HAIL
                        GRTST 24HR    M  ON   M    6 = FREEZING RAIN OR DRIZZLE
                        GRTST DEPTH:  M  ON   M    7 = DUSTSTORM OR SANDSTORM:
                                                       VSBY 1/2 MILE OR LESS
                                                   8 = SMOKE OR HAZE
[NO. OF DAYS WITH]      [WEATHER - DAYS WITH]      9 = BLOWING SNOW
                                                   X = TORNADO
MAX 32 OR BELOW:   0    0.01 INCH OR MORE:   1
MAX 90 OR ABOVE:  13    0.10 INCH OR MORE:   0
MIN 32 OR BELOW:   0    0.50 INCH OR MORE:   0
MIN  0 OR BELOW:   0    1.00 INCH OR MORE:   0

[HDD (BASE 65) ]
TOTAL THIS MO.     0    CLEAR  (SCALE 0-3)  18
DPTR FM NORMAL    -1    PTCLDY (SCALE 4-7)   1
TOTAL FM JUL 1     0    CLOUDY (SCALE 8-10)  0
DPTR FM NORMAL    -1

[CDD (BASE 65) ]
TOTAL THIS MO.   172
DPTR FM NORMAL    38    [PRESSURE DATA]
TOTAL FM JAN 1   261    HIGHEST SLP  0.00 ON 12
DPTR FM NORMAL    56    LOWEST  SLP  0.00 ON 12

[REMARKS]
