132
CXUS56 KMTR 211000
CF6SJC
PRELIMINARY LOCAL CLIMATOLOGICAL DATA (WS FORM: F-6)

                                          STATION:   SAN JOSE AIRPORT
                                          MONTH:     OCTOBER
                                          YEAR:      2018
                                          LATITUDE:   37 21 N
                                          LONGITUDE: 121 55 W

  TEMPERATURE IN F:       :PCPN:    SNOW:  WIND      :SUNSHINE: SKY     :PK WND
================================================================================
1   2   3   4   5  6A  6B    7    8   9   10  11  12  13   14  15   16   17  18
                                     12Z  AVG MX 2MIN
DY MAX MIN AVG DEP HDD CDD  WTR  SNW DPTH SPD SPD DIR MIN PSBL S-S WX    SPD DR
================================================================================

 1  79  57  68   2   0   3    T  0.0    0  5.8 21 330   M    M   6        27 340
 2  83  65  74   8   0   9    T  0.0    0  5.6 23 340   M    M   6        26 330
 3  79  64  72   6   0   7 0.03  0.0    0  5.6 20 210   M    M   7 1      26 200
 4  74  58  66   0   0   1 0.00  0.0    0  8.7 20 330   M    M   8        23 330
 5  75  53  64  -2   1   0 0.00  0.0    0  6.0 17 340   M    M   3        23 340
 6  75  55  65  -1   0   0    T  0.0    0  6.8 21 330   M    M   2        24 330
 7  81  60  71   6   0   6    T  0.0    0 10.5 20 300   M    M   2 8      25 310
 8  84  59  72   7   0   7 0.00  0.0    0  5.6 15 330   M    M   0        21 330
 9  80  57  69   4   0   4 0.00  0.0    0  8.4 21 330   M    M   2        22 330
10  73  53  63  -2   2   0 0.00  0.0    0  7.5 17 320   M    M   3        20 320
11  73  55  64   0   1   0 0.00  0.0    0  6.1 15 340   M    M   4        18 330
12  84  53  69   5   0   4 0.00  0.0    0  4.6 18 330   M    M   1        22 340
13  80  53  67   3   0   2 0.00  0.0    0  5.2 16 310   M    M   0        19 320
14  76  52  64   0   1   0 0.00  0.0    0  5.4 16 330   M    M   1        20 330
15  83  49  66   2   0   1 0.00  0.0    0  4.7 16 330   M    M   0        20 320
16  81  49  65   2   0   0 0.00  0.0    0  5.2 15 330   M    M   1        18 330
17  76  49  63   0   2   0 0.00  0.0    0  3.9 13 310   M    M   2        15 320
18  74  50  62  -1   3   0 0.00  0.0    0  3.6 10 330   M    M   2 18     13 340
19  80  51  66   3   0   1 0.00  0.0    0  3.7 13 340   M    M   0        16 340
20  77  51  64   2   1   0 0.00  0.0    0  4.2 13 330   M    M   1 128    14 330
================================================================================
SM 1567 1093        11  45  0.03     0.0 117.1          M       51
================================================================================
AV 78.4 54.7                               5.9 FASTST   M    M   3    MAX(MPH)
                                 MISC ---->  # 23 340               # 27  340
================================================================================
NOTES:
# LAST OF SEVERAL OCCURRENCES

COLUMN 17 PEAK WIND IN M.P.H.

PRELIMINARY LOCAL CLIMATOLOGICAL DATA (WS FORM: F-6) , PAGE 2

                                          STATION:  SAN JOSE AIRPORT
                                          MONTH:    OCTOBER
                                          YEAR:     2018
                                          LATITUDE:   37 21 N
                                          LONGITUDE: 121 55 W

[TEMPERATURE DATA]      [PRECIPITATION DATA]       SYMBOLS USED IN COLUMN 16

AVERAGE MONTHLY: 66.5   TOTAL FOR MONTH:   0.03    1 = FOG OR MIST
DPTR FM NORMAL:   2.0   DPTR FM NORMAL:   -0.39    2 = FOG REDUCING VISIBILITY
HIGHEST:    84 ON 12, 8 GRTST 24HR  0.03 ON  3- 3      TO 1/4 MILE OR LESS
LOWEST:     49 ON 17,16                            3 = THUNDER
                        SNOW, ICE PELLETS, HAIL    4 = ICE PELLETS
                        TOTAL MONTH:   0.0 INCH    5 = HAIL
                        GRTST 24HR     0.0         6 = FREEZING RAIN OR DRIZZLE
                        GRTST DEPTH:   0           7 = DUSTSTORM OR SANDSTORM:
                                                       VSBY 1/2 MILE OR LESS
                                                   8 = SMOKE OR HAZE
[NO. OF DAYS WITH]      [WEATHER - DAYS WITH]      9 = BLOWING SNOW
                                                   X = TORNADO
MAX 32 OR BELOW:   0    0.01 INCH OR MORE:   1
MAX 90 OR ABOVE:   0    0.10 INCH OR MORE:   0
MIN 32 OR BELOW:   0    0.50 INCH OR MORE:   0
MIN  0 OR BELOW:   0    1.00 INCH OR MORE:   0

[HDD (BASE 65) ]
TOTAL THIS MO.    11    CLEAR  (SCALE 0-3)  14
DPTR FM NORMAL   -29    PTCLDY (SCALE 4-7)   6
TOTAL FM JUL 1    19    CLOUDY (SCALE 8-10)  0
DPTR FM NORMAL   -40

[CDD (BASE 65) ]
TOTAL THIS MO.    45
DPTR FM NORMAL    13    [PRESSURE DATA]
TOTAL FM JAN 1   625    HIGHEST SLP M ON M
DPTR FM NORMAL    -6    LOWEST  SLP 29.74 ON  8

[REMARKS]
