000
CXUS56 KFGZ 170900
CF6SJN
PRELIMINARY LOCAL CLIMATOLOGICAL DATA (WS FORM: F-6)

                                          STATION:   SAINT JOHNS AZ AIRPORT
                                          MONTH:     OCTOBER
                                          YEAR:      2018
                                          LATITUDE:   34 31 N
                                          LONGITUDE: 109 23 W

  TEMPERATURE IN F:       :PCPN:    SNOW:  WIND      :SUNSHINE: SKY     :PK WND
================================================================================
1   2   3   4   5  6A  6B    7    8   9   10  11  12  13   14  15   16   17  18
                                     12Z  AVG MX 2MIN
DY MAX MIN AVG DEP HDD CDD  WTR  SNW DPTH SPD SPD DIR MIN PSBL S-S WX    SPD DR
================================================================================

 1  69  59  64   2   1   0 0.23  0.0    0  4.8 15 310   M    M   8 1      20 330
 2  73  55  64   2   1   0 0.06    M    M  3.2 14 250   M    M   6 1      20 280
 3  73  57  65   4   0   0 0.59    M    M  4.9 16 330   M    M   5 13     19 340
 4  75  50  63   2   2   0 0.00    M    M  8.9 24 260   M    M   0        30 260
 5  74  41  58  -2   7   0 0.00    M    M  4.2 20 290   M    M   0        27 340
 6  75  43  59  -1   6   0 0.00    M    M  8.7 26 260   M    M   0        37 260
 7  54  37  46 -13  19   0 0.23    M    M  7.5 21 300   M    M   8 1      27 160
 8  56  40  48 -11  17   0 0.01    M    M  6.9 21 320   M    M   9        26 330
 9  58  43  51  -7  14   0 0.00  0.0    0  8.4 21 310   M    M   6        26 330
10  66  36  51  -7  14   0 0.00  0.0    0  8.3 20 250   M    M   0        27 260
11  70  45  58   0   7   0 0.00  0.0    0  6.8 21 250   M    M   7        27 260
12  65  48  57   0   8   0 0.01    M    M  4.2 12 350   M    M   7        14  20
13  68  43  56  -1   9   0 0.31    M    M  3.6 21 210   M    M   5 13     25 210
14  61  45  53  -3  12   0 0.10    M    M 10.4 22 290   M    M   8 1      28 290
15  48  38  43 -13  22   0 0.17    M    M  8.8 18  90   M    M  10 1      23  90
16  50  37  44 -11  21   0 0.14    M    M 13.3 24  80   M    M   7        30  90
================================================================================
SM 1035  717       160   0  1.85     0.0 112.9          M       86
================================================================================
AV 64.7 44.8                               7.1 FASTST   M    M   5    MAX(MPH)
                                 MISC ---->  # 26 260               # 37  260
================================================================================
NOTES:
# LAST OF SEVERAL OCCURRENCES

COLUMN 17 PEAK WIND IN M.P.H.

PRELIMINARY LOCAL CLIMATOLOGICAL DATA (WS FORM: F-6) , PAGE 2

                                          STATION:  SAINT JOHNS AZ AIRPORT
                                          MONTH:    OCTOBER
                                          YEAR:     2018
                                          LATITUDE:   34 31 N
                                          LONGITUDE: 109 23 W

[TEMPERATURE DATA]      [PRECIPITATION DATA]       SYMBOLS USED IN COLUMN 16

AVERAGE MONTHLY: 54.8   TOTAL FOR MONTH:   1.85    1 = FOG OR MIST
DPTR FM NORMAL:  -3.9   DPTR FM NORMAL:    1.23    2 = FOG REDUCING VISIBILITY
HIGHEST:    75 ON  6, 4 GRTST 24HR  0.59 ON  3- 3      TO 1/4 MILE OR LESS
LOWEST:     36 ON 10                               3 = THUNDER
                        SNOW, ICE PELLETS, HAIL    4 = ICE PELLETS
                        TOTAL MONTH:   0.0 INCH    5 = HAIL
                        GRTST 24HR     0.0         6 = FREEZING RAIN OR DRIZZLE
                        GRTST DEPTH:   0           7 = DUSTSTORM OR SANDSTORM:
                                                       VSBY 1/2 MILE OR LESS
                                                   8 = SMOKE OR HAZE
[NO. OF DAYS WITH]      [WEATHER - DAYS WITH]      9 = BLOWING SNOW
                                                   X = TORNADO
MAX 32 OR BELOW:   0    0.01 INCH OR MORE:  10
MAX 90 OR ABOVE:   0    0.10 INCH OR MORE:   7
MIN 32 OR BELOW:   0    0.50 INCH OR MORE:   1
MIN  0 OR BELOW:   0    1.00 INCH OR MORE:   0

[HDD (BASE 65) ]
TOTAL THIS MO.   160    CLEAR  (SCALE 0-3)   4
DPTR FM NORMAL    51    PTCLDY (SCALE 4-7)   8
TOTAL FM JUL 1   162    CLOUDY (SCALE 8-10)  4
DPTR FM NORMAL    21

[CDD (BASE 65) ]
TOTAL THIS MO.     0
DPTR FM NORMAL    -5    [PRESSURE DATA]
TOTAL FM JAN 1  1172    HIGHEST SLP M ON M
DPTR FM NORMAL   211    LOWEST  SLP 29.59 ON  7

[REMARKS]
