000
CXUS54 KSJT 221000
CF6SJT
PRELIMINARY LOCAL CLIMATOLOGICAL DATA (WS FORM: F-6)

                                          STATION:   SAN ANGELO
                                          MONTH:     JULY
                                          YEAR:      2018
                                          LATITUDE:   31 21 N
                                          LONGITUDE: 100 30 W

  TEMPERATURE IN F:       :PCPN:    SNOW:  WIND      :SUNSHINE: SKY     :PK WND
================================================================================
1   2   3   4   5  6A  6B    7    8   9   10  11  12  13   14  15   16   17  18
                                     12Z  AVG MX 2MIN
DY MAX MIN AVG DEP HDD CDD  WTR  SNW DPTH SPD SPD DIR MIN PSBL S-S WX    SPD DR
================================================================================

 1 104  73  89   7   0  24    T  0.0    0  8.2 23 190   M    M   2 3      30 200
 2 104  75  90   8   0  25 0.00  0.0    0  8.5 18 140   M    M   0        25 160
 3 105  74  90   8   0  25 0.00  0.0    0  8.0 16 200   M    M   0        21 180
 4 104  73  89   7   0  24 0.05  0.0    0  7.8 38  90   M    M   1 3      47  90
 5  88  72  80  -3   0  15 0.01  0.0    0  9.5 20  80   M    M   6 1      29  70
 6  98  68  83   0   0  18    T  0.0    0  5.5 22  40   M    M   2 3      26  40
 7  96  71  84   1   0  19    T  0.0    0  7.2 25 110   M    M   2 3      33  80
 8  98  68  83   0   0  18 0.22  0.0    0  6.5 26 110   M    M   3 38     34 120
 9  86  70  78  -5   0  13 0.11  0.0    0  2.9 18  50   M    M   4 13     23  50
10  96  70  83   0   0  18 0.00  0.0    0  5.5 15 180   M    M   2        22 180
11 100  72  86   3   0  21 0.00  0.0    0  8.8 16 210   M    M   2        22 170
12 101  73  87   4   0  22 0.00  0.0    0  6.7 15 130   M    M   2        20 220
13  99  74  87   4   0  22 0.00  0.0    0  7.7 17 200   M    M   1        24 110
14 102  76  89   6   0  24 0.00  0.0    0  9.4 17 160   M    M   2        23 170
15 102  77  90   7   0  25 0.00  0.0    0 10.2 17 130   M    M   0 3      22 180
16 102  76  89   6   0  24 0.00  0.0    0  7.9 17 190   M    M   0        22 190
17 103  73  88   5   0  23 0.00  0.0    0  8.0 15 200   M    M   0        19 190
18 106  75  91   8   0  26 0.00  0.0    0  7.7 18 210   M    M   0        24 210
19 108  79  94  11   0  29 0.00  0.0    0  9.5 17 220   M    M   0        22 230
20 108  76  92   9   0  27 0.00  0.0    0  8.0 17 130   M    M   0        22 130
21 108  74  91   7   0  26 0.00  0.0    0  8.1 17 160   M    M   0        23 130
================================================================================
SM 2118 1539         0 468  0.39     0.0 161.6          M       29
================================================================================
AV100.9 73.3                               7.7 FASTST   M    M   1    MAX(MPH)
                                 MISC ---->  # 38  90               # 47   90
================================================================================
NOTES:
# LAST OF SEVERAL OCCURRENCES

COLUMN 17 PEAK WIND IN M.P.H.

PRELIMINARY LOCAL CLIMATOLOGICAL DATA (WS FORM: F-6) , PAGE 2

                                          STATION:  SAN ANGELO
                                          MONTH:    JULY
                                          YEAR:     2018
                                          LATITUDE:   31 21 N
                                          LONGITUDE: 100 30 W

[TEMPERATURE DATA]      [PRECIPITATION DATA]       SYMBOLS USED IN COLUMN 16

AVERAGE MONTHLY: 87.1   TOTAL FOR MONTH:   0.39    1 = FOG OR MIST
DPTR FM NORMAL:   4.2   DPTR FM NORMAL:   -0.45    2 = FOG REDUCING VISIBILITY
HIGHEST:   108 ON 21,20 GRTST 24HR  0.22 ON  8- 8      TO 1/4 MILE OR LESS
LOWEST:     68 ON  8, 6                            3 = THUNDER
                        SNOW, ICE PELLETS, HAIL    4 = ICE PELLETS
                        TOTAL MONTH:   0.0 INCH    5 = HAIL
                        GRTST 24HR     0.0         6 = FREEZING RAIN OR DRIZZLE
                        GRTST DEPTH:   0           7 = DUSTSTORM OR SANDSTORM:
                                                       VSBY 1/2 MILE OR LESS
                                                   8 = SMOKE OR HAZE
[NO. OF DAYS WITH]      [WEATHER - DAYS WITH]      9 = BLOWING SNOW
                                                   X = TORNADO
MAX 32 OR BELOW:   0    0.01 INCH OR MORE:   4
MAX 90 OR ABOVE:  19    0.10 INCH OR MORE:   2
MIN 32 OR BELOW:   0    0.50 INCH OR MORE:   0
MIN  0 OR BELOW:   0    1.00 INCH OR MORE:   0

[HDD (BASE 65) ]
TOTAL THIS MO.     0    CLEAR  (SCALE 0-3)  19
DPTR FM NORMAL     0    PTCLDY (SCALE 4-7)   2
TOTAL FM JUL 1     0    CLOUDY (SCALE 8-10)  0
DPTR FM NORMAL     0

[CDD (BASE 65) ]
TOTAL THIS MO.   468
DPTR FM NORMAL    94    [PRESSURE DATA]
TOTAL FM JAN 1  1772    HIGHEST SLP M ON M
DPTR FM NORMAL   474    LOWEST  SLP 29.74 ON 19

[REMARKS]
