000
CXUS54 KSJT 221000
CF6SJT
PRELIMINARY LOCAL CLIMATOLOGICAL DATA (WS FORM: F-6)

                                          STATION:   SAN ANGELO
                                          MONTH:     OCTOBER
                                          YEAR:      2018
                                          LATITUDE:   31 21 N
                                          LONGITUDE: 100 30 W

  TEMPERATURE IN F:       :PCPN:    SNOW:  WIND      :SUNSHINE: SKY     :PK WND
================================================================================
1   2   3   4   5  6A  6B    7    8   9   10  11  12  13   14  15   16   17  18
                                     12Z  AVG MX 2MIN
DY MAX MIN AVG DEP HDD CDD  WTR  SNW DPTH SPD SPD DIR MIN PSBL S-S WX    SPD DR
================================================================================

 1  86  64  75   4   0  10 0.00  0.0    0  6.9 16 190   M    M   5        22 200
 2  87  67  77   7   0  12 0.00  0.0    0  7.7 15 170   M    M   5        21 190
 3  89  69  79   9   0  14 0.00  0.0    0 11.0 24 190   M    M   3        30 200
 4  89  68  79   9   0  14 0.00  0.0    0  8.5 18 190   M    M   3        25 180
 5  89  67  78   8   0  13 0.00  0.0    0  8.8 20 170   M    M   3 1      28 180
 6  88  67  78   9   0  13 0.14  0.0    0  7.2 25 240   M    M   5 13     31 240
 7  82  69  76   7   0  11 0.00  0.0    0 10.3 20 170   M    M   5        28 180
 8  80  64  72   3   0   7 0.01  0.0    0 12.0 22 150   M    M   6 3      29 180
 9  80  58  69   1   0   4 0.96  0.0    0  7.8 29 310   M    M   5 138    35 310
10  76  55  66  -2   0   1 0.00  0.0    0  4.8 13 310   M    M   2        18 320
11  77  55  66  -2   0   1 0.00  0.0    0  8.5 20  80   M    M   7        24  80
12  80  65  73   6   0   8 0.00  0.0    0  5.8 13  70   M    M   8        16 180
13  81  61  71   4   0   6 1.91  0.0    0  7.7 28 300   M    M   7 13     37 150
14  87  44  66  -1   0   1 0.01    M    0  8.7 31  10   M    M   7 123    36  10
15  45  38  42 -25  23   0 0.65  0.0    0 15.7 28 360   M    M  10 13     36 360
16  44  38  41 -25  24   0 1.46  0.0    0 11.0 16 360   M    M   4 13     22 360
17  46  43  45 -21  20   0 3.25  0.0    0  8.8 17  40   M    M   9 1      22  40
18  54  46  50 -16  15   0 0.47  0.0    0  5.9 12  30   M    M   9 1      14  40
19  62  53  58  -7   7   0 0.58  0.0    0  2.6  6 180   M    M  10 1      11  60
20  71  55  63  -2   2   0 0.00  0.0    0  6.6 16  20   M    M   5        21 360
21  71  44  58  -7   7   0 0.00  0.0    0  3.6 10  60   M    M   3        14  50
================================================================================
SM 1564 1190        98 115  9.44     0.0 169.9          M      121
================================================================================
AV 74.5 56.7                               8.1 FASTST   M    M   6    MAX(MPH)
                                 MISC ---->  # 31  10               # 37  150
================================================================================
NOTES:
# LAST OF SEVERAL OCCURRENCES

COLUMN 17 PEAK WIND IN M.P.H.

PRELIMINARY LOCAL CLIMATOLOGICAL DATA (WS FORM: F-6) , PAGE 2

                                          STATION:  SAN ANGELO
                                          MONTH:    OCTOBER
                                          YEAR:     2018
                                          LATITUDE:   31 21 N
                                          LONGITUDE: 100 30 W

[TEMPERATURE DATA]      [PRECIPITATION DATA]       SYMBOLS USED IN COLUMN 16

AVERAGE MONTHLY: 65.6   TOTAL FOR MONTH:   9.44    1 = FOG OR MIST
DPTR FM NORMAL:  -2.2   DPTR FM NORMAL:    7.50    2 = FOG REDUCING VISIBILITY
HIGHEST:    89 ON  5, 4 GRTST 24HR  3.25 ON 17-17      TO 1/4 MILE OR LESS
LOWEST:     38 ON 16,15                            3 = THUNDER
                        SNOW, ICE PELLETS, HAIL    4 = ICE PELLETS
                        TOTAL MONTH:   0.0 INCH    5 = HAIL
                        GRTST 24HR     0.0         6 = FREEZING RAIN OR DRIZZLE
                        GRTST DEPTH:   0           7 = DUSTSTORM OR SANDSTORM:
                                                       VSBY 1/2 MILE OR LESS
                                                   8 = SMOKE OR HAZE
[NO. OF DAYS WITH]      [WEATHER - DAYS WITH]      9 = BLOWING SNOW
                                                   X = TORNADO
MAX 32 OR BELOW:   0    0.01 INCH OR MORE:  10
MAX 90 OR ABOVE:   0    0.10 INCH OR MORE:   8
MIN 32 OR BELOW:   0    0.50 INCH OR MORE:   6
MIN  0 OR BELOW:   0    1.00 INCH OR MORE:   3

[HDD (BASE 65) ]
TOTAL THIS MO.    98    CLEAR  (SCALE 0-3)   4
DPTR FM NORMAL    60    PTCLDY (SCALE 4-7)  12
TOTAL FM JUL 1    99    CLOUDY (SCALE 8-10)  5
DPTR FM NORMAL    52

[CDD (BASE 65) ]
TOTAL THIS MO.   115
DPTR FM NORMAL    19    [PRESSURE DATA]
TOTAL FM JAN 1  3019    HIGHEST SLP M ON M
DPTR FM NORMAL   558    LOWEST  SLP 29.60 ON  9

[REMARKS]
