000
CXUS53 KICT 190800
CF6SLN
PRELIMINARY LOCAL CLIMATOLOGICAL DATA (WS FORM: F-6)

                                          STATION:   SALINA KS
                                          MONTH:     JULY
                                          YEAR:      2018
                                          LATITUDE:   38 47 N
                                          LONGITUDE:  97 39 W

  TEMPERATURE IN F:       :PCPN:    SNOW:  WIND      :SUNSHINE: SKY     :PK WND
================================================================================
1   2   3   4   5  6A  6B    7    8   9   10  11  12  13   14  15   16   17  18
                                     12Z  AVG MX 2MIN
DY MAX MIN AVG DEP HDD CDD  WTR  SNW DPTH SPD SPD DIR MIN PSBL S-S WX    SPD DR
================================================================================

 1  86  67  77  -3   0  12 0.15    M    0  7.5 30 310   M    M   3 13     39 330
 2  95  64  80   0   0  15 0.00    M    M 10.1 21 150   M    M   0        26 140
 3 101  75  88   8   0  23 0.00    M    M 13.5 24 170   M    M   0        31 170
 4  99  74  87   7   0  22 0.00    M    M 13.0 22 160   M    M   0        28 150
 5  94  74  84   3   0  19 0.00    M    M  9.7 22  20   M    M   2 3      28  10
 6  91  70  81   0   0  16 0.50    M    M  6.0 18  80   M    M   3 13     23 100
 7  94  72  83   2   0  18 0.00    M    M  7.6 14 130   M    M   1        18 140
 8  96  65  81   0   0  16 0.00    M    M  7.9 18 210   M    M   0        24 150
 9  96  64  80  -1   0  15 0.00    M    M  6.2 15 140   M    M   0        18 140
10  98  68  83   2   0  18 0.00    M    M  5.4 16 190   M    M   2        22 160
11 100  73  87   6   0  22 0.00    M    M 10.3 21 160   M    M   1        31 200
12 101  72  87   6   0  22 0.00    M    M 10.5 23 150   M    M   1 3      27 210
13 100  73  87   6   0  22 0.06    M    M 11.0 29 190   M    M   2 3      37 190
14  92  73  83   2   0  18 0.07    M    M  4.1 10 110   M    M   6 1      14 110
15  95  73  84   3   0  19 0.03    M    M  6.3 21 230   M    M   2 13     27 190
16  92  72  82   0   0  17 0.00    M    M  4.6 13 120   M    M   1 3      18 120
17  85  70  78  -4   0  13 0.50    M    M  7.0 18 170   M    M   3 13     22 170
18  90  70  80  -2   0  15 0.00    M    M  4.2 16 130   M    M   5 1      21 130
================================================================================
SM 1705 1269         0 322  1.31    M    144.9          M       32
================================================================================
AV 94.7 70.5                               8.1 FASTST   M    M   2    MAX(MPH)
                                 MISC ---->  # 30 310               # 39  330
================================================================================
NOTES:
# LAST OF SEVERAL OCCURRENCES

COLUMN 17 PEAK WIND IN M.P.H.

PRELIMINARY LOCAL CLIMATOLOGICAL DATA (WS FORM: F-6) , PAGE 2

                                          STATION:  SALINA KS
                                          MONTH:    JULY
                                          YEAR:     2018
                                          LATITUDE:   38 47 N
                                          LONGITUDE:  97 39 W

[TEMPERATURE DATA]      [PRECIPITATION DATA]       SYMBOLS USED IN COLUMN 16

AVERAGE MONTHLY: 82.6   TOTAL FOR MONTH:   1.31    1 = FOG OR MIST
DPTR FM NORMAL:   1.7   DPTR FM NORMAL:   -1.35    2 = FOG REDUCING VISIBILITY
HIGHEST:   101 ON 12, 3 GRTST 24HR  0.50 ON 17-17      TO 1/4 MILE OR LESS
LOWEST:     64 ON  9, 2                            3 = THUNDER
                        SNOW, ICE PELLETS, HAIL    4 = ICE PELLETS
                        TOTAL MONTH:    M          5 = HAIL
                        GRTST 24HR    M  ON   M    6 = FREEZING RAIN OR DRIZZLE
                        GRTST DEPTH:   0           7 = DUSTSTORM OR SANDSTORM:
                                                       VSBY 1/2 MILE OR LESS
                                                   8 = SMOKE OR HAZE
[NO. OF DAYS WITH]      [WEATHER - DAYS WITH]      9 = BLOWING SNOW
                                                   X = TORNADO
MAX 32 OR BELOW:   0    0.01 INCH OR MORE:   6
MAX 90 OR ABOVE:  16    0.10 INCH OR MORE:   3
MIN 32 OR BELOW:   0    0.50 INCH OR MORE:   2
MIN  0 OR BELOW:   0    1.00 INCH OR MORE:   0

[HDD (BASE 65) ]
TOTAL THIS MO.     0    CLEAR  (SCALE 0-3)  15
DPTR FM NORMAL     0    PTCLDY (SCALE 4-7)   3
TOTAL FM JUL 1     0    CLOUDY (SCALE 8-10)  0
DPTR FM NORMAL     0

[CDD (BASE 65) ]
TOTAL THIS MO.   322
DPTR FM NORMAL    38    [PRESSURE DATA]
TOTAL FM JAN 1  1169    HIGHEST SLP M ON M
DPTR FM NORMAL   432    LOWEST  SLP 29.78 ON  1

[REMARKS]
