000
CXUS55 KLOX 191655
CF6SMX
PRELIMINARY LOCAL CLIMATOLOGICAL DATA (WS FORM: F-6)

                                          STATION:   SANTA MARIA AIRPORT CA
                                          MONTH:     OCTOBER
                                          YEAR:      2018
                                          LATITUDE:   34 54 N
                                          LONGITUDE: 120 27 W

  TEMPERATURE IN F:       :PCPN:    SNOW:  WIND      :SUNSHINE: SKY     :PK WND
================================================================================
1   2   3   4   5  6A  6B    7    8   9   10  11  12  13   14  15   16   17  18
                                     12Z  AVG MX 2MIN
DY MAX MIN AVG DEP HDD CDD  WTR  SNW DPTH SPD SPD DIR MIN PSBL S-S WX    SPD DR
================================================================================

 1  82  49  66   4   0   1 0.00  0.0    0  4.0 20 290   M    M   1 12      M  M
 2  79  55  67   5   0   2 0.00  0.0    0  5.4 18 260   M    M   6 1      23 250
 3  76  64  70   8   0   5 0.35  0.0    0  6.8 22 160   M    M   9 18     26 160
 4  75  60  68   6   0   3    T  0.0    0  5.5 21 300   M    M   7 18     25 300
 5  76  56  66   4   0   1 0.00  0.0    0  8.5 29 310   M    M   3 12     35 310
 6  76  55  66   4   0   1 0.00  0.0    0 12.8 29 290   M    M   2 1      38 310
 7  77  48  63   1   2   0 0.00  0.0    0  5.2 15 280   M    M   0         M  M
 8  80  50  65   3   0   0 0.00  0.0    0  6.2 13 260   M    M   2 1       M  M
 9  74  56  65   3   0   0 0.00  0.0    0  4.9 14 240   M    M   9 12     27 240
10  73  60  67   5   0   2 0.00  0.0    0  5.3 17 250   M    M  10        21 270
11  71  56  64   2   1   0 0.00  0.0    0  3.8 14 310   M    M   8        17 300
12  87  51  69   8   0   4 0.00  0.0    0  5.1 17 300   M    M   3        21 300
13  78  56  67   6   0   2 0.00  0.0    0  5.4 15 170   M    M   3        23 260
14  73  55  64   3   1   0 0.00  0.0    0  4.9 14 300   M    M   4        22 270
15  77  50  64   3   1   0 0.00  0.0    0  5.6 20 310   M    M   0 1      36 320
16  80  46  63   2   2   0 0.00  0.0    0  7.1 22 320   M    M   0 8      31 320
17  76  46  61   0   4   0 0.00  0.0    0  4.5 14 300   M    M   1 12     18 310
18  75  46  61   0   4   0 0.00  0.0    0  3.9 16 320   M    M   3 128    19 320
================================================================================
SM 1385  959        15  21  0.35     0.0 104.9          M       71
================================================================================
AV 76.9 53.3                               5.8 FASTST   M    M   4    MAX(MPH)
                                 MISC ---->  # 29 310               # 38  310
================================================================================
NOTES:
# LAST OF SEVERAL OCCURRENCES

COLUMN 17 PEAK WIND IN M.P.H.

PRELIMINARY LOCAL CLIMATOLOGICAL DATA (WS FORM: F-6) , PAGE 2

                                          STATION:  SANTA MARIA AIRPORT CA
                                          MONTH:    OCTOBER
                                          YEAR:     2018
                                          LATITUDE:   34 54 N
                                          LONGITUDE: 120 27 W

[TEMPERATURE DATA]      [PRECIPITATION DATA]       SYMBOLS USED IN COLUMN 16

AVERAGE MONTHLY: 65.1   TOTAL FOR MONTH:   0.35    1 = FOG OR MIST
DPTR FM NORMAL:   3.5   DPTR FM NORMAL:    0.11    2 = FOG REDUCING VISIBILITY
HIGHEST:    87 ON 12    GRTST 24HR  0.35 ON  3- 3      TO 1/4 MILE OR LESS
LOWEST:     46 ON 18,17                            3 = THUNDER
                        SNOW, ICE PELLETS, HAIL    4 = ICE PELLETS
                        TOTAL MONTH:   0.0 INCH    5 = HAIL
                        GRTST 24HR     0.0         6 = FREEZING RAIN OR DRIZZLE
                        GRTST DEPTH:   0           7 = DUSTSTORM OR SANDSTORM:
                                                       VSBY 1/2 MILE OR LESS
                                                   8 = SMOKE OR HAZE
[NO. OF DAYS WITH]      [WEATHER - DAYS WITH]      9 = BLOWING SNOW
                                                   X = TORNADO
MAX 32 OR BELOW:   0    0.01 INCH OR MORE:   1
MAX 90 OR ABOVE:   0    0.10 INCH OR MORE:   1
MIN 32 OR BELOW:   0    0.50 INCH OR MORE:   0
MIN  0 OR BELOW:   0    1.00 INCH OR MORE:   0

[HDD (BASE 65) ]
TOTAL THIS MO.    15    CLEAR  (SCALE 0-3)  10
DPTR FM NORMAL   -60    PTCLDY (SCALE 4-7)   5
TOTAL FM JUL 1    65    CLOUDY (SCALE 8-10)  3
DPTR FM NORMAL  -227

[CDD (BASE 65) ]
TOTAL THIS MO.    21
DPTR FM NORMAL     3    [PRESSURE DATA]
TOTAL FM JAN 1   197    HIGHEST SLP M ON M
DPTR FM NORMAL    97    LOWEST  SLP 29.67 ON 12

[REMARKS]
