000
CXAK56 PAFC 261338 RRA
CF6SNP

PRELIMINARY LOCAL CLIMATOLOGICAL DATA (WS FORM: F-6)

                                          STATION:   SAINT PAUL ISLAND
                                          MONTH:     MAY
                                          YEAR:      2018
                                          LATITUDE:   57  9 N
                                          LONGITUDE: 170 13 W

  TEMPERATURE IN F:       :PCPN:    SNOW:  WIND      :SUNSHINE: SKY     :PK WND
================================================================================
1   2   3   4   5  6A  6B    7    8   9   10  11  12  13   14  15   16   17  18
                                     12Z  AVG MX 2MIN
DY MAX MIN AVG DEP HDD CDD  WTR  SNW DPTH SPD SPD DIR MIN PSBL S-S WX    SPD DR
================================================================================

 1  44  30  37   4  28   0 0.06    T    0  8.6 15 190   M    M   8 1       M  M
 2  41  35  38   5  27   0 0.09  0.0    0  9.9 15 310   M    M  10 1       M  M
 3  37  31  34   0  31   0 0.11  0.0    0 21.0 36  10   M    M  10 1      44 360
 4  37  31  34   0  31   0 0.01    T    0 28.4 39 350   M    M  10 18     47 350
 5  40  26  33  -1  32   0 0.05    T    T 13.7 25 310   M    M   9 18     33 320
 6  39  21  30  -4  35   0 0.16  0.0    T 17.8 38 110   M    M   8 1      49 120
 7  42  37  40   6  25   0 0.21  0.0    0 23.7 33 130   M    M  10 1      48 120
 8  42  37  40   5  25   0 0.09  0.0    0 21.6 29  90   M    M   9 1      39  90
 9  44  37  41   6  24   0    T    M    0 13.2 22 140   M    M   7 1      25 140
10  46  35  41   6  24   0    T  0.0    0 16.4 26 350   M    M   8        31 340
11  41  35  38   3  27   0    T  0.0    0 21.3 27 320   M    M  10 1      37 320
12  42  34  38   3  27   0 0.02  0.0    0 12.0 17 270   M    M  10 1       M  M
13  42  33  38   2  27   0 0.04    T    0 10.6 17 270   M    M  10 1      32 280
14  44  28  36   0  29   0 0.02    T    0  9.4 18 280   M    M   9 1      23 300
15  42  34  38   2  27   0 0.02    T    0  8.4 14  30   M    M  10        20  40
16  42  33  38   2  27   0    T    T    0  7.8 13  60   M    M   9 8       M  M
17  44  35  40   4  25   0 0.01  0.0    0 21.0 31  10   M    M   7 1      41  10
18  40  37  39   2  26   0 0.03  0.0    0 17.7 31  20   M    M  10 12     38  20
19  47  37  42   5  23   0 0.03  0.0    0 12.7 18 350   M    M  10 1      23  70
20  44  35  40   3  25   0    T  0.0    0 21.4 29 340   M    M  10 1      36 340
21  45  34  40   3  25   0 0.01    T    T 14.9 26 340   M    M   9 1      33 330
22  42  35  39   2  26   0 0.10  0.0    0 14.0 21 130   M    M  10 1      26 130
23  46  39  43   5  22   0 0.04  0.0    0  9.7 16 140   M    M   7 1       M  M
24  46  37  42   4  23   0 0.01  0.0    0 10.4 17  40   M    M   9 1       M  M
25  41  35  38   0  27   0 0.01  0.0    0 16.3 23 360   M    M   9 1      27 360
================================================================================
SM 1060  841       668   0  1.12    T    381.9          M      228
================================================================================
AV 42.4 33.6                              15.3 FASTST   M    M   9    MAX(MPH)
                                 MISC ---->  # 39 350               # 49  120
================================================================================
NOTES:
# LAST OF SEVERAL OCCURRENCES

COLUMN 17 PEAK WIND IN M.P.H.

PRELIMINARY LOCAL CLIMATOLOGICAL DATA (WS FORM: F-6) , PAGE 2

                                          STATION:  SAINT PAUL ISLAND
                                          MONTH:    MAY
                                          YEAR:     2018
                                          LATITUDE:   57  9 N
                                          LONGITUDE: 170 13 W

[TEMPERATURE DATA]      [PRECIPITATION DATA]       SYMBOLS USED IN COLUMN 16

AVERAGE MONTHLY: 38.0   TOTAL FOR MONTH:   1.12    1 = FOG OR MIST
DPTR FM NORMAL:   2.4   DPTR FM NORMAL:    0.21    2 = FOG REDUCING VISIBILITY
HIGHEST:    47 ON 19    GRTST 24HR  0.21 ON  7- 7      TO 1/4 MILE OR LESS
LOWEST:     21 ON  6                               3 = THUNDER
                        SNOW, ICE PELLETS, HAIL    4 = ICE PELLETS
                        TOTAL MONTH:    T          5 = HAIL
                        GRTST 24HR    T  ON 21-21  6 = FREEZING RAIN OR DRIZZLE
                        GRTST DEPTH:   0           7 = DUSTSTORM OR SANDSTORM:
                                                       VSBY 1/2 MILE OR LESS
                                                   8 = SMOKE OR HAZE
[NO. OF DAYS WITH]      [WEATHER - DAYS WITH]      9 = BLOWING SNOW
                                                   X = TORNADO
MAX 32 OR BELOW:   0    0.01 INCH OR MORE:  20
MAX 90 OR ABOVE:   0    0.10 INCH OR MORE:   4
MIN 32 OR BELOW:   6    0.50 INCH OR MORE:   0
MIN  0 OR BELOW:   0    1.00 INCH OR MORE:   0

[HDD (BASE 65) ]
TOTAL THIS MO.   668    CLEAR  (SCALE 0-3)   0
DPTR FM NORMAL   -67    PTCLDY (SCALE 4-7)   6
TOTAL FM JUL 1  8527    CLOUDY (SCALE 8-10) 19
DPTR FM NORMAL -1443

[CDD (BASE 65) ]
TOTAL THIS MO.     0
DPTR FM NORMAL     0    [PRESSURE DATA]
TOTAL FM JAN 1     0    HIGHEST SLP M ON M
DPTR FM NORMAL     0    LOWEST  SLP 29.12 ON  9

[REMARKS]
