000
CXUS55 KPIH 191200
CF6SNT

PRELIMINARY LOCAL CLIMATOLOGICAL DATA (WS FORM: F-6)

                                          STATION:   STANLEY_ID
                                          MONTH:     OCTOBER
                                          YEAR:      2018
                                          LATITUDE:   44 10 N
                                          LONGITUDE: 114 56 W

  TEMPERATURE IN F:       :PCPN:    SNOW:  WIND      :SUNSHINE: SKY     :PK WND
================================================================================
1   2   3   4   5  6A  6B    7    8   9   10  11  12  13   14  15   16   17  18
                                     12Z  AVG MX 2MIN
DY MAX MIN AVG DEP HDD CDD  WTR  SNW DPTH SPD SPD DIR MIN PSBL S-S WX    SPD DR
================================================================================

 1  63  22  43  -1  22   0 0.00    M    M  2.4 13 200   M    M   0        20 190
 2  67  49  58  15   7   0 0.06    M    M  6.6 18 250   M    M   0        31 240
 3  62  37  50   7  15   0 0.03    M    M  4.1 17 310   M    M   0        32 310
 4  50  31  41  -2  24   0 0.47    M    M  4.1 15 340   M    M   0        22 360
 5  49  26  38  -4  27   0 0.00    M    M  2.2  8 230   M    M   0        13 200
 6  53  37  45   3  20   0 0.04    M    M  3.2 14 330   M    M   0        20 340
 7  54  26  40  -2  25   0 0.00    M    M  3.6 12 340   M    M   0        16 360
 8  56  19  38  -4  27   0 0.02    M    M  2.4  9 160   M    M   0        14  40
 9  42  33  38  -3  27   0 0.54    M    M  3.2 12 140   M    M   0        16 150
10  41  32  37  -4  28   0 0.00    M    M  0.9  8 350   M    M   0        10 360
11  47  26  37  -4  28   0 0.00    M    M  2.6  9 330   M    M   0        11 340
12  59  21  40   0  25   0 0.00    M    M  2.9  9 180   M    M   0        12 170
13  47  22  35  -5  30   0 0.00    M    M  6.0 17  30   M    M   0        25  40
14  43  11  27 -13  38   0 0.00    M    M  3.2 12 340   M    M   0        17 350
15  57  12  35  -4  30   0 0.00    M    M  2.7 10 330   M    M   0        14 330
16  62  17  40   1  25   0 0.00    M    M  3.0 10 270   M    M   0        14 270
17  64  19  42   4  23   0 0.00    M    M  2.1  8  20   M    M   0        11  30
18  65  20  43   5  22   0 0.00    M    M  2.5 10  30   M    M   0        14  20
================================================================================
SM  981  460       443   0  1.16    M     57.7          M        0
================================================================================
AV 54.5 25.6                               3.2 FASTST   M    M   0    MAX(MPH)
                                 MISC ---->  # 18 250               # 32  310
================================================================================
NOTES:
# LAST OF SEVERAL OCCURRENCES
PRECIPITATION SUSPECT DURING FREEZING/FROZEN EVENTS

COLUMN 17 PEAK WIND IN M.P.H.

PRELIMINARY LOCAL CLIMATOLOGICAL DATA (WS FORM: F-6) , PAGE 2

                                          STATION:  STANLEY_ID
                                          MONTH:    OCTOBER
                                          YEAR:     2018
                                          LATITUDE:   44 10 N
                                          LONGITUDE: 114 56 W

[TEMPERATURE DATA]      [PRECIPITATION DATA]       SYMBOLS USED IN COLUMN 16

AVERAGE MONTHLY: 40.0   TOTAL FOR MONTH:   1.16    1 = FOG OR MIST
DPTR FM NORMAL:  -1.0   DPTR FM NORMAL:    0.57    2 = FOG REDUCING VISIBILITY
HIGHEST:    67 ON  2    GRTST 24HR  0.54 ON  9- 9      TO 1/4 MILE OR LESS
LOWEST:     11 ON 14                               3 = THUNDER
                        SNOW, ICE PELLETS, HAIL    4 = ICE PELLETS
                        TOTAL MONTH:    M          5 = HAIL
                        GRTST 24HR    M  ON   M    6 = FREEZING RAIN OR DRIZZLE
                        GRTST DEPTH:  M  ON   M    7 = DUSTSTORM OR SANDSTORM:
                                                       VSBY 1/2 MILE OR LESS
                                                   8 = SMOKE OR HAZE
[NO. OF DAYS WITH]      [WEATHER - DAYS WITH]      9 = BLOWING SNOW
                                                   X = TORNADO
MAX 32 OR BELOW:   0    0.01 INCH OR MORE:   6
MAX 90 OR ABOVE:   0    0.10 INCH OR MORE:   2
MIN 32 OR BELOW:  14    0.50 INCH OR MORE:   1
MIN  0 OR BELOW:   0    1.00 INCH OR MORE:   0

[HDD (BASE 65) ]
TOTAL THIS MO.   443    CLEAR  (SCALE 0-3)  18
DPTR FM NORMAL    11    PTCLDY (SCALE 4-7)   0
TOTAL FM JUL 1  1252    CLOUDY (SCALE 8-10)  0
DPTR FM NORMAL  -221

[CDD (BASE 65) ]
TOTAL THIS MO.     0
DPTR FM NORMAL     0    [PRESSURE DATA]
TOTAL FM JAN 1    19    HIGHEST SLP M ON M
DPTR FM NORMAL    16    LOWEST  SLP 29.68 ON  2

[REMARKS]
