000
CXUS55 KTBW 241000
CF6SPG
PRELIMINARY LOCAL CLIMATOLOGICAL DATA (WS FORM: F-6)

                                          STATION:   Saint Petersburg
                                          MONTH:     JUNE
                                          YEAR:      2018
                                          LATITUDE:   27 46 N
                                          LONGITUDE:  82 38 W

  TEMPERATURE IN F:       :PCPN:    SNOW:  WIND      :SUNSHINE: SKY     :PK WND
================================================================================
1   2   3   4   5  6A  6B    7    8   9   10  11  12  13   14  15   16   17  18
                                     12Z  AVG MX 2MIN
DY MAX MIN AVG DEP HDD CDD  WTR  SNW DPTH SPD SPD DIR MIN PSBL S-S WX    SPD DR
================================================================================

 1  86  76  81  -1   0  16 0.48  0.0    0  5.4 21  30   M    M   3 13     23  20
 2  86  78  82   0   0  17 0.00  0.0    0  6.8 16 270   M    M   2        21 280
 3  85  80  83   1   0  18 0.00  0.0    0 10.4 18 270   M    M   5        24 280
 4  87  81  84   2   0  19    T  0.0    0 10.0 18 300   M    M   5        24 260
 5  87  81  84   2   0  19 0.00  0.0    0  9.7 18 270   M    M   4 3      24 270
 6  84  76  80  -2   0  15 0.14  0.0    0  7.4 25 330   M    M   3 13     39 340
 7  88  76  82   0   0  17 0.10  0.0    0  6.9 16 120   M    M   1 1      21 240
 8  86  75  81  -1   0  16 0.01  0.0    0  7.7 23 280   M    M   2 3      34 280
 9  91  77  84   2   0  19 0.00  0.0    0  6.0 14 270   M    M   1        20 290
10  89  79  84   2   0  19 0.00  0.0    0  5.1 14  80   M    M   2        19  90
11  88  78  83   0   0  18 0.00  0.0    0  5.6 14 260   M    M   1        17 280
12  89  74  82  -1   0  17 1.87  0.0    0  4.6 36 160   M    M   3 138    43 160
13  91  78  85   2   0  20    T  0.0    0  6.1 29 130   M    M   1 38     33 130
14  89  78  84   1   0  19 0.00  0.0    0  5.7 14 270   M    M   2 3      17 240
15  91  80  86   3   0  21 0.00  0.0    0  6.0 18 150   M    M   2 3      21 160
16  89  80  85   2   0  20 0.14  0.0    0  5.6 15 180   M    M   2 3      19 250
17  93  80  87   4   0  22 0.00  0.0    0  7.0 20  90   M    M   1 3      22  80
18  94  81  88   5   0  23    T  0.0    0  6.1 13  20   M    M   3 3      15  30
19  93  77  85   2   0  20 1.34  0.0    0  5.9 32  70   M    M   1 138    39  70
20  89  77  83   0   0  18 1.01  0.0    0  5.5 18 270   M    M   2 13     25 230
21  88  78  83   0   0  18 0.41  0.0    0  6.6 22 320   M    M   4 123    27 310
22  90  83  87   4   0  22 0.00  0.0    0  7.5 16 260   M    M   2        23 270
23  90  83  87   4   0  22 0.00  0.0    0  7.4 16 270   M    M   1        22 290
================================================================================
SM 2043 1806         0 435  5.50     0.0 155.0          M       53
================================================================================
AV 88.8 78.5                               6.7 FASTST   M    M   2    MAX(MPH)
                                 MISC ---->  # 36 160               # 43  160
================================================================================
NOTES:
# LAST OF SEVERAL OCCURRENCES

COLUMN 17 PEAK WIND IN M.P.H.

PRELIMINARY LOCAL CLIMATOLOGICAL DATA (WS FORM: F-6) , PAGE 2

                                          STATION:  Saint Petersburg
                                          MONTH:    JUNE
                                          YEAR:     2018
                                          LATITUDE:   27 46 N
                                          LONGITUDE:  82 38 W

[TEMPERATURE DATA]      [PRECIPITATION DATA]       SYMBOLS USED IN COLUMN 16

AVERAGE MONTHLY: 83.7   TOTAL FOR MONTH:   5.50    1 = FOG OR MIST
DPTR FM NORMAL:   1.1   DPTR FM NORMAL:    0.94    2 = FOG REDUCING VISIBILITY
HIGHEST:    94 ON 18    GRTST 24HR  1.87 ON 12-12      TO 1/4 MILE OR LESS
LOWEST:     74 ON 12                               3 = THUNDER
                        SNOW, ICE PELLETS, HAIL    4 = ICE PELLETS
                        TOTAL MONTH:   0.0 INCH    5 = HAIL
                        GRTST 24HR     0.0         6 = FREEZING RAIN OR DRIZZLE
                        GRTST DEPTH:   0           7 = DUSTSTORM OR SANDSTORM:
                                                       VSBY 1/2 MILE OR LESS
                                                   8 = SMOKE OR HAZE
[NO. OF DAYS WITH]      [WEATHER - DAYS WITH]      9 = BLOWING SNOW
                                                   X = TORNADO
MAX 32 OR BELOW:   0    0.01 INCH OR MORE:   9
MAX 90 OR ABOVE:   8    0.10 INCH OR MORE:   8
MIN 32 OR BELOW:   0    0.50 INCH OR MORE:   3
MIN  0 OR BELOW:   0    1.00 INCH OR MORE:   3

[HDD (BASE 65) ]
TOTAL THIS MO.     0    CLEAR  (SCALE 0-3)  19
DPTR FM NORMAL     0    PTCLDY (SCALE 4-7)   4
TOTAL FM JUL 1   310    CLOUDY (SCALE 8-10)  0
DPTR FM NORMAL  -107

[CDD (BASE 65) ]
TOTAL THIS MO.   435
DPTR FM NORMAL    31    [PRESSURE DATA]
TOTAL FM JAN 1  1507    HIGHEST SLP M ON M
DPTR FM NORMAL   190    LOWEST  SLP 29.85 ON  6

[REMARKS]
