000
CXUS54 KLZK 191130
CF6SRC
PRELIMINARY LOCAL CLIMATOLOGICAL DATA (WS FORM: F-6)

                                          STATION:   Searcy Airport
                                          MONTH:     OCTOBER
                                          YEAR:      2018
                                          LATITUDE:   35 12 N
                                          LONGITUDE:  91 44 W

  TEMPERATURE IN F:       :PCPN:    SNOW:  WIND      :SUNSHINE: SKY     :PK WND
================================================================================
1   2   3   4   5  6A  6B    7    8   9   10  11  12  13   14  15   16   17  18
                                     12Z  AVG MX 2MIN
DY MAX MIN AVG DEP HDD CDD  WTR  SNW DPTH SPD SPD DIR MIN PSBL S-S WX    SPD DR
================================================================================

 1  82  65  74   8   0   9 0.43    M    M  0.7  4 160   M    M   4 138     M  M
 2  89  67  78  12   0  13 0.01    M    M  1.3  7 230   M    M   5 128     M  M
 3  90  67  79  13   0  14 0.00    M    M  4.3 10 200   M    M   2 128    16 200
 4  92  67  80  15   0  15 0.00    M    M  3.3  9 200   M    M   1 128     M  M
 5  91  67  79  14   0  14 0.00    M    M  3.9 15 180   M    M   2 128    16 220
 6  90  67  79  15   0  14 0.00    M    M  3.5 10 210   M    M   1 1       M  M
 7  89  68  79  15   0  14    T    M    M  3.8 12 180   M    M   3         M  M
 8  91  66  79  15   0  14    T    M    M  5.1 12 170   M    M   3         M  M
 9  86  70  78  15   0  13 0.38    M    M  6.5 14 140   M    M   6 13      M  M
10  80  59  70   7   0   5 0.18    M    M  6.6 12 330   M    M   4 1      21 330
11  69  50  60  -3   5   0 0.00    M    M  5.0 12 350   M    M   0         M  M
12  60  47  54  -8  11   0    T    M    M  2.5  7 360   M    M   6         M  M
13  59  54  57  -5   8   0 1.25    M    M  7.5 13  70   M    M  10 1       M  M
14  66  55  61  -1   4   0 0.42    M    M  3.9  8  30   M    M   9 1       M  M
15  61  45  53  -8  12   0 1.08    M    M  9.1 13 360   M    M   8 1       M  M
16  50  45  48 -13  17   0 0.02    M    M  6.4 10  20   M    M   8         M  M
17  71  43  57  -4   8   0 0.00    M    M  4.6  9 360   M    M   0         M  M
18  65  47  56  -4   9   0 0.00    M    M  6.5 13  60   M    M   0         M  M
================================================================================
SM 1381 1049        74 125  3.77    M     84.5          M       72
================================================================================
AV 76.7 58.3                               4.7 FASTST   M    M   4    MAX(MPH)
                                 MISC ---->  # 15 180               # 21  330
================================================================================
NOTES:
# LAST OF SEVERAL OCCURRENCES

COLUMN 17 PEAK WIND IN M.P.H.

PRELIMINARY LOCAL CLIMATOLOGICAL DATA (WS FORM: F-6) , PAGE 2

                                          STATION:  Searcy Airport
                                          MONTH:    OCTOBER
                                          YEAR:     2018
                                          LATITUDE:   35 12 N
                                          LONGITUDE:  91 44 W

[TEMPERATURE DATA]      [PRECIPITATION DATA]       SYMBOLS USED IN COLUMN 16

AVERAGE MONTHLY: 67.5   TOTAL FOR MONTH:   3.77    1 = FOG OR MIST
DPTR FM NORMAL:   4.3   DPTR FM NORMAL:    1.14    2 = FOG REDUCING VISIBILITY
HIGHEST:    92 ON  4    GRTST 24HR  1.25 ON 13-13      TO 1/4 MILE OR LESS
LOWEST:     43 ON 17                               3 = THUNDER
                        SNOW, ICE PELLETS, HAIL    4 = ICE PELLETS
                        TOTAL MONTH:    M          5 = HAIL
                        GRTST 24HR    M  ON   M    6 = FREEZING RAIN OR DRIZZLE
                        GRTST DEPTH:  M  ON   M    7 = DUSTSTORM OR SANDSTORM:
                                                       VSBY 1/2 MILE OR LESS
                                                   8 = SMOKE OR HAZE
[NO. OF DAYS WITH]      [WEATHER - DAYS WITH]      9 = BLOWING SNOW
                                                   X = TORNADO
MAX 32 OR BELOW:   0    0.01 INCH OR MORE:   8
MAX 90 OR ABOVE:   5    0.10 INCH OR MORE:   6
MIN 32 OR BELOW:   0    0.50 INCH OR MORE:   2
MIN  0 OR BELOW:   0    1.00 INCH OR MORE:   2

[HDD (BASE 65) ]
TOTAL THIS MO.    74    CLEAR  (SCALE 0-3)   8
DPTR FM NORMAL     0    PTCLDY (SCALE 4-7)   8
TOTAL FM JUL 1    76    CLOUDY (SCALE 8-10)  2
DPTR FM NORMAL   -19

[CDD (BASE 65) ]
TOTAL THIS MO.   125
DPTR FM NORMAL    84    [PRESSURE DATA]
TOTAL FM JAN 1  2295    HIGHEST SLP M ON M
DPTR FM NORMAL   403    LOWEST  SLP M ON M

[REMARKS]
