000
CXUS55 KTBW 191000
CF6SRQ
PRELIMINARY LOCAL CLIMATOLOGICAL DATA (WS FORM: F-6)

                                          STATION:   Sarasota Bradenton
                                          MONTH:     JULY
                                          YEAR:      2018
                                          LATITUDE:   27 23 N
                                          LONGITUDE:  82 33 W

  TEMPERATURE IN F:       :PCPN:    SNOW:  WIND      :SUNSHINE: SKY     :PK WND
================================================================================
1   2   3   4   5  6A  6B    7    8   9   10  11  12  13   14  15   16   17  18
                                     12Z  AVG MX 2MIN
DY MAX MIN AVG DEP HDD CDD  WTR  SNW DPTH SPD SPD DIR MIN PSBL S-S WX    SPD DR
================================================================================

 1  89  74  82   0   0  17    T  0.0    0  6.2 17 220   M    M   2 3      24 220
 2  91  75  83   1   0  18    T  0.0    0  5.9 15  60   M    M   1 3      20  60
 3  92  72  82   0   0  17 0.85  0.0    0  6.1 37 110   M    M   0 13     43 120
 4  90  69  80  -2   0  15 2.76  0.0    0  6.9 40 110   M    M   2 13     52 110
 5  89  70  80  -2   0  15    T  0.0    0  6.4 20 120   M    M   1 38     23 120
 6  88  73  81  -1   0  16    T  0.0    0  6.1 15  70   M    M   0        20  80
 7  89  73  81  -1   0  16 0.00  0.0    0  4.2 12 140   M    M   1 3      14 150
 8  92  74  83   1   0  18 0.02  0.0    0  5.4 13 300   M    M   1 3      16 300
 9  93  75  84   2   0  19 0.00  0.0    0  7.1 16 280   M    M   1 3      22 320
10  90  75  83   1   0  18    T  0.0    0  7.0 16 290   M    M   2 3      20  50
11  93  75  84   2   0  19 0.02  0.0    0  6.3 21 100   M    M   2 3      26 100
12  91  74  83   1   0  18 0.00  0.0    0  4.9 13 230   M    M   0 3      17 230
13  91  76  84   2   0  19    T  0.0    0  4.4 15 290   M    M   1 3      20  30
14  92  76  84   2   0  19 0.32  0.0    0  3.5 14 270   M    M   2 3      17 320
15  91  75  83   1   0  18 0.00  0.0    0  4.8 14 310   M    M   1 3      16 310
16  91  77  84   2   0  19 0.00  0.0    0  5.5 14 270   M    M   1        17 280
17  91  78  85   3   0  20    T  0.0    0  8.1 15 240   M    M   2 3      18 230
18  89  79  84   2   0  19 0.22  0.0    0  7.6 18 270   M    M   3 138    24 270
================================================================================
SM 1632 1340         0 320  4.19     0.0 106.4          M       23
================================================================================
AV 90.7 74.4                               5.9 FASTST   M    M   1    MAX(MPH)
                                 MISC ---->  # 40 110               # 52  110
================================================================================
NOTES:
# LAST OF SEVERAL OCCURRENCES

COLUMN 17 PEAK WIND IN M.P.H.

PRELIMINARY LOCAL CLIMATOLOGICAL DATA (WS FORM: F-6) , PAGE 2

                                          STATION:  Sarasota Bradenton
                                          MONTH:    JULY
                                          YEAR:     2018
                                          LATITUDE:   27 23 N
                                          LONGITUDE:  82 33 W

[TEMPERATURE DATA]      [PRECIPITATION DATA]       SYMBOLS USED IN COLUMN 16

AVERAGE MONTHLY: 82.6   TOTAL FOR MONTH:   4.19    1 = FOG OR MIST
DPTR FM NORMAL:   0.6   DPTR FM NORMAL:   -0.47    2 = FOG REDUCING VISIBILITY
HIGHEST:    93 ON 11, 9 GRTST 24HR  2.76 ON  4- 4      TO 1/4 MILE OR LESS
LOWEST:     69 ON  4                               3 = THUNDER
                        SNOW, ICE PELLETS, HAIL    4 = ICE PELLETS
                        TOTAL MONTH:   0.0 INCH    5 = HAIL
                        GRTST 24HR     0.0         6 = FREEZING RAIN OR DRIZZLE
                        GRTST DEPTH:   0           7 = DUSTSTORM OR SANDSTORM:
                                                       VSBY 1/2 MILE OR LESS
                                                   8 = SMOKE OR HAZE
[NO. OF DAYS WITH]      [WEATHER - DAYS WITH]      9 = BLOWING SNOW
                                                   X = TORNADO
MAX 32 OR BELOW:   0    0.01 INCH OR MORE:   6
MAX 90 OR ABOVE:  13    0.10 INCH OR MORE:   4
MIN 32 OR BELOW:   0    0.50 INCH OR MORE:   2
MIN  0 OR BELOW:   0    1.00 INCH OR MORE:   1

[HDD (BASE 65) ]
TOTAL THIS MO.     0    CLEAR  (SCALE 0-3)  18
DPTR FM NORMAL     0    PTCLDY (SCALE 4-7)   0
TOTAL FM JUL 1     0    CLOUDY (SCALE 8-10)  0
DPTR FM NORMAL     0

[CDD (BASE 65) ]
TOTAL THIS MO.   320
DPTR FM NORMAL    12    [PRESSURE DATA]
TOTAL FM JAN 1  1791    HIGHEST SLP M ON M
DPTR FM NORMAL   260    LOWEST  SLP 29.94 ON  3

[REMARKS]
