000
CXUS54 KEPZ 271200
CF6SRR
PRELIMINARY LOCAL CLIMATOLOGICAL DATA (WS FORM: F-6)

                                          STATION:   RUIDOSO        AWOS
                                          MONTH:     MAY
                                          YEAR:      2018
                                          LATITUDE:   33 28 N
                                          LONGITUDE: 105 32 W

  TEMPERATURE IN F:       :PCPN:    SNOW:  WIND      :SUNSHINE: SKY     :PK WND
================================================================================
1   2   3   4   5  6A  6B    7    8   9   10  11  12  13   14  15   16   17  18
                                     12Z  AVG MX 2MIN
DY MAX MIN AVG DEP HDD CDD  WTR  SNW DPTH SPD SPD DIR MIN PSBL S-S WX    SPD DR
================================================================================

 1  64  50  57   M   8   0 0.00  0.0    0 18.6 35 210   M    M   1 8      40 210
 2  66  46  56   M   9   0 0.00  0.0    0 18.1 35 200   M    M   1 8      53 200
 3  61  37  49   M  16   0 0.00  0.0    0 11.6 22 300   M    M   0        29 300
 4  64  39  52   M  13   0 0.00  0.0    0  8.5 16 140   M    M   2 8      22 140
 5  73  45  59   M   6   0 0.00  0.0    0  5.9 13 130   M    M   1        17 340
 6  77  48  63   M   2   0 0.00  0.0    0  7.9 17 140   M    M   0        28 140
 7  81  54  68   M   0   3 0.00  0.0    0  8.1 14 260   M    M   1        23 360
 8  82  59  71   M   0   6 0.00  0.0    0 10.8 21 300   M    M   1        35 250
 9  86  57  72   M   0   7 0.00  0.0    0  8.4 13 330   M    M   0        24 310
10  84  63  74   M   0   9 0.00  0.0    0 13.4 28 220   M    M   0        33 230
11  77  61  69   M   0   4 0.00  0.0    0 15.5 29 240   M    M   0        36 240
12  77  59  68   M   0   3 0.00  0.0    0 17.6 28 250   M    M   0        33 240
13  75  55  65   M   0   0 0.00  0.0    0 14.6 23 210   M    M   0        38 250
14  77  57  67   M   0   2 0.00  0.0    0 12.2 24 220   M    M   0        32 250
15  79  55  67   M   0   2 0.00  0.0    0  9.8 22 210   M    M   0        33 210
16  81  55  68   M   0   3 0.00  0.0    0  9.9 21 220   M    M   0        27 220
17  82  54  68   M   0   3 0.00  0.0    0 12.2 29 230   M    M   0        39 210
18  75  54  65   M   0   0 0.00  0.0    0 14.4 24 220   M    M   0        33 220
19  75  52  64   M   1   0 0.00  0.0    0  7.9 12  30   M    M   1        20 160
20  70  48  59   M   6   0 0.00  0.0    0 14.0 21 130   M    M   4        27 110
21  66  50  58   M   7   0 0.01  0.0    0 12.7 20 120   M    M   6 3      28 120
22  64  50  57   M   8   0 0.00  0.0    M  8.5 15 140   M    M   9 13      M  M
23  68  54  61   M   4   0 0.00  0.0    M 11.4 20 150   M    M   3 13     30 150
24  77  50  64   M   1   0 0.01  0.0    0  8.3 17 160   M    M   0        24 150
25  82  57  70   M   0   5 0.00  0.0    0  9.6 16 230   M    M   1        23 230
26  84  61  73   M   0   8 0.00  0.0    0  9.0 18 220   M    M   2 3      27 250
================================================================================
SM 1947 1370        81  55  0.02     0.0 298.9          M       33
================================================================================
AV 74.9 52.7                              11.5 FASTST   M    M   1    MAX(MPH)
                                 MISC ---->  # 35 210               # 53  200
================================================================================
NOTES:
# LAST OF SEVERAL OCCURRENCES

COLUMN 17 PEAK WIND IN M.P.H.

PRELIMINARY LOCAL CLIMATOLOGICAL DATA (WS FORM: F-6) , PAGE 2

                                          STATION:  RUIDOSO        AWOS
                                          MONTH:    MAY
                                          YEAR:     2018
                                          LATITUDE:   33 28 N
                                          LONGITUDE: 105 32 W

[TEMPERATURE DATA]      [PRECIPITATION DATA]       SYMBOLS USED IN COLUMN 16

AVERAGE MONTHLY: 63.8   TOTAL FOR MONTH:   0.02    1 = FOG OR MIST
DPTR FM NORMAL:     M   DPTR FM NORMAL:       M    2 = FOG REDUCING VISIBILITY
HIGHEST:    86 ON  9    GRTST 24HR  0.01 ON 24-24      TO 1/4 MILE OR LESS
LOWEST:     37 ON  3                               3 = THUNDER
                        SNOW, ICE PELLETS, HAIL    4 = ICE PELLETS
                        TOTAL MONTH:   0.0 INCH    5 = HAIL
                        GRTST 24HR     0.0         6 = FREEZING RAIN OR DRIZZLE
                        GRTST DEPTH:   0           7 = DUSTSTORM OR SANDSTORM:
                                                       VSBY 1/2 MILE OR LESS
                                                   8 = SMOKE OR HAZE
[NO. OF DAYS WITH]      [WEATHER - DAYS WITH]      9 = BLOWING SNOW
                                                   X = TORNADO
MAX 32 OR BELOW:   0    0.01 INCH OR MORE:   2
MAX 90 OR ABOVE:   0    0.10 INCH OR MORE:   0
MIN 32 OR BELOW:   0    0.50 INCH OR MORE:   0
MIN  0 OR BELOW:   0    1.00 INCH OR MORE:   0

[HDD (BASE 65) ]
TOTAL THIS MO.    81    CLEAR  (SCALE 0-3)  23
DPTR FM NORMAL     M    PTCLDY (SCALE 4-7)   2
TOTAL FM JUL 1  3840    CLOUDY (SCALE 8-10)  1
DPTR FM NORMAL     M

[CDD (BASE 65) ]
TOTAL THIS MO.    55
DPTR FM NORMAL     M    [PRESSURE DATA]
TOTAL FM JAN 1    56    HIGHEST SLP M ON M
DPTR FM NORMAL     M    LOWEST  SLP M ON M

[REMARKS]
