000
CXUS54 KEWX 240910
CF6SSF
PRELIMINARY LOCAL CLIMATOLOGICAL DATA (WS FORM: F-6)

                                          STATION:   SAN ANTONIO STINSON FIELD
                                          MONTH:     FEBRUARY
                                          YEAR:      2018
                                          LATITUDE:   29 19 N
                                          LONGITUDE:  98 29 W

  TEMPERATURE IN F:       :PCPN:    SNOW:  WIND      :SUNSHINE: SKY     :PK WND
================================================================================
1   2   3   4   5  6A  6B    7    8   9   10  11  12  13   14  15   16   17  18
                                     12Z  AVG MX 2MIN
DY MAX MIN AVG DEP HDD CDD  WTR  SNW DPTH SPD SPD DIR MIN PSBL S-S WX    SPD DR
================================================================================

 1  83  47  65  11   0   0 0.00    M    M  7.1 18  10   M    M   0 1      25  20
 2  63  49  56   2   9   0    T    M    M  9.2 21  30   M    M   3        28  30
 3  58  47  53  -1  12   0 0.03    M    M  2.5  9 160   M    M   7 1      12 160
 4  84  41  63   9   2   0 0.00    M    M  5.3 20  40   M    M   0 1      28  40
 5  63  49  56   1   9   0 0.00    M    M  7.6 17  40   M    M   8        24  40
 6  59  49  54  -1  11   0 0.04    M    M  7.6 14  20   M    M  10 1      20  40
 7  51  41  46  -9  19   0 0.02    M    M 11.4 21  10   M    M   9 1      30  40
 8  60  36  48  -7  17   0 0.00    M    M  4.9 14  40   M    M   5 18     18  50
 9  58  50  54  -1  11   0 0.03    M    M  0.6  8 190   M    M  10 18     10 200
10  65  49  57   2   8   0 0.02    M    M  4.4 15  60   M    M   9 128    21  50
11  49  36  43 -13  22   0 0.01    M    M 11.5 22  20   M    M   9 18     30  30
12  55  32  44 -12  21   0 0.00    M    M  8.0 14  20   M    M   4        18  40
13  51  41  46 -10  19   0 0.06    M    M  5.0 10  50   M    M  10 18     14  30
14  73  50  62   6   3   0 0.07    M    M  2.8 13 150   M    M   8 1      16 150
15  79  64  72  16   0   7 0.00    M    M  6.2 16 170   M    M   8 1      21 190
16  81  62  72  16   0   7 0.00    M    M  7.2 17  30   M    M   9 12     24  40
17  74  58  66   9   0   1    T    M    M  7.2 15  40   M    M  10 8      21  50
18  82  55  69  12   0   4    T    M    M 10.0 24 140   M    M   8 18     31 140
19  84  70  77  20   0  12    T    M    M 14.0 26 130   M    M   8        33 140
20  77  72  75  18   0  10 0.01    M    M 12.7 24 120   M    M  10        33 140
21  74  44  59   1   6   0 0.65    M    M 11.1 20  10   M    M  10 13     27 360
22  51  44  48 -10  17   0 0.03    M    M  6.7 16  80   M    M  10 13     24 100
23  73  48  61   3   4   0 1.79    M    M  7.1 21 250   M    M  10 123    24 260
================================================================================
SM 1547 1134       190  41  2.76    M    170.1          M      175
================================================================================
AV 67.3 49.3                               7.4 FASTST   M    M   8    MAX(MPH)
                                 MISC ---->  # 26 130               # 33  140
================================================================================
NOTES:
# LAST OF SEVERAL OCCURRENCES

COLUMN 17 PEAK WIND IN M.P.H.

PRELIMINARY LOCAL CLIMATOLOGICAL DATA (WS FORM: F-6) , PAGE 2

                                          STATION:  SAN ANTONIO STINSON FIELD
                                          MONTH:    FEBRUARY
                                          YEAR:     2018
                                          LATITUDE:   29 19 N
                                          LONGITUDE:  98 29 W

[TEMPERATURE DATA]      [PRECIPITATION DATA]       SYMBOLS USED IN COLUMN 16

AVERAGE MONTHLY: 58.3   TOTAL FOR MONTH:   2.76    1 = FOG OR MIST
DPTR FM NORMAL:   2.5   DPTR FM NORMAL:    1.34    2 = FOG REDUCING VISIBILITY
HIGHEST:    84 ON 19, 4 GRTST 24HR  1.79 ON 23-23      TO 1/4 MILE OR LESS
LOWEST:     32 ON 12                               3 = THUNDER
                        SNOW, ICE PELLETS, HAIL    4 = ICE PELLETS
                        TOTAL MONTH:    M          5 = HAIL
                        GRTST 24HR    M  ON   M    6 = FREEZING RAIN OR DRIZZLE
                        GRTST DEPTH:  M  ON   M    7 = DUSTSTORM OR SANDSTORM:
                                                       VSBY 1/2 MILE OR LESS
                                                   8 = SMOKE OR HAZE
[NO. OF DAYS WITH]      [WEATHER - DAYS WITH]      9 = BLOWING SNOW
                                                   X = TORNADO
MAX 32 OR BELOW:   0    0.01 INCH OR MORE:  12
MAX 90 OR ABOVE:   0    0.10 INCH OR MORE:   2
MIN 32 OR BELOW:   1    0.50 INCH OR MORE:   2
MIN  0 OR BELOW:   0    1.00 INCH OR MORE:   1

[HDD (BASE 65) ]
TOTAL THIS MO.   190    CLEAR  (SCALE 0-3)   2
DPTR FM NORMAL   -36    PTCLDY (SCALE 4-7)   8
TOTAL FM JUL 1  1047    CLOUDY (SCALE 8-10) 13
DPTR FM NORMAL  -158

[CDD (BASE 65) ]
TOTAL THIS MO.    41
DPTR FM NORMAL    21    [PRESSURE DATA]
TOTAL FM JAN 1    44    HIGHEST SLP M ON M
DPTR FM NORMAL    17    LOWEST  SLP 29.70 ON 19

[REMARKS]
