000
CXUS54 KEWX 220910
CF6SSF
PRELIMINARY LOCAL CLIMATOLOGICAL DATA (WS FORM: F-6)

                                          STATION:   SAN ANTONIO STINSON FIELD
                                          MONTH:     JUNE
                                          YEAR:      2018
                                          LATITUDE:   29 19 N
                                          LONGITUDE:  98 29 W

  TEMPERATURE IN F:       :PCPN:    SNOW:  WIND      :SUNSHINE: SKY     :PK WND
================================================================================
1   2   3   4   5  6A  6B    7    8   9   10  11  12  13   14  15   16   17  18
                                     12Z  AVG MX 2MIN
DY MAX MIN AVG DEP HDD CDD  WTR  SNW DPTH SPD SPD DIR MIN PSBL S-S WX    SPD DR
================================================================================

 1 102  76  89   8   0  24 0.00    M    M 10.1 22 120   M    M   4 18     26 130
 2 103  77  90   9   0  25 0.00    M    M  7.9 16 130   M    M   2        23 150
 3 101  77  89   8   0  24 0.00    M    M  5.0 16 140   M    M   2        21 130
 4  98  76  87   5   0  22 0.00    M    M  4.9 17  70   M    M   0        22  50
 5 103  74  89   7   0  24 0.00    M    M  6.5 21 140   M    M   1        26 150
 6 103  78  91   9   0  26 0.00    M    M  8.4 22 140   M    M   2        27 140
 7 102  77  90   8   0  25 0.00    M    M  9.8 20 140   M    M   3        25 130
 8 101  77  89   7   0  24 0.00    M    M  8.0 22 130   M    M   4 8      28 100
 9 100  77  89   7   0  24 0.00    M    M 10.2 23 140   M    M   4        28 140
10 102  78  90   8   0  25 0.00    M    M 11.8 26 130   M    M   4        33 140
11 101  78  90   8   0  25 0.00    M    M 12.6 22 160   M    M   4        28 120
12 101  79  90   8   0  25 0.00    M    M 12.1 21 120   M    M   5        29 130
13 100  79  90   7   0  25 0.00    M    M 10.4 22 140   M    M   5 3      29 130
14  98  76  87   4   0  22    T    M    M  9.1 24 130   M    M   2        29 140
15  99  76  88   5   0  23 0.07    M    M 10.6 24 160   M    M   3 3      32 160
16  98  78  88   5   0  23 0.13    M    M 10.7 28 130   M    M   5        34 200
17  98  76  87   4   0  22    T    M    M  5.6 22 100   M    M   5        27 110
18  97  77  87   4   0  22 0.19    M    M  7.9 24 110   M    M   8 1      30 110
19  84  76  80  -3   0  15 0.20    M    M  9.2 15 130   M    M  10 1      20  80
20  86  76  81  -2   0  16 0.01    M    M  8.4 18 100   M    M   6 1      25 100
21  93  76  85   2   0  20 0.00  0.0    0  8.6 17 140   M    M   4        21 140
================================================================================
SM 2070 1614         0 481  0.60     0.0 187.8          M       83
================================================================================
AV 98.6 76.9                               8.9 FASTST   M    M   4    MAX(MPH)
                                 MISC ---->  # 28 130               # 34  200
================================================================================
NOTES:
# LAST OF SEVERAL OCCURRENCES

COLUMN 17 PEAK WIND IN M.P.H.

PRELIMINARY LOCAL CLIMATOLOGICAL DATA (WS FORM: F-6) , PAGE 2

                                          STATION:  SAN ANTONIO STINSON FIELD
                                          MONTH:    JUNE
                                          YEAR:     2018
                                          LATITUDE:   29 19 N
                                          LONGITUDE:  98 29 W

[TEMPERATURE DATA]      [PRECIPITATION DATA]       SYMBOLS USED IN COLUMN 16

AVERAGE MONTHLY: 87.7   TOTAL FOR MONTH:   0.60    1 = FOG OR MIST
DPTR FM NORMAL:   5.4   DPTR FM NORMAL:   -1.70    2 = FOG REDUCING VISIBILITY
HIGHEST:   103 ON  6, 5 GRTST 24HR  0.20 ON 19-19      TO 1/4 MILE OR LESS
LOWEST:     74 ON  5                               3 = THUNDER
                        SNOW, ICE PELLETS, HAIL    4 = ICE PELLETS
                        TOTAL MONTH:   0.0 INCH    5 = HAIL
                        GRTST 24HR     0.0         6 = FREEZING RAIN OR DRIZZLE
                        GRTST DEPTH:   0           7 = DUSTSTORM OR SANDSTORM:
                                                       VSBY 1/2 MILE OR LESS
                                                   8 = SMOKE OR HAZE
[NO. OF DAYS WITH]      [WEATHER - DAYS WITH]      9 = BLOWING SNOW
                                                   X = TORNADO
MAX 32 OR BELOW:   0    0.01 INCH OR MORE:   5
MAX 90 OR ABOVE:  19    0.10 INCH OR MORE:   3
MIN 32 OR BELOW:   0    0.50 INCH OR MORE:   0
MIN  0 OR BELOW:   0    1.00 INCH OR MORE:   0

[HDD (BASE 65) ]
TOTAL THIS MO.     0    CLEAR  (SCALE 0-3)   7
DPTR FM NORMAL     0    PTCLDY (SCALE 4-7)  13
TOTAL FM JUL 1  1099    CLOUDY (SCALE 8-10)  1
DPTR FM NORMAL  -312

[CDD (BASE 65) ]
TOTAL THIS MO.   481
DPTR FM NORMAL   117    [PRESSURE DATA]
TOTAL FM JAN 1  1445    HIGHEST SLP M ON M
DPTR FM NORMAL   408    LOWEST  SLP 29.69 ON 11

[REMARKS]
