000
CXUS54 KEWX 260910
CF6SSF
PRELIMINARY LOCAL CLIMATOLOGICAL DATA (WS FORM: F-6)

                                          STATION:   SAN ANTONIO STINSON FIELD
                                          MONTH:     SEPTEMBER
                                          YEAR:      2018
                                          LATITUDE:   29 19 N
                                          LONGITUDE:  98 29 W

  TEMPERATURE IN F:       :PCPN:    SNOW:  WIND      :SUNSHINE: SKY     :PK WND
================================================================================
1   2   3   4   5  6A  6B    7    8   9   10  11  12  13   14  15   16   17  18
                                     12Z  AVG MX 2MIN
DY MAX MIN AVG DEP HDD CDD  WTR  SNW DPTH SPD SPD DIR MIN PSBL S-S WX    SPD DR
================================================================================

 1 101  76  89   5   0  24 0.00    M    M  5.5 16 140   M    M   3        21 140
 2 101  78  90   6   0  25 0.00    M    M  5.8 21 110   M    M   3        27 100
 3  98  75  87   3   0  22 0.24    M    M  8.0 25 350   M    M   6 13     36 360
 4  92  76  84   1   0  19 0.52    M    M  5.3 18 170   M    M   8 138    23 170
 5  97  78  88   5   0  23 0.01    M    M  5.2 20 100   M    M   6 1      25  80
 6  92  78  85   2   0  20 0.40    M    M  3.5 22 120   M    M   4 3      27 110
 7  95  76  86   4   0  21    T    M    M  4.4 15 150   M    M   6 3      23 150
 8  93  79  86   4   0  21 0.00    M    M  6.1 16 260   M    M   6        20 260
 9  88  74  81  -1   0  16 3.63    M    M  5.8 17 130   M    M   9 13     21 130
10  77  73  75  -7   0  10 0.84    M    M  6.6 14  30   M    M  10 1      19  30
11  89  73  81   0   0  16 0.22    M    M  5.4 14 120   M    M   9 1      17  40
12  92  75  84   3   0  19 0.17    M    M  6.0 16 110   M    M   7 1      21 110
13  92  76  84   3   0  19 0.01    M    M  7.6 20  90   M    M   5 3      26  80
14  87  76  82   2   0  17 0.17    M    M  9.2 20 110   M    M   9 18     26  60
15  84  76  80   0   0  15 1.76    M    M 11.1 22  90   M    M  10 1      29 100
16  87  75  81   1   0  16 1.11    M    M  6.2 22 140   M    M   7 1      30 130
17  94  72  83   4   0  18 0.00    M    M  3.4 15 140   M    M   3        19 190
18  93  76  85   6   0  20 0.00    M    M  3.2 10 130   M    M   3 18     15 130
19  93  77  85   6   0  20 0.00    M    M  4.7 13 170   M    M   4 8      17 160
20  91  77  84   6   0  19 0.14    M    M  7.1 17 110   M    M   6 138    21 110
21  92  80  86   8   0  21 0.00    M    M  7.3 15 150   M    M   6        19 160
22  82  73  78   0   0  13 0.87    M    M  7.4 21 250   M    M   8 13     27 250
23  84  70  77  -1   0  12 0.00    M    M  4.7 10 350   M    M   9        13 350
24  91  74  83   6   0  18    T    M    M  4.0 12 150   M    M   6        16 200
25  94  77  86   9   0  21 0.00    M    M  6.9 13 160   M    M   5        17 160
================================================================================
SM 2279 1890         0 465 10.09    M    150.4          M      158
================================================================================
AV 91.2 75.6                               6.0 FASTST   M    M   6    MAX(MPH)
                                 MISC ---->  # 25 350               # 36  360
================================================================================
NOTES:
# LAST OF SEVERAL OCCURRENCES

COLUMN 17 PEAK WIND IN M.P.H.

PRELIMINARY LOCAL CLIMATOLOGICAL DATA (WS FORM: F-6) , PAGE 2

                                          STATION:  SAN ANTONIO STINSON FIELD
                                          MONTH:    SEPTEMBER
                                          YEAR:     2018
                                          LATITUDE:   29 19 N
                                          LONGITUDE:  98 29 W

[TEMPERATURE DATA]      [PRECIPITATION DATA]       SYMBOLS USED IN COLUMN 16

AVERAGE MONTHLY: 83.4   TOTAL FOR MONTH:  10.09    1 = FOG OR MIST
DPTR FM NORMAL:   2.8   DPTR FM NORMAL:    7.63    2 = FOG REDUCING VISIBILITY
HIGHEST:   101 ON  2, 1 GRTST 24HR  3.63 ON  9- 9      TO 1/4 MILE OR LESS
LOWEST:     70 ON 23                               3 = THUNDER
                        SNOW, ICE PELLETS, HAIL    4 = ICE PELLETS
                        TOTAL MONTH:    M          5 = HAIL
                        GRTST 24HR    M  ON   M    6 = FREEZING RAIN OR DRIZZLE
                        GRTST DEPTH:  M  ON   M    7 = DUSTSTORM OR SANDSTORM:
                                                       VSBY 1/2 MILE OR LESS
                                                   8 = SMOKE OR HAZE
[NO. OF DAYS WITH]      [WEATHER - DAYS WITH]      9 = BLOWING SNOW
                                                   X = TORNADO
MAX 32 OR BELOW:   0    0.01 INCH OR MORE:  14
MAX 90 OR ABOVE:  17    0.10 INCH OR MORE:  12
MIN 32 OR BELOW:   0    0.50 INCH OR MORE:   6
MIN  0 OR BELOW:   0    1.00 INCH OR MORE:   3

[HDD (BASE 65) ]
TOTAL THIS MO.     0    CLEAR  (SCALE 0-3)   4
DPTR FM NORMAL     0    PTCLDY (SCALE 4-7)  14
TOTAL FM JUL 1     0    CLOUDY (SCALE 8-10)  7
DPTR FM NORMAL     0

[CDD (BASE 65) ]
TOTAL THIS MO.   465
DPTR FM NORMAL    75    [PRESSURE DATA]
TOTAL FM JAN 1  3605    HIGHEST SLP M ON M
DPTR FM NORMAL   771    LOWEST  SLP 29.71 ON  2

[REMARKS]
