411
CXUS53 KGRB 010735
CF6STE
PRELIMINARY LOCAL CLIMATOLOGICAL DATA (WS FORM: F-6)

                                          STATION:   STEVENS POINT WI
                                          MONTH:     SEPTEMBER
                                          YEAR:      2018
                                          LATITUDE:   44 32 N
                                          LONGITUDE:  89 32 W

  TEMPERATURE IN F:       :PCPN:    SNOW:  WIND      :SUNSHINE: SKY     :PK WND
================================================================================
1   2   3   4   5  6A  6B    7    8   9   10  11  12  13   14  15   16   17  18
                                     12Z  AVG MX 2MIN
DY MAX MIN AVG DEP HDD CDD  WTR  SNW DPTH SPD SPD DIR MIN PSBL S-S WX    SPD DR
================================================================================

 1  77  61  69   M   0   4 0.01  0.0    0  5.6 12 240   M    M   4        17 230
 2  75  61  68   M   0   3 0.02  0.0    0  7.4 15 230   M    M   7 1      22 200
 3  69  61  65   M   0   0 0.52  0.0    0  4.5 10  90   M    M  10 12      M  M
 4  82  66  74   M   0   9 0.62  0.0    0  6.1 12 240   M    M   7 3       M  M
 5  72  53  63   M   2   0 0.74  0.0    0  6.9 15 170   M    M   8        27 210
 6  69  44  57   M   8   0 0.00  0.0    0  2.9  9 110   M    M   0         M  M
 7  69  43  56   M   9   0 0.00  0.0    0  2.4  9  90   M    M   0         M  M
 8  68  44  56   M   9   0 0.00  0.0    0  8.8 14  90   M    M   2        21  80
 9  67  43  55   M  10   0 0.00  0.0    0  6.1 13  80   M    M   0        17 100
10  70  38  54   M  11   0 0.00  0.0    0  0.9  6 230   M    M   0         M  M
11  78  45  62   M   3   0 0.00  0.0    0  5.8 15 200   M    M   0        20 180
12  80  52  66   M   0   1 0.00  0.0    0  5.0 13 220   M    M   0        16 200
13  79  51  65   M   0   0 0.00  0.0    0  5.4 10 150   M    M   0        16 180
14  83  55  69   M   0   4 0.00  0.0    0  3.1 10 230   M    M   4         M  M
15  86  59  73   M   0   8 0.00  0.0    0  2.0 10 250   M    M   4         M  M
16  82  57  70   M   0   5 0.00  0.0    0  3.9 10 210   M    M   1 1       M  M
17  86  62  74   M   0   9 0.30  0.0    0  4.7 10 310   M    M   3 13     17 310
18  64  57  61   M   4   0 0.00  0.0    0  5.6  8 130   M    M  10 1       M  M
19  59  56  58   M   7   0 0.00  0.0    M  4.0  5  80   M    M  10 1       M  M
20  71  56  64   M   1   0 0.68  0.0    0  9.2 15  90   M    M  10 1      32 220
21  66  35  51   M  14   0 0.02    M    0 11.4 21 320   M    M   8        32 300
22  62  31  47   M  18   0 0.00  0.0    0  3.5 13 180   M    M   1 18     16 180
23  69  41  55   M  10   0 0.00  0.0    0  5.0  9 120   M    M   1 1       M  M
24  72  50  61   M   4   0 0.00  0.0    0  7.6 13 140   M    M   5 1      18 140
25  65  46  56   M   9   0 0.29    M    0  5.8 10 290   M    M   9 1      16 300
26  59  39  49   M  16   0 0.00  0.0    0  5.6 12 260   M    M   5        20 270
27  64  39  52   M  13   0 0.21    M    0  8.1 16 230   M    M   8        23 230
28  52  37  45   M  20   0 0.00  0.0    0  6.5 14 260   M    M   5        21 260
29  41  26  34   M  31   0 0.00  0.0    0  1.9  7 200   M    M   6         M  M
30  45  38  42   M  23   0 0.00  0.0    0  3.1  7  30   M    M  10 1       M  M
================================================================================
SM 2081 1446       222  43  3.41     0.0 158.8          M      138
================================================================================
AV 69.4 48.2                               5.3 FASTST   M    M   5    MAX(MPH)
                                 MISC ---->  # 21 320               # 32  220
================================================================================
NOTES:
# LAST OF SEVERAL OCCURRENCES

COLUMN 17 PEAK WIND IN M.P.H.

PRELIMINARY LOCAL CLIMATOLOGICAL DATA (WS FORM: F-6) , PAGE 2

                                          STATION:  STEVENS POINT WI
                                          MONTH:    SEPTEMBER
                                          YEAR:     2018
                                          LATITUDE:   44 32 N
                                          LONGITUDE:  89 32 W

[TEMPERATURE DATA]      [PRECIPITATION DATA]       SYMBOLS USED IN COLUMN 16

AVERAGE MONTHLY: 58.8   TOTAL FOR MONTH:   3.41    1 = FOG OR MIST
DPTR FM NORMAL:   0.8   DPTR FM NORMAL:       M    2 = FOG REDUCING VISIBILITY
HIGHEST:    86 ON 17,15 GRTST 24HR  0.74 ON  5- 5      TO 1/4 MILE OR LESS
LOWEST:     26 ON 29                               3 = THUNDER
                        SNOW, ICE PELLETS, HAIL    4 = ICE PELLETS
                        TOTAL MONTH:   0.0 INCH    5 = HAIL
                        GRTST 24HR     0.0         6 = FREEZING RAIN OR DRIZZLE
                        GRTST DEPTH:   0           7 = DUSTSTORM OR SANDSTORM:
                                                       VSBY 1/2 MILE OR LESS
                                                   8 = SMOKE OR HAZE
[NO. OF DAYS WITH]      [WEATHER - DAYS WITH]      9 = BLOWING SNOW
                                                   X = TORNADO
MAX 32 OR BELOW:   0    0.01 INCH OR MORE:  10
MAX 90 OR ABOVE:   0    0.10 INCH OR MORE:   7
MIN 32 OR BELOW:   2    0.50 INCH OR MORE:   4
MIN  0 OR BELOW:   0    1.00 INCH OR MORE:   0

[HDD (BASE 65) ]
TOTAL THIS MO.   222    CLEAR  (SCALE 0-3)  12
DPTR FM NORMAL    -6    PTCLDY (SCALE 4-7)  12
TOTAL FM JUL 1   267    CLOUDY (SCALE 8-10)  6
DPTR FM NORMAL   -28

[CDD (BASE 65) ]
TOTAL THIS MO.    43
DPTR FM NORMAL    24    [PRESSURE DATA]
TOTAL FM JAN 1   425    HIGHEST SLP M ON M
DPTR FM NORMAL    -2    LOWEST  SLP M ON M

[REMARKS]
#FINAL-09-18#
