000
CXUS55 KEAX 160736
CF6STJ
PRELIMINARY LOCAL CLIMATOLOGICAL DATA (WS FORM: F-6)

                                          STATION:   ST. JOSEPH MO
                                          MONTH:     OCTOBER
                                          YEAR:      2018
                                          LATITUDE:   39 46 N
                                          LONGITUDE:  94 55 W

  TEMPERATURE IN F:       :PCPN:    SNOW:  WIND      :SUNSHINE: SKY     :PK WND
================================================================================
1   2   3   4   5  6A  6B    7    8   9   10  11  12  13   14  15   16   17  18
                                     12Z  AVG MX 2MIN
DY MAX MIN AVG DEP HDD CDD  WTR  SNW DPTH SPD SPD DIR MIN PSBL S-S WX    SPD DR
================================================================================

 1  78  56  67   7   0   2    T    M    M  7.9 20 320   M    M   9 128    28 180
 2  88  58  73  13   0   8 0.00    M    M  7.9 21 200   M    M   6 1      29 190
 3  92  64  78  18   0  13 0.01    M    M 16.6 32 340   M    M   2 1      46 330
 4  65  46  56  -3   9   0 0.10    M    M 11.4 22  30   M    M   5 13     29  30
 5  71  52  62   3   3   0 0.16    M    M  5.7 22 320   M    M   8 13     30 320
 6  61  49  55  -3  10   0 1.82    M    M 10.6 26 330   M    M  10 13     35 340
 7  62  50  56  -2   9   0 1.11    M    M  4.9 12  20   M    M   9 1      15  20
 8  78  61  70  12   0   5 1.25    M    M  6.6 29 270   M    M   8 13     41 270
 9  72  61  67  10   0   2 1.41    M    M  9.1 23 160   M    M   9 1      30 160
10  61  43  52  -5  13   0    T    M    M 12.4 22 320   M    M  10 1      33 320
11  54  39  47 -10  18   0    T    M    M  6.9 18 330   M    M   6        27 320
12  46  43  45 -11  20   0 0.23    M    M  4.9 12 100   M    M  10 1      15 110
13  59  37  48  -8  17   0 0.00    M    M  7.2 15 160   M    M   6 1      21 170
14  54  32  43 -13  22   0 0.21    M    M 10.7 26 350   M    M   9 1      36 360
15  49  30  40 -15  25   0    T    M    M  6.7 14 310   M    M   2 1      19 340
================================================================================
SM  990  721       146  30  6.30    M    129.5          M      109
================================================================================
AV 66.0 48.1                               8.6 FASTST   M    M   7    MAX(MPH)
                                 MISC ---->  # 32 340               # 46  330
================================================================================
NOTES:
# LAST OF SEVERAL OCCURRENCES

COLUMN 17 PEAK WIND IN M.P.H.

PRELIMINARY LOCAL CLIMATOLOGICAL DATA (WS FORM: F-6) , PAGE 2

                                          STATION:  ST. JOSEPH MO
                                          MONTH:    OCTOBER
                                          YEAR:     2018
                                          LATITUDE:   39 46 N
                                          LONGITUDE:  94 55 W

[TEMPERATURE DATA]      [PRECIPITATION DATA]       SYMBOLS USED IN COLUMN 16

AVERAGE MONTHLY: 57.0   TOTAL FOR MONTH:   6.30    1 = FOG OR MIST
DPTR FM NORMAL:  -0.7   DPTR FM NORMAL:    4.90    2 = FOG REDUCING VISIBILITY
HIGHEST:    92 ON  3    GRTST 24HR  1.82 ON  6- 6      TO 1/4 MILE OR LESS
LOWEST:     30 ON 15                               3 = THUNDER
                        SNOW, ICE PELLETS, HAIL    4 = ICE PELLETS
                        TOTAL MONTH:    M          5 = HAIL
                        GRTST 24HR    M  ON   M    6 = FREEZING RAIN OR DRIZZLE
                        GRTST DEPTH:  M  ON   M    7 = DUSTSTORM OR SANDSTORM:
                                                       VSBY 1/2 MILE OR LESS
                                                   8 = SMOKE OR HAZE
[NO. OF DAYS WITH]      [WEATHER - DAYS WITH]      9 = BLOWING SNOW
                                                   X = TORNADO
MAX 32 OR BELOW:   0    0.01 INCH OR MORE:   9
MAX 90 OR ABOVE:   1    0.10 INCH OR MORE:   8
MIN 32 OR BELOW:   2    0.50 INCH OR MORE:   4
MIN  0 OR BELOW:   0    1.00 INCH OR MORE:   4

[HDD (BASE 65) ]
TOTAL THIS MO.   146    CLEAR  (SCALE 0-3)   2
DPTR FM NORMAL    21    PTCLDY (SCALE 4-7)   5
TOTAL FM JUL 1   203    CLOUDY (SCALE 8-10)  8
DPTR FM NORMAL    -2

[CDD (BASE 65) ]
TOTAL THIS MO.    30
DPTR FM NORMAL    12    [PRESSURE DATA]
TOTAL FM JAN 1  1655    HIGHEST SLP  0.00 ON M
DPTR FM NORMAL   438    LOWEST  SLP  0.00 ON M

[REMARKS]
