000
CXUS56 KMTR 251000
CF6STS
PRELIMINARY LOCAL CLIMATOLOGICAL DATA (WS FORM: F-6)

                                          STATION:   SANTA ROSA AIRPORT
                                          MONTH:     APRIL
                                          YEAR:      2018
                                          LATITUDE:   38 30 N
                                          LONGITUDE: 122 49 W

  TEMPERATURE IN F:       :PCPN:    SNOW:  WIND      :SUNSHINE: SKY     :PK WND
================================================================================
1   2   3   4   5  6A  6B    7    8   9   10  11  12  13   14  15   16   17  18
                                     12Z  AVG MX 2MIN
DY MAX MIN AVG DEP HDD CDD  WTR  SNW DPTH SPD SPD DIR MIN PSBL S-S WX    SPD DR
================================================================================

 1  78  43  61   7   4   0 0.00  0.0    0  4.5 18 320   M    M   5 12     23 330
 2  76  46  61   7   4   0 0.00  0.0    0  5.8 16 140   M    M   1        19 340
 3  72  40  56   2   9   0 0.00  0.0    0  4.2 15 140   M    M   1 12     18 150
 4  66  47  57   3   8   0 0.00  0.0    0  4.6 13 140   M    M   4        15 140
 5  59  48  54   0  11   0 0.42    M    0  2.3  8 240   M    M   8 1      10 230
 6  60  54  57   3   8   0 2.77  0.0    0  8.2 15 160   M    M  10 1      20 130
 7  65  49  57   3   8   0 0.25  0.0    0  7.8 17 240   M    M   6 1      22 250
 8  68  43  56   2   9   0 0.00  0.0    0  4.4 13 330   M    M   2 1      17 320
 9  76  43  60   5   5   0 0.00  0.0    0  4.0 13 180   M    M   2        16 180
10  65  45  55   0  10   0 0.00  0.0    0  5.5 14 240   M    M   5        17 260
11  61  42  52  -3  13   0 0.14    M    0  5.2 26 280   M    M   5 1      39 260
12  60  35  48  -7  17   0 0.08    M    0  5.5 17 310   M    M   3 12     23 300
13  72  37  55   0  10   0 0.00  0.0    0  7.0 14  10   M    M   0        17  20
14  74  44  59   4   6   0 0.00  0.0    0  3.5 12 220   M    M   1 1      14 180
15  60  40  50  -5  15   0 0.21    M    0  4.5 20 180   M    M   5 1      24 180
16  53  38  46 -10  19   0 0.42    M    0  3.7 13  10   M    M   7 12     17 320
17  63  33  48  -8  17   0 0.00  0.0    0  3.7 14 240   M    M   3 12     17 230
18  61  41  51  -5  14   0 0.00  0.0    0  2.9 13 240   M    M   3        16 210
19  72  36  54  -2  11   0 0.00  0.0    0  3.0 13 330   M    M   1 1      17 320
20  76  42  59   3   6   0 0.00  0.0    0  5.4 15 160   M    M   0        19 140
21  79  43  61   5   4   0 0.00  0.0    0  3.8 14 170   M    M   0 1      17 170
22  81  40  61   5   4   0 0.00  0.0    0  3.5 12 170   M    M   2 1      14 160
23  82  48  65   8   0   0 0.00    M    0  4.6 14 190   M    M   0 1      17 180
24  67  46  57   0   8   0 0.00  0.0    0  5.0 17 160   M    M   6 1      20 160
================================================================================
SM 1646 1023       220   0  4.29     0.0 112.6          M       80
================================================================================
AV 68.6 42.6                               4.7 FASTST   M    M   3    MAX(MPH)
                                 MISC ---->  # 26 280               # 39  260
================================================================================
NOTES:
# LAST OF SEVERAL OCCURRENCES

COLUMN 17 PEAK WIND IN M.P.H.

PRELIMINARY LOCAL CLIMATOLOGICAL DATA (WS FORM: F-6) , PAGE 2

                                          STATION:  SANTA ROSA AIRPORT
                                          MONTH:    APRIL
                                          YEAR:     2018
                                          LATITUDE:   38 30 N
                                          LONGITUDE: 122 49 W

[TEMPERATURE DATA]      [PRECIPITATION DATA]       SYMBOLS USED IN COLUMN 16

AVERAGE MONTHLY: 55.6   TOTAL FOR MONTH:   4.29    1 = FOG OR MIST
DPTR FM NORMAL:   0.5   DPTR FM NORMAL:    2.52    2 = FOG REDUCING VISIBILITY
HIGHEST:    82 ON 23    GRTST 24HR  2.77 ON  6- 6      TO 1/4 MILE OR LESS
LOWEST:     33 ON 17                               3 = THUNDER
                        SNOW, ICE PELLETS, HAIL    4 = ICE PELLETS
                        TOTAL MONTH:   0.0 INCH    5 = HAIL
                        GRTST 24HR     0.0         6 = FREEZING RAIN OR DRIZZLE
                        GRTST DEPTH:   0           7 = DUSTSTORM OR SANDSTORM:
                                                       VSBY 1/2 MILE OR LESS
                                                   8 = SMOKE OR HAZE
[NO. OF DAYS WITH]      [WEATHER - DAYS WITH]      9 = BLOWING SNOW
                                                   X = TORNADO
MAX 32 OR BELOW:   0    0.01 INCH OR MORE:   7
MAX 90 OR ABOVE:   0    0.10 INCH OR MORE:   6
MIN 32 OR BELOW:   0    0.50 INCH OR MORE:   1
MIN  0 OR BELOW:   0    1.00 INCH OR MORE:   1

[HDD (BASE 65) ]
TOTAL THIS MO.   220    CLEAR  (SCALE 0-3)  13
DPTR FM NORMAL   -19    PTCLDY (SCALE 4-7)  10
TOTAL FM JUL 1  2504    CLOUDY (SCALE 8-10)  1
DPTR FM NORMAL  -294

[CDD (BASE 65) ]
TOTAL THIS MO.     0
DPTR FM NORMAL     0    [PRESSURE DATA]
TOTAL FM JAN 1     1    HIGHEST SLP M ON M
DPTR FM NORMAL     0    LOWEST  SLP 29.84 ON  7

[REMARKS]
