000
CXUS53 KLSX 211600
CF6SUS
PRELIMINARY LOCAL CLIMATOLOGICAL DATA (WS FORM: F-6)

                                          STATION:   SPIRIT OF ST LOUIS MO
                                          MONTH:     MAY
                                          YEAR:      2018
                                          LATITUDE:   38 39 N
                                          LONGITUDE:  90 38 W

  TEMPERATURE IN F:       :PCPN:    SNOW:  WIND      :SUNSHINE: SKY     :PK WND
================================================================================
1   2   3   4   5  6A  6B    7    8   9   10  11  12  13   14  15   16   17  18
                                     12Z  AVG MX 2MIN
DY MAX MIN AVG DEP HDD CDD  WTR  SNW DPTH SPD SPD DIR MIN PSBL S-S WX    SPD DR
================================================================================

 1  89  49  69   8   0   4 0.00  0.0    0  8.4 21 210   M    M   2        32 170
 2  89  64  77  16   0  12 0.00  0.0    0  9.1 22 230   M    M   4        32 200
 3  78  66  72  10   0   7 0.83  0.0    0 10.3 24 180   M    M   5 13     43 180
 4  76  50  63   1   2   0 0.00  0.0    0  8.1 20 290   M    M   3        27 270
 5  81  49  65   3   0   0 0.00  0.0    0  3.0 13 330   M    M   1 1      22  30
 6  86  50  68   6   0   3 0.02  0.0    0  5.9 23 290   M    M   4 3      37 290
 7  79  51  65   2   0   0 0.00  0.0    0  3.8 13  50   M    M   0        19  20
 8  82  46  64   1   1   0 0.00  0.0    0  5.8 16  80   M    M   1        23  90
 9  89  60  75  12   0  10 0.31  0.0    0  8.6 23 230   M    M   4 13     33 240
10  90  55  73   9   0   8 0.00  0.0    0  6.3 17 250   M    M   2        23 250
11  90  63  77  13   0  12 0.00  0.0    0  7.2 21 170   M    M   4        33 160
12  90  65  78  14   0  13 0.00  0.0    0  8.2 18 190   M    M   4        27 210
13  92  66  79  15   0  14 0.00  0.0    0  6.6 16 240   M    M   3        23 220
14  91  66  79  14   0  14 0.41  0.0    0  7.8 35 310   M    M   4 138    51 300
15  83  64  74   9   0   9 0.02  0.0    0  4.8 18  40   M    M   4 1      26 220
16  84  63  74   9   0   9 0.00  0.0    0  3.6 12  40   M    M   2 1      15  40
17  84  62  73   7   0   8 0.00  0.0    0  5.8 16  60   M    M   4 13     22  80
18  71  66  69   3   0   4 1.45  0.0    0  3.9 10  60   M    M   8 1      17 150
19  82  61  72   6   0   7 0.11  0.0    0  4.3 24 270   M    M   7 1238   39 260
20  82  61  72   5   0   7 1.22  0.0    0  5.4 28 230   M    M   3 13     37 250
================================================================================
SM 1688 1177         3 141  4.37     0.0 126.9          M       69
================================================================================
AV 84.4 58.9                               6.3 FASTST   M    M   3    MAX(MPH)
                                 MISC ---->  # 35 310               # 51  300
================================================================================
NOTES:
# LAST OF SEVERAL OCCURRENCES

COLUMN 17 PEAK WIND IN M.P.H.

PRELIMINARY LOCAL CLIMATOLOGICAL DATA (WS FORM: F-6) , PAGE 2

                                          STATION:  SPIRIT OF ST LOUIS MO
                                          MONTH:    MAY
                                          YEAR:     2018
                                          LATITUDE:   38 39 N
                                          LONGITUDE:  90 38 W

[TEMPERATURE DATA]      [PRECIPITATION DATA]       SYMBOLS USED IN COLUMN 16

AVERAGE MONTHLY: 71.6   TOTAL FOR MONTH:   4.37    1 = FOG OR MIST
DPTR FM NORMAL:   7.9   DPTR FM NORMAL:    1.36    2 = FOG REDUCING VISIBILITY
HIGHEST:    92 ON 13    GRTST 24HR  1.45 ON 18-18      TO 1/4 MILE OR LESS
LOWEST:     46 ON  8                               3 = THUNDER
                        SNOW, ICE PELLETS, HAIL    4 = ICE PELLETS
                        TOTAL MONTH:   0.0 INCH    5 = HAIL
                        GRTST 24HR     0.0         6 = FREEZING RAIN OR DRIZZLE
                        GRTST DEPTH:   0           7 = DUSTSTORM OR SANDSTORM:
                                                       VSBY 1/2 MILE OR LESS
                                                   8 = SMOKE OR HAZE
[NO. OF DAYS WITH]      [WEATHER - DAYS WITH]      9 = BLOWING SNOW
                                                   X = TORNADO
MAX 32 OR BELOW:   0    0.01 INCH OR MORE:   8
MAX 90 OR ABOVE:   5    0.10 INCH OR MORE:   6
MIN 32 OR BELOW:   0    0.50 INCH OR MORE:   3
MIN  0 OR BELOW:   0    1.00 INCH OR MORE:   2

[HDD (BASE 65) ]
TOTAL THIS MO.     3    CLEAR  (SCALE 0-3)   9
DPTR FM NORMAL   -71    PTCLDY (SCALE 4-7)  10
TOTAL FM JUL 1  4771    CLOUDY (SCALE 8-10)  1
DPTR FM NORMAL    21

[CDD (BASE 65) ]
TOTAL THIS MO.   141
DPTR FM NORMAL    90    [PRESSURE DATA]
TOTAL FM JAN 1   157    HIGHEST SLP M ON M
DPTR FM NORMAL    72    LOWEST  SLP 29.72 ON  9

[REMARKS]
