000
CXUS55 KFSD 190905
CF6SUX
PRELIMINARY LOCAL CLIMATOLOGICAL DATA (WS FORM: F-6)

                                          STATION:   SIOUX CITY IA
                                          MONTH:     OCTOBER
                                          YEAR:      2018
                                          LATITUDE:   42 24 N
                                          LONGITUDE:  96 23 W

  TEMPERATURE IN F:       :PCPN:    SNOW:  WIND      :SUNSHINE: SKY     :PK WND
================================================================================
1   2   3   4   5  6A  6B    7    8   9   10  11  12  13   14  15   16   17  18
                                     12Z  AVG MX 2MIN
DY MAX MIN AVG DEP HDD CDD  WTR  SNW DPTH SPD SPD DIR MIN PSBL S-S WX    SPD DR
================================================================================

 1  54  47  51  -6  14   0 0.07  0.0    0  6.4 15 340   M    M  10 1      18 330
 2  61  50  56   0   9   0 0.11  0.0    0  6.6 14 160   M    M   9 13     19 120
 3  92  42  67  11   0   2 0.38  0.0    0 19.1 44 310   M    M   4 1378   62 340
 4  47  35  41 -15  24   0 0.19  0.0    0  8.8 21 340   M    M   5 1      27 350
 5  58  44  51  -4  14   0 0.00  0.0    0  7.6 22 350   M    M  10        26 340
 6  53  40  47  -8  18   0 0.00  0.0    0  9.9 21 340   M    M   7        26 340
 7  51  42  47  -7  18   0 0.22  0.0    0  5.8 12  60   M    M  10 1      17  80
 8  55  50  53  -1  12   0 0.30  0.0    0  6.9 20 310   M    M  10 1      26 320
 9  50  44  47  -7  18   0 1.14  0.0    0 11.8 20 360   M    M  10 1      26 350
10  45  35  40 -13  25   0    T    T    0 17.4 29 310   M    M   9 1      42 320
11  46  33  40 -13  25   0 0.00  0.0    0  9.0 21 320   M    M   7        31 300
12  44  32  38 -14  27   0 0.04  0.0    0  4.4  9 320   M    M  10 1      13 310
13  63  31  47  -5  18   0 0.10  0.0    0 10.4 21  10   M    M   4 12     29  10
14  41  32  37 -15  28   0 0.06  0.1    0 14.0 23 340   M    M  10 1      30 340
15  49  25  37 -14  28   0 0.00  0.0    0  8.4 17 330   M    M   1        24 300
16  64  27  46  -5  19   0 0.00  0.0    0  7.2 21 330   M    M   2        27 320
17  60  31  46  -4  19   0 0.00  0.0    0  4.4  9 130   M    M   1        10 350
18  73  35  54   4  11   0    T  0.0    0 11.8 24 200   M    M   0        34 220
================================================================================
SM 1006  675       327   2  2.61     0.1 169.9          M      119
================================================================================
AV 55.9 37.5                               9.4 FASTST   M    M   7    MAX(MPH)
                                 MISC ---->  # 44 310               # 62  340
================================================================================
NOTES:
# LAST OF SEVERAL OCCURRENCES

COLUMN 17 PEAK WIND IN M.P.H.

PRELIMINARY LOCAL CLIMATOLOGICAL DATA (WS FORM: F-6) , PAGE 2

                                          STATION:  SIOUX CITY IA
                                          MONTH:    OCTOBER
                                          YEAR:     2018
                                          LATITUDE:   42 24 N
                                          LONGITUDE:  96 23 W

[TEMPERATURE DATA]      [PRECIPITATION DATA]       SYMBOLS USED IN COLUMN 16

AVERAGE MONTHLY: 46.7   TOTAL FOR MONTH:   2.61    1 = FOG OR MIST
DPTR FM NORMAL:  -6.7   DPTR FM NORMAL:    1.17    2 = FOG REDUCING VISIBILITY
HIGHEST:    92 ON  3    GRTST 24HR  1.14 ON  9- 9      TO 1/4 MILE OR LESS
LOWEST:     25 ON 15                               3 = THUNDER
                        SNOW, ICE PELLETS, HAIL    4 = ICE PELLETS
                        TOTAL MONTH:   0.1 INCH    5 = HAIL
                        GRTST 24HR   0.1 ON 14-14  6 = FREEZING RAIN OR DRIZZLE
                        GRTST DEPTH:   0           7 = DUSTSTORM OR SANDSTORM:
                                                       VSBY 1/2 MILE OR LESS
                                                   8 = SMOKE OR HAZE
[NO. OF DAYS WITH]      [WEATHER - DAYS WITH]      9 = BLOWING SNOW
                                                   X = TORNADO
MAX 32 OR BELOW:   0    0.01 INCH OR MORE:  10
MAX 90 OR ABOVE:   1    0.10 INCH OR MORE:   7
MIN 32 OR BELOW:   6    0.50 INCH OR MORE:   1
MIN  0 OR BELOW:   0    1.00 INCH OR MORE:   1

[HDD (BASE 65) ]
TOTAL THIS MO.   327    CLEAR  (SCALE 0-3)   4
DPTR FM NORMAL   109    PTCLDY (SCALE 4-7)   5
TOTAL FM JUL 1   454    CLOUDY (SCALE 8-10)  9
DPTR FM NORMAL    89

[CDD (BASE 65) ]
TOTAL THIS MO.     2
DPTR FM NORMAL    -6    [PRESSURE DATA]
TOTAL FM JAN 1  1045    HIGHEST SLP M ON M
DPTR FM NORMAL   176    LOWEST  SLP 29.42 ON  3

[REMARKS]
