000
CXUS54 KEWX 170910
CF6T20
PRELIMINARY LOCAL CLIMATOLOGICAL DATA (WS FORM: F-6)

                                          STATION:   GONZALES
                                          MONTH:     DECEMBER
                                          YEAR:      2017
                                          LATITUDE:   29 31 N
                                          LONGITUDE:  97 28 W

  TEMPERATURE IN F:       :PCPN:    SNOW:  WIND      :SUNSHINE: SKY     :PK WND
================================================================================
1   2   3   4   5  6A  6B    7    8   9   10  11  12  13   14  15   16   17  18
                                     12Z  AVG MX 2MIN
DY MAX MIN AVG DEP HDD CDD  WTR  SNW DPTH SPD SPD DIR MIN PSBL S-S WX    SPD DR
================================================================================

 1  79  47  63   M   2   0 0.00    M    M  2.3  6 160   M    M   1 18      M  M
 2  80  50  65   M   0   0 0.00    M    M  1.6  9 170   M    M   4 12      M  M
 3  78  63  71   M   0   6 0.01    M    M  4.7 13 140   M    M   8 1       M  M
 4  87  69  78   M   0  13 0.01    M    M 10.0 20 200   M    M   7 1      23 200
 5  71  53  62   M   3   0 0.00    M    M 10.7 21  10   M    M  10 1      29  10
 6  54  40  47   M  18   0 0.95    M    M 10.3 15  20   M    M  10        22  20
 7  44  32  38   M  27   0 0.76    M    M  8.4 16  10   M    M  10        29  10
 8  51  33  42   M  23   0 0.00    M    M  3.1  7 320   M    M   2         M  M
 9  67  31  49   M  16   0 0.00    M    M  5.4 15 340   M    M   0        22 350
10  69  32  51   M  14   0 0.00    M    M  1.7  5 280   M    M   0         M  M
11  76  35  56   M   9   0 0.00    M    M  2.2 10 220   M    M   0         M  M
12  65  37  51   M  14   0 0.00    M    M  6.3 17  20   M    M   0        23  20
13  62  33  48   M  17   0 0.00    M    M  2.6  9 230   M    M   0         M  M
14  64  42  53   M  12   0 0.00    M    M  3.4 14  20   M    M   2        20  20
15  59  45  52   M  13   0 0.00    M    M  6.1 14  20   M    M   2        21  20
16  54  43  49   M  16   0 0.69    M    M  3.5 10  10   M    M   9         M  M
================================================================================
SM 1060  685       184  19  2.42    M     82.3          M       65
================================================================================
AV 66.3 42.8                               5.1 FASTST   M    M   4    MAX(MPH)
                                 MISC ---->  # 21  10               # 29   10
================================================================================
NOTES:
# LAST OF SEVERAL OCCURRENCES

COLUMN 17 PEAK WIND IN M.P.H.

PRELIMINARY LOCAL CLIMATOLOGICAL DATA (WS FORM: F-6) , PAGE 2

                                          STATION:  GONZALES
                                          MONTH:    DECEMBER
                                          YEAR:     2017
                                          LATITUDE:   29 31 N
                                          LONGITUDE:  97 28 W

[TEMPERATURE DATA]      [PRECIPITATION DATA]       SYMBOLS USED IN COLUMN 16

AVERAGE MONTHLY: 54.5   TOTAL FOR MONTH:   2.42    1 = FOG OR MIST
DPTR FM NORMAL:     M   DPTR FM NORMAL:       M    2 = FOG REDUCING VISIBILITY
HIGHEST:    87 ON  4    GRTST 24HR  0.95 ON  6- 6      TO 1/4 MILE OR LESS
LOWEST:     31 ON  9                               3 = THUNDER
                        SNOW, ICE PELLETS, HAIL    4 = ICE PELLETS
                        TOTAL MONTH:    M          5 = HAIL
                        GRTST 24HR    M  ON   M    6 = FREEZING RAIN OR DRIZZLE
                        GRTST DEPTH:  M  ON   M    7 = DUSTSTORM OR SANDSTORM:
                                                       VSBY 1/2 MILE OR LESS
                                                   8 = SMOKE OR HAZE
[NO. OF DAYS WITH]      [WEATHER - DAYS WITH]      9 = BLOWING SNOW
                                                   X = TORNADO
MAX 32 OR BELOW:   0    0.01 INCH OR MORE:   5
MAX 90 OR ABOVE:   0    0.10 INCH OR MORE:   3
MIN 32 OR BELOW:   3    0.50 INCH OR MORE:   3
MIN  0 OR BELOW:   0    1.00 INCH OR MORE:   0

[HDD (BASE 65) ]
TOTAL THIS MO.   184    CLEAR  (SCALE 0-3)   9
DPTR FM NORMAL     M    PTCLDY (SCALE 4-7)   2
TOTAL FM JUL 1   324    CLOUDY (SCALE 8-10)  5
DPTR FM NORMAL     M

[CDD (BASE 65) ]
TOTAL THIS MO.    19
DPTR FM NORMAL     M    [PRESSURE DATA]
TOTAL FM JAN 1  3667    HIGHEST SLP M ON M
DPTR FM NORMAL     M    LOWEST  SLP M ON M

[REMARKS]
