152
CXUS54 KFWD 230730
CF6T35
PRELIMINARY LOCAL CLIMATOLOGICAL DATA (WS FORM: F-6)

                                          STATION:   CAMERON
                                          MONTH:     FEBRUARY
                                          YEAR:      2018
                                          LATITUDE:   30 52 N
                                          LONGITUDE:  96 58 W

  TEMPERATURE IN F:       :PCPN:    SNOW:  WIND      :SUNSHINE: SKY     :PK WND
================================================================================
1   2   3   4   5  6A  6B    7    8   9   10  11  12  13   14  15   16   17  18
                                     12Z  AVG MX 2MIN
DY MAX MIN AVG DEP HDD CDD  WTR  SNW DPTH SPD SPD DIR MIN PSBL S-S WX    SPD DR
================================================================================

 1  73  51  62   M   3   0 0.00  0.0    0 10.5 17 350   M    M   0        23 350
 2  57  41  49   M  16   0 0.00  0.0    0  9.6 16  10   M    M   8        23  10
 3  55  45  50   M  15   0 0.00  0.0    0  8.1 13 180   M    M   8         M  M
 4  60  42  51   M  14   0 0.00  0.0    0  5.1 17 360   M    M   6 128    24 360
 5  52  33  43   M  22   0 0.00  0.0    0  5.3 12  10   M    M   8         M  M
 6  50  37  44   M  21   0 0.10  0.0    0  8.5 16 340   M    M  10 1      23 340
 7  44  31  38   M  27   0 0.00  0.0    0 11.5 17 360   M    M   6 1      23 360
 8  61  29  45   M  20   0 0.00  0.0    0  5.1  8  10   M    M   3 1       M  M
 9  66  51  59   M   6   0 0.00  0.0    0  7.2 14 170   M    M  10 1       M  M
10  61  34  48   M  17   0 0.08  0.0    0  8.4 17 330   M    M  10 128    23 350
11  37  29  33   M  32   0 0.02    M    0 11.9 20 340   M    M   8 1      27 340
12  38  29  34   M  31   0 0.00  0.0    0  5.7 10  40   M    M   7         M  M
13  46  35  41   M  24   0 0.03  0.0    0  1.9  5  60   M    M  10 1       M  M
14  67  46  57   M   8   0 0.01  0.0    0  4.1 13 190   M    M   9 12     18 180
15  78  66  72   M   0   7 0.00  0.0    0 12.4 21 200   M    M   8        30 200
16  70  55  63   M   2   0 0.00  0.0    0  9.9 16  20   M    M   9        21  10
17  56  45  51   M  14   0    T  0.0    0  4.9 15 350   M    M   9 12     17 350
18  77  49  63   M   2   0 0.03  0.0    0  5.6 17 170   M    M   8 1      25 170
19  80  69  75   M   0  10 0.00  0.0    0 16.6 27 180   M    M   9        40 190
20  75  50  63   M   2   0 0.18  0.0    0 13.2 21 160   M    M  10        28 170
21  50  38  44   M  21   0 0.62  0.0    0 13.9 18 330   M    M  10 13     27 340
22  42  37  40   M  25   0 0.22  0.0    0  8.3 13 360   M    M  10 13     17 350
================================================================================
SM 1295  942       322  17  1.29     0.0 187.7          M      176
================================================================================
AV 58.9 42.8                               8.5 FASTST   M    M   8    MAX(MPH)
                                 MISC ---->  # 27 180                 40    M
================================================================================
NOTES:
# LAST OF SEVERAL OCCURRENCES

COLUMN 17 PEAK WIND IN M.P.H.

PRELIMINARY LOCAL CLIMATOLOGICAL DATA (WS FORM: F-6) , PAGE 2

                                          STATION:  CAMERON
                                          MONTH:    FEBRUARY
                                          YEAR:     2018
                                          LATITUDE:   30 52 N
                                          LONGITUDE:  96 58 W

[TEMPERATURE DATA]      [PRECIPITATION DATA]       SYMBOLS USED IN COLUMN 16

AVERAGE MONTHLY: 50.8   TOTAL FOR MONTH:   1.29    1 = FOG OR MIST
DPTR FM NORMAL:     M   DPTR FM NORMAL:       M    2 = FOG REDUCING VISIBILITY
HIGHEST:    80 ON 19    GRTST 24HR  0.62 ON 21-21      TO 1/4 MILE OR LESS
LOWEST:     29 ON 12,11                            3 = THUNDER
                        SNOW, ICE PELLETS, HAIL    4 = ICE PELLETS
                        TOTAL MONTH:   0.0 INCH    5 = HAIL
                        GRTST 24HR     0.0         6 = FREEZING RAIN OR DRIZZLE
                        GRTST DEPTH:   0           7 = DUSTSTORM OR SANDSTORM:
                                                       VSBY 1/2 MILE OR LESS
                                                   8 = SMOKE OR HAZE
[NO. OF DAYS WITH]      [WEATHER - DAYS WITH]      9 = BLOWING SNOW
                                                   X = TORNADO
MAX 32 OR BELOW:   0    0.01 INCH OR MORE:   9
MAX 90 OR ABOVE:   0    0.10 INCH OR MORE:   4
MIN 32 OR BELOW:   4    0.50 INCH OR MORE:   1
MIN  0 OR BELOW:   0    1.00 INCH OR MORE:   0

[HDD (BASE 65) ]
TOTAL THIS MO.   322    CLEAR  (SCALE 0-3)   1
DPTR FM NORMAL     M    PTCLDY (SCALE 4-7)   9
TOTAL FM JUL 1  1514    CLOUDY (SCALE 8-10) 12
DPTR FM NORMAL     M

[CDD (BASE 65) ]
TOTAL THIS MO.    17
DPTR FM NORMAL     M    [PRESSURE DATA]
TOTAL FM JAN 1    17    HIGHEST SLP M ON M
DPTR FM NORMAL     M    LOWEST  SLP M ON M

[REMARKS]
