000
CXUS54 KEWX 180910
CF6T82
PRELIMINARY LOCAL CLIMATOLOGICAL DATA (WS FORM: F-6)

                                          STATION:   FREDERICKSBURG
                                          MONTH:     DECEMBER
                                          YEAR:      2017
                                          LATITUDE:   30 15 N
                                          LONGITUDE:  98 55 W

  TEMPERATURE IN F:       :PCPN:    SNOW:  WIND      :SUNSHINE: SKY     :PK WND
================================================================================
1   2   3   4   5  6A  6B    7    8   9   10  11  12  13   14  15   16   17  18
                                     12Z  AVG MX 2MIN
DY MAX MIN AVG DEP HDD CDD  WTR  SNW DPTH SPD SPD DIR MIN PSBL S-S WX    SPD DR
================================================================================

 1  74  51  63   M   2   0 0.00    M    M  3.5 13 200   M    M   5        16 190
 2  73  42  58   M   7   0 0.00    M    M  3.6 14 210   M    M   2 12     18 210
 3  73  50  62   M   3   0 0.00    M    M  3.8 14 170   M    M   6        21 170
 4  78  54  66   M   0   1 0.00    M    M  9.8 16 210   M    M   8        20 180
 5  69  51  60   M   5   0 0.01    M    M  7.7 17  40   M    M   8        24  40
 6  51  36  44   M  21   0 0.78    M    M  8.7 14  20   M    M  10        20  20
 7  42  32  37   M  28   0 0.25    M    M  8.6 18 360   M    M  10        28  20
 8  52  26  39   M  26   0 0.00    M    M  7.9 17 330   M    M   3        27 330
 9  64  32  48   M  17   0 0.00    M    M  7.2 20 330   M    M   0        27 330
10  66  26  46   M  19   0 0.00    M    M  3.3  8 290   M    M   0         M  M
11  71  30  51   M  14   0 0.00    M    M  2.3  8 240   M    M   0         M  M
12  59  31  45   M  20   0 0.00    M    M  6.6 14 350   M    M   0        21  20
13  61  28  45   M  20   0 0.00    M    M  4.2 13 230   M    M   0         M  M
14  61  38  50   M  15   0 0.00    M    M  4.4 13  40   M    M   1         M  M
15  56  36  46   M  19   0 0.00    M    M  7.5 13  20   M    M   3        21  20
16  49  32  41   M  24   0 0.02    M    M  2.6 14 180   M    M   6        18 190
17  67  42  55   M  10   0 0.00  0.0    0  2.6 10 210   M    M   7 12      M  M
================================================================================
SM 1066  637       250   1  1.06     0.0  94.3          M       69
================================================================================
AV 62.7 37.5                               5.5 FASTST   M    M   4    MAX(MPH)
                                 MISC ---->  # 20 330               # 28   20
================================================================================
NOTES:
# LAST OF SEVERAL OCCURRENCES

COLUMN 17 PEAK WIND IN M.P.H.

PRELIMINARY LOCAL CLIMATOLOGICAL DATA (WS FORM: F-6) , PAGE 2

                                          STATION:  FREDERICKSBURG
                                          MONTH:    DECEMBER
                                          YEAR:     2017
                                          LATITUDE:   30 15 N
                                          LONGITUDE:  98 55 W

[TEMPERATURE DATA]      [PRECIPITATION DATA]       SYMBOLS USED IN COLUMN 16

AVERAGE MONTHLY: 50.1   TOTAL FOR MONTH:   1.06    1 = FOG OR MIST
DPTR FM NORMAL:     M   DPTR FM NORMAL:       M    2 = FOG REDUCING VISIBILITY
HIGHEST:    78 ON  4    GRTST 24HR  0.78 ON  6- 6      TO 1/4 MILE OR LESS
LOWEST:     26 ON 10, 8                            3 = THUNDER
                        SNOW, ICE PELLETS, HAIL    4 = ICE PELLETS
                        TOTAL MONTH:   0.0 INCH    5 = HAIL
                        GRTST 24HR     0.0         6 = FREEZING RAIN OR DRIZZLE
                        GRTST DEPTH:   0           7 = DUSTSTORM OR SANDSTORM:
                                                       VSBY 1/2 MILE OR LESS
                                                   8 = SMOKE OR HAZE
[NO. OF DAYS WITH]      [WEATHER - DAYS WITH]      9 = BLOWING SNOW
                                                   X = TORNADO
MAX 32 OR BELOW:   0    0.01 INCH OR MORE:   4
MAX 90 OR ABOVE:   0    0.10 INCH OR MORE:   2
MIN 32 OR BELOW:   8    0.50 INCH OR MORE:   1
MIN  0 OR BELOW:   0    1.00 INCH OR MORE:   0

[HDD (BASE 65) ]
TOTAL THIS MO.   250    CLEAR  (SCALE 0-3)   9
DPTR FM NORMAL     M    PTCLDY (SCALE 4-7)   4
TOTAL FM JUL 1   519    CLOUDY (SCALE 8-10)  4
DPTR FM NORMAL     M

[CDD (BASE 65) ]
TOTAL THIS MO.     1
DPTR FM NORMAL     M    [PRESSURE DATA]
TOTAL FM JAN 1  2364    HIGHEST SLP M ON M
DPTR FM NORMAL     M    LOWEST  SLP M ON M

[REMARKS]
