000
CXUS55 KPUB 201059
CF6TAD
PRELIMINARY LOCAL CLIMATOLOGICAL DATA (WS FORM: F-6)

                                          STATION:   TRINIDAD CO
                                          MONTH:     JULY
                                          YEAR:      2018
                                          LATITUDE:   37 16 N
                                          LONGITUDE: 104 20 W

  TEMPERATURE IN F:       :PCPN:    SNOW:  WIND      :SUNSHINE: SKY     :PK WND
================================================================================
1   2   3   4   5  6A  6B    7    8   9   10  11  12  13   14  15   16   17  18
                                     12Z  AVG MX 2MIN
DY MAX MIN AVG DEP HDD CDD  WTR  SNW DPTH SPD SPD DIR MIN PSBL S-S WX    SPD DR
================================================================================

 1  92  57  75   2   0  10 0.00  0.0    0  9.7 23 170   M    M   2        32 170
 2  93  60  77   4   0  12 0.02  0.0    0 12.0 41 270   M    M   0 3      61 240
 3  95  64  80   7   0  15 0.00  0.0    0 13.8 32 250   M    M   0        44 250
 4  97  63  80   7   0  15 0.00  0.0    0 11.1 26 170   M    M   0        36 180
 5  87  59  73   0   0   8    T  0.0    0 12.1 35 130   M    M   1        49 140
 6  91  54  73   0   0   8 0.00  0.0    0  8.8 21 120   M    M   0        30 110
 7  95  64  80   6   0  15 0.00  0.0    0 11.0 24 170   M    M   0        42 160
 8  94  66  80   6   0  15 0.00  0.0    0 11.9 26 140   M    M   0        36 140
 9  93  65  79   5   0  14 0.00  0.0    0 10.3 24 140   M    M   0        33 150
10  95  65  80   6   0  15 0.00  0.0    0 11.9 25 190   M    M   1        34 200
11  92  66  79   5   0  14    T  0.0    0  9.1 35 230   M    M   1 3      49 240
12  92  61  77   3   0  12    T  0.0    0 10.8 32 230   M    M   1 3      41 240
13  91  63  77   3   0  12 0.00  0.0    0 10.2 22 250   M    M   1        29 240
14  94  63  79   5   0  14    T  0.0    0  7.8 31 240   M    M   0 3      40 240
15  95  61  78   4   0  13    T  0.0    0 10.4 28  20   M    M   3 3      37  20
16  88  62  75   1   0  10 0.00  0.0    0  9.6 26 160   M    M   3 3      36 160
17  86  64  75   1   0  10 0.01  0.0    0  9.9 30 240   M    M   0        38 240
18  96  60  78   4   0  13 0.00  0.0    0  9.2 18  10   M    M   0 8      29  10
19  99  70  85  11   0  20 0.00  0.0    0  8.1 17 270   M    M   0        23  60
================================================================================
SM 1765 1187         0 245  0.03     0.0 197.7          M       13
================================================================================
AV 92.9 62.5                              10.4 FASTST   M    M   1    MAX(MPH)
                                 MISC ---->  # 41 270               # 61  240
================================================================================
NOTES:
# LAST OF SEVERAL OCCURRENCES

COLUMN 17 PEAK WIND IN M.P.H.

PRELIMINARY LOCAL CLIMATOLOGICAL DATA (WS FORM: F-6) , PAGE 2

                                          STATION:  TRINIDAD CO
                                          MONTH:    JULY
                                          YEAR:     2018
                                          LATITUDE:   37 16 N
                                          LONGITUDE: 104 20 W

[TEMPERATURE DATA]      [PRECIPITATION DATA]       SYMBOLS USED IN COLUMN 16

AVERAGE MONTHLY: 77.7   TOTAL FOR MONTH:   0.03    1 = FOG OR MIST
DPTR FM NORMAL:   4.0   DPTR FM NORMAL:   -1.24    2 = FOG REDUCING VISIBILITY
HIGHEST:    99 ON 19    GRTST 24HR  0.02 ON  2- 2      TO 1/4 MILE OR LESS
LOWEST:     54 ON  6                               3 = THUNDER
                        SNOW, ICE PELLETS, HAIL    4 = ICE PELLETS
                        TOTAL MONTH:   0.0 INCH    5 = HAIL
                        GRTST 24HR     0.0         6 = FREEZING RAIN OR DRIZZLE
                        GRTST DEPTH:   0           7 = DUSTSTORM OR SANDSTORM:
                                                       VSBY 1/2 MILE OR LESS
                                                   8 = SMOKE OR HAZE
[NO. OF DAYS WITH]      [WEATHER - DAYS WITH]      9 = BLOWING SNOW
                                                   X = TORNADO
MAX 32 OR BELOW:   0    0.01 INCH OR MORE:   2
MAX 90 OR ABOVE:  16    0.10 INCH OR MORE:   0
MIN 32 OR BELOW:   0    0.50 INCH OR MORE:   0
MIN  0 OR BELOW:   0    1.00 INCH OR MORE:   0

[HDD (BASE 65) ]
TOTAL THIS MO.     0    CLEAR  (SCALE 0-3)  18
DPTR FM NORMAL     0    PTCLDY (SCALE 4-7)   1
TOTAL FM JUL 1     0    CLOUDY (SCALE 8-10)  0
DPTR FM NORMAL     0

[CDD (BASE 65) ]
TOTAL THIS MO.   245
DPTR FM NORMAL    80    [PRESSURE DATA]
TOTAL FM JAN 1   638    HIGHEST SLP M ON M
DPTR FM NORMAL   304    LOWEST  SLP 29.79 ON  2

[REMARKS]
