000
CXUS54 KBMX 221110
CF6TCL
PRELIMINARY LOCAL CLIMATOLOGICAL DATA (WS FORM: F-6)

                                          STATION:   TUSCALOOSA
                                          MONTH:     JUNE
                                          YEAR:      2018
                                          LATITUDE:   33 13 N
                                          LONGITUDE:  87 37 W

  TEMPERATURE IN F:       :PCPN:    SNOW:  WIND      :SUNSHINE: SKY     :PK WND
================================================================================
1   2   3   4   5  6A  6B    7    8   9   10  11  12  13   14  15   16   17  18
                                     12Z  AVG MX 2MIN
DY MAX MIN AVG DEP HDD CDD  WTR  SNW DPTH SPD SPD DIR MIN PSBL S-S WX    SPD DR
================================================================================

 1  92  75  84   8   0  19 0.01  0.0    0  5.0 15 250   M    M   3 1      18 230
 2  95  74  85   9   0  20 0.00  0.0    0  3.6 13 320   M    M   2 18     16 320
 3  94  74  84   8   0  19 0.00  0.0    0  5.3 16 320   M    M   1 18     22 330
 4  89  65  77   1   0  12 0.00  0.0    0  3.6 13 320   M    M   0        19 310
 5  87  64  76   0   0  11 0.00  0.0    0  1.6 10  20   M    M   0 1      14 360
 6  91  63  77   0   0  12 0.00  0.0    0  2.7 14 360   M    M   0 1      18 350
 7  95  65  80   3   0  15 0.00  0.0    0  3.0 10  40   M    M   0 1      14  30
 8  96  69  83   6   0  18    T  0.0    0  2.5 12 300   M    M   2 138    15 290
 9  95  69  82   5   0  17 0.00  0.0    0  3.0 14 300   M    M   0 138    18 300
10  94  69  82   5   0  17 0.06  0.0    0  3.7 14 170   M    M   0 138    18 170
11  86  70  78   0   0  13 1.21  0.0    0  4.6 29 270   M    M   3 138    36 260
12  90  70  80   2   0  15    T  0.0    0  4.5 14 250   M    M   2 123    18 240
13  86  71  79   1   0  14    T  0.0    0  4.9 14 290   M    M   5 1      19 290
14  93  74  84   6   0  19 0.00  0.0    0  4.2 13 170   M    M   5        18  50
15  95  72  84   6   0  19    T  0.0    0  3.1 18  80   M    M   2 3      26  80
16  95  72  84   5   0  19    T  0.0    0  3.0 16 170   M    M   2 13     18 180
17  94  73  84   5   0  19 0.01  0.0    0  3.3 16  30   M    M   2 13     22 230
18  95  70  83   4   0  18 0.00  0.0    0  1.8 10 250   M    M   0 1      13 250
19  96  73  85   6   0  20 0.00  0.0    0  2.5 10  20   M    M   0 18     13  10
20  95  74  85   6   0  20    T  0.0    0  2.7 13 310   M    M   0        18 290
21  87  76  82   2   0  17    T  0.0    0  5.7 15 210   M    M   4 1      20 200
================================================================================
SM 1940 1482         0 353  1.29     0.0  74.3          M       33
================================================================================
AV 92.4 70.6                               3.5 FASTST   M    M   2    MAX(MPH)
                                 MISC ---->  # 29 270               # 36  260
================================================================================
NOTES:
# LAST OF SEVERAL OCCURRENCES

COLUMN 17 PEAK WIND IN M.P.H.

PRELIMINARY LOCAL CLIMATOLOGICAL DATA (WS FORM: F-6) , PAGE 2

                                          STATION:  TUSCALOOSA
                                          MONTH:    JUNE
                                          YEAR:     2018
                                          LATITUDE:   33 13 N
                                          LONGITUDE:  87 37 W

[TEMPERATURE DATA]      [PRECIPITATION DATA]       SYMBOLS USED IN COLUMN 16

AVERAGE MONTHLY: 81.5   TOTAL FOR MONTH:   1.29    1 = FOG OR MIST
DPTR FM NORMAL:   3.9   DPTR FM NORMAL:   -1.96    2 = FOG REDUCING VISIBILITY
HIGHEST:    96 ON 19, 8 GRTST 24HR  1.21 ON 11-11      TO 1/4 MILE OR LESS
LOWEST:     63 ON  6                               3 = THUNDER
                        SNOW, ICE PELLETS, HAIL    4 = ICE PELLETS
                        TOTAL MONTH:   0.0 INCH    5 = HAIL
                        GRTST 24HR     0.0         6 = FREEZING RAIN OR DRIZZLE
                        GRTST DEPTH:   0           7 = DUSTSTORM OR SANDSTORM:
                                                       VSBY 1/2 MILE OR LESS
                                                   8 = SMOKE OR HAZE
[NO. OF DAYS WITH]      [WEATHER - DAYS WITH]      9 = BLOWING SNOW
                                                   X = TORNADO
MAX 32 OR BELOW:   0    0.01 INCH OR MORE:   4
MAX 90 OR ABOVE:  16    0.10 INCH OR MORE:   1
MIN 32 OR BELOW:   0    0.50 INCH OR MORE:   1
MIN  0 OR BELOW:   0    1.00 INCH OR MORE:   1

[HDD (BASE 65) ]
TOTAL THIS MO.     0    CLEAR  (SCALE 0-3)  17
DPTR FM NORMAL     0    PTCLDY (SCALE 4-7)   4
TOTAL FM JUL 1  2316    CLOUDY (SCALE 8-10)  0
DPTR FM NORMAL  -205

[CDD (BASE 65) ]
TOTAL THIS MO.   353
DPTR FM NORMAL    88    [PRESSURE DATA]
TOTAL FM JAN 1   818    HIGHEST SLP M ON M
DPTR FM NORMAL   242    LOWEST  SLP 29.83 ON M

[REMARKS]
