000
CXUS54 KBMX 241110
CF6TCL
PRELIMINARY LOCAL CLIMATOLOGICAL DATA (WS FORM: F-6)

                                          STATION:   TUSCALOOSA
                                          MONTH:     APRIL
                                          YEAR:      2019
                                          LATITUDE:   33 13 N
                                          LONGITUDE:  87 37 W

  TEMPERATURE IN F:       :PCPN:    SNOW:  WIND      :SUNSHINE: SKY     :PK WND
================================================================================
1   2   3   4   5  6A  6B    7    8   9   10  11  12  13   14  15   16   17  18
                                     12Z  AVG MX 2MIN
DY MAX MIN AVG DEP HDD CDD  WTR  SNW DPTH SPD SPD DIR MIN PSBL S-S WX    SPD DR
================================================================================

 1  67  35  51  -9  14   0 0.00  0.0    0  5.2 17  60   M    M   1        21  30
 2  70  43  57  -3   8   0 0.00  0.0    0  3.5 13 320   M    M   2        17 280
 3  76  39  58  -2   7   0 0.00  0.0    0  2.2 10 200   M    M   0        14 190
 4  65  45  55  -5  10   0 0.14  0.0    0  5.3 17 170   M    M   5 18     25 150
 5  76  58  67   7   0   2 0.06  0.0    0  1.5  7 150   M    M   8 18     10 120
 6  80  54  67   6   0   2 1.04  0.0    0  3.3 28 290   M    M   5 13     39 280
 7  84  65  75  14   0  10    T  0.0    0  6.9 21 170   M    M   5 13     27 170
 8  81  66  74  13   0   9 0.49  0.0    0  5.8 21 190   M    M   6 13     29 200
 9  82  61  72  11   0   7 0.12  0.0    0  5.4 15  20   M    M   6 1      20 320
10  87  55  71   9   0   6    T  0.0    0  2.3 10 230   M    M   0 12     13 240
11  88  57  73  11   0   8 0.00  0.0    0  8.8 21 180   M    M   1 1      29 180
12  74  62  68   6   0   3 0.30  0.0    0  5.4 15 290   M    M   6 13     23 300
13  81  60  71   9   0   6 0.30  0.0    0  9.7 23 150   M    M   7 13     40 150
14  74  47  61  -2   4   0 0.72  0.0    0 11.6 26 180   M    M   7 13     41 130
15  74  42  58  -5   7   0 0.00  0.0    0  2.1 12 300   M    M   0 1      15 320
16  81  46  64   1   1   0 0.00  0.0    0  3.9 14 210   M    M   0        19 200
17  80  53  67   4   0   2 0.00  0.0    0  4.4 12 170   M    M   0        18 140
18  84  63  74  10   0   9 1.91  0.0    0  9.9 35 240   M    M   6 13     54 240
19  64  47  56  -8   9   0 0.16  0.0    0 10.5 21 300   M    M   9 18     29 310
20  70  45  58  -6   7   0 0.01  0.0    0  8.6 21 270   M    M   3        30 320
21  82  41  62  -3   3   0 0.00  0.0    0  1.7  9 190   M    M   0        13 190
22  84  48  66   1   0   1 0.00  0.0    0  2.3 12 200   M    M   0 1      19 160
23  84  53  69   4   0   4 0.00  0.0    0  1.9 12 210   M    M   0 1      16 200
================================================================================
SM 1788 1185        70  69  5.25     0.0 122.2          M       77
================================================================================
AV 77.7 51.5                               5.3 FASTST   M    M   3    MAX(MPH)
                                 MISC ---->  # 35 240               # 54  240
================================================================================
NOTES:
# LAST OF SEVERAL OCCURRENCES

COLUMN 17 PEAK WIND IN M.P.H.

PRELIMINARY LOCAL CLIMATOLOGICAL DATA (WS FORM: F-6) , PAGE 2

                                          STATION:  TUSCALOOSA
                                          MONTH:    APRIL
                                          YEAR:     2019
                                          LATITUDE:   33 13 N
                                          LONGITUDE:  87 37 W

[TEMPERATURE DATA]      [PRECIPITATION DATA]       SYMBOLS USED IN COLUMN 16

AVERAGE MONTHLY: 64.6   TOTAL FOR MONTH:   5.25    1 = FOG OR MIST
DPTR FM NORMAL:   2.4   DPTR FM NORMAL:    1.98    2 = FOG REDUCING VISIBILITY
HIGHEST:    88 ON 11    GRTST 24HR  1.91 ON 18-18      TO 1/4 MILE OR LESS
LOWEST:     35 ON  1                               3 = THUNDER
                        SNOW, ICE PELLETS, HAIL    4 = ICE PELLETS
                        TOTAL MONTH:   0.0 INCH    5 = HAIL
                        GRTST 24HR     0.0         6 = FREEZING RAIN OR DRIZZLE
                        GRTST DEPTH:   0           7 = DUSTSTORM OR SANDSTORM:
                                                       VSBY 1/2 MILE OR LESS
                                                   8 = SMOKE OR HAZE
[NO. OF DAYS WITH]      [WEATHER - DAYS WITH]      9 = BLOWING SNOW
                                                   X = TORNADO
MAX 32 OR BELOW:   0    0.01 INCH OR MORE:  11
MAX 90 OR ABOVE:   0    0.10 INCH OR MORE:   9
MIN 32 OR BELOW:   0    0.50 INCH OR MORE:   3
MIN  0 OR BELOW:   0    1.00 INCH OR MORE:   2

[HDD (BASE 65) ]
TOTAL THIS MO.    70    CLEAR  (SCALE 0-3)  12
DPTR FM NORMAL   -36    PTCLDY (SCALE 4-7)  10
TOTAL FM JUL 1  2096    CLOUDY (SCALE 8-10)  1
DPTR FM NORMAL  -394

[CDD (BASE 65) ]
TOTAL THIS MO.    69
DPTR FM NORMAL    27    [PRESSURE DATA]
TOTAL FM JAN 1   119    HIGHEST SLP M ON M
DPTR FM NORMAL    54    LOWEST  SLP 29.50 ON 19

[REMARKS]
