000
CXUS54 KBMX 211110
CF6TCL
PRELIMINARY LOCAL CLIMATOLOGICAL DATA (WS FORM: F-6)

                                          STATION:   TUSCALOOSA
                                          MONTH:     JANUARY
                                          YEAR:      2019
                                          LATITUDE:   33 13 N
                                          LONGITUDE:  87 37 W

  TEMPERATURE IN F:       :PCPN:    SNOW:  WIND      :SUNSHINE: SKY     :PK WND
================================================================================
1   2   3   4   5  6A  6B    7    8   9   10  11  12  13   14  15   16   17  18
                                     12Z  AVG MX 2MIN
DY MAX MIN AVG DEP HDD CDD  WTR  SNW DPTH SPD SPD DIR MIN PSBL S-S WX    SPD DR
================================================================================

 1  65  52  59  14   6   0 0.03  0.0    0  3.5 10 360   M    M   6 1      11 320
 2  54  49  52   7  13   0 0.63  0.0    0  5.8 13  30   M    M   8 1      18 360
 3  58  50  54   9  11   0 0.56  0.0    0  5.6 15  30   M    M  10 1      21 360
 4  63  45  54   9  11   0 0.41  0.0    0 11.3 21 250   M    M   9 18     31 120
 5  63  38  51   6  14   0 0.00  0.0    0  3.8 13 320   M    M   3 1      17 330
 6  67  35  51   7  14   0 0.00  0.0    0  1.1  6 200   M    M   0 1       8 240
 7  70  38  54  10  11   0 0.00  0.0    0  4.6 16 190   M    M   1 1      21 180
 8  74  54  64  20   1   0    T  0.0    0  7.1 16 310   M    M   5        22 310
 9  56  40  48   4  17   0 0.00  0.0    0  8.1 20 310   M    M   0        26 360
10  53  31  42  -2  23   0 0.00  0.0    0  7.4 15  20   M    M   0        18 360
11  58  29  44   0  21   0 0.00  0.0    0  3.7 10  30   M    M   0        14  10
12  54  47  51   7  14   0 0.61  0.0    0  5.2 14 140   M    M   8 12     20 130
13  54  42  48   4  17   0 0.00  0.0    0  7.7 14 320   M    M  10 12     20 290
14  44  40  42  -2  23   0    T  0.0    0  6.6 13 350   M    M  10 8      16 320
15  47  32  40  -4  25   0 0.00  0.0    0  4.0 10  30   M    M   7 1      14 350
16  57  29  43  -1  22   0 0.00  0.0    0  1.8  6  50   M    M   0 128     8 210
17  53  38  46   2  19   0 0.11  0.0    0  3.7 10 190   M    M  10 1      15 190
18  58  51  55  11  10   0 0.00  0.0    0  1.3  9 140   M    M   8 12     12 130
19  65  38  52   8  13   0 1.12  0.0    0 13.2 24 290   M    M   8 123    36 320
20  41  30  36  -9  29   0 0.00  0.0    0 10.0 22 300   M    M   6        31 320
================================================================================
SM 1154  808       314   0  3.47     0.0 115.5          M      109
================================================================================
AV 57.7 40.4                               5.8 FASTST   M    M   5    MAX(MPH)
                                 MISC ---->  # 24 290               # 36  320
================================================================================
NOTES:
# LAST OF SEVERAL OCCURRENCES

COLUMN 17 PEAK WIND IN M.P.H.

PRELIMINARY LOCAL CLIMATOLOGICAL DATA (WS FORM: F-6) , PAGE 2

                                          STATION:  TUSCALOOSA
                                          MONTH:    JANUARY
                                          YEAR:     2019
                                          LATITUDE:   33 13 N
                                          LONGITUDE:  87 37 W

[TEMPERATURE DATA]      [PRECIPITATION DATA]       SYMBOLS USED IN COLUMN 16

AVERAGE MONTHLY: 49.1   TOTAL FOR MONTH:   3.47    1 = FOG OR MIST
DPTR FM NORMAL:   4.8   DPTR FM NORMAL:    0.22    2 = FOG REDUCING VISIBILITY
HIGHEST:    74 ON  8    GRTST 24HR  1.12 ON 19-19      TO 1/4 MILE OR LESS
LOWEST:     29 ON 16,11                            3 = THUNDER
                        SNOW, ICE PELLETS, HAIL    4 = ICE PELLETS
                        TOTAL MONTH:   0.0 INCH    5 = HAIL
                        GRTST 24HR     0.0         6 = FREEZING RAIN OR DRIZZLE
                        GRTST DEPTH:   0           7 = DUSTSTORM OR SANDSTORM:
                                                       VSBY 1/2 MILE OR LESS
                                                   8 = SMOKE OR HAZE
[NO. OF DAYS WITH]      [WEATHER - DAYS WITH]      9 = BLOWING SNOW
                                                   X = TORNADO
MAX 32 OR BELOW:   0    0.01 INCH OR MORE:   7
MAX 90 OR ABOVE:   0    0.10 INCH OR MORE:   6
MIN 32 OR BELOW:   5    0.50 INCH OR MORE:   4
MIN  0 OR BELOW:   0    1.00 INCH OR MORE:   1

[HDD (BASE 65) ]
TOTAL THIS MO.   314    CLEAR  (SCALE 0-3)   7
DPTR FM NORMAL  -100    PTCLDY (SCALE 4-7)   5
TOTAL FM JUL 1  1246    CLOUDY (SCALE 8-10)  8
DPTR FM NORMAL  -169

[CDD (BASE 65) ]
TOTAL THIS MO.     0
DPTR FM NORMAL     0    [PRESSURE DATA]
TOTAL FM JAN 1     0    HIGHEST SLP M ON M
DPTR FM NORMAL     0    LOWEST  SLP 29.54 ON 19

[REMARKS]
