000
CXUS54 KEPZ 171200
CF6TCS
PRELIMINARY LOCAL CLIMATOLOGICAL DATA (WS FORM: F-6)

                                          STATION:   TRUTH OR CONSEQUENCES
                                          MONTH:     JUNE
                                          YEAR:      2019
                                          LATITUDE:   33 13 N
                                          LONGITUDE: 107 16 W

  TEMPERATURE IN F:       :PCPN:    SNOW:  WIND      :SUNSHINE: SKY     :PK WND
================================================================================
1   2   3   4   5  6A  6B    7    8   9   10  11  12  13   14  15   16   17  18
                                     12Z  AVG MX 2MIN
DY MAX MIN AVG DEP HDD CDD  WTR  SNW DPTH SPD SPD DIR MIN PSBL S-S WX    SPD DR
================================================================================

 1  93  63  78   3   0  13    T  0.0    0  8.8 22 180   M    M   1        32 170
 2  92  62  77   2   0  12 0.00  0.0    0 10.3 21 180   M    M   1        35 170
 3  94  64  79   4   0  14 0.00  0.0    0  9.0 23 180   M    M   0        35 180
 4  92  61  77   1   0  12 0.00  0.0    0 11.0 36 140   M    M   0 8      47 140
 5  84  59  72  -4   0   7 0.07  0.0    0  8.1 22 210   M    M   2 3      31 210
 6  91  57  74  -2   0   9    T  0.0    0  6.9 15 290   M    M   1        19 220
 7  96  66  81   5   0  16 0.00  0.0    0 11.5 23 200   M    M   0        36 210
 8  97  68  83   7   0  18 0.00  0.0    0 10.2 25 170   M    M   0        33 180
 9  97  67  82   5   0  17 0.00  0.0    0  8.2 24  20   M    M   0        30  20
10  73  57  65 -12   0   0    T  0.0    0 11.4 28  20   M    M   2        36  10
11  89  54  72  -5   0   7 0.00  0.0    0  8.2 22 190   M    M   3 12     28 190
12  94  62  78   1   0  13 0.00  0.0    0 11.5 28  30   M    M   0        35  30
13  91  67  79   1   0  14 0.02  0.0    0  9.1 28 170   M    M   0 3      39 180
14  97  62  80   2   0  15 0.00  0.0    0  9.5 22 240   M    M   0        29 240
15  94  64  79   1   0  14 0.00  0.0    0  8.5 21 180   M    M   0        26 160
16  94  66  80   2   0  15 0.00  0.0    0  7.3 20 180   M    M   0        25 180
================================================================================
SM 1468  999         0 196  0.09     0.0 149.5          M       10
================================================================================
AV 91.8 62.4                               9.3 FASTST   M    M   1    MAX(MPH)
                                 MISC ---->  # 36 140               # 47  140
================================================================================
NOTES:
# LAST OF SEVERAL OCCURRENCES

COLUMN 17 PEAK WIND IN M.P.H.

PRELIMINARY LOCAL CLIMATOLOGICAL DATA (WS FORM: F-6) , PAGE 2

                                          STATION:  TRUTH OR CONSEQUENCES
                                          MONTH:    JUNE
                                          YEAR:     2019
                                          LATITUDE:   33 13 N
                                          LONGITUDE: 107 16 W

[TEMPERATURE DATA]      [PRECIPITATION DATA]       SYMBOLS USED IN COLUMN 16

AVERAGE MONTHLY: 77.1   TOTAL FOR MONTH:   0.09    1 = FOG OR MIST
DPTR FM NORMAL:   0.5   DPTR FM NORMAL:   -0.18    2 = FOG REDUCING VISIBILITY
HIGHEST:    97 ON 14, 9 GRTST 24HR  0.07 ON  5- 5      TO 1/4 MILE OR LESS
LOWEST:     54 ON 11                               3 = THUNDER
                        SNOW, ICE PELLETS, HAIL    4 = ICE PELLETS
                        TOTAL MONTH:   0.0 INCH    5 = HAIL
                        GRTST 24HR     0.0         6 = FREEZING RAIN OR DRIZZLE
                        GRTST DEPTH:   0           7 = DUSTSTORM OR SANDSTORM:
                                                       VSBY 1/2 MILE OR LESS
                                                   8 = SMOKE OR HAZE
[NO. OF DAYS WITH]      [WEATHER - DAYS WITH]      9 = BLOWING SNOW
                                                   X = TORNADO
MAX 32 OR BELOW:   0    0.01 INCH OR MORE:   2
MAX 90 OR ABOVE:  13    0.10 INCH OR MORE:   0
MIN 32 OR BELOW:   0    0.50 INCH OR MORE:   0
MIN  0 OR BELOW:   0    1.00 INCH OR MORE:   0

[HDD (BASE 65) ]
TOTAL THIS MO.     0    CLEAR  (SCALE 0-3)  16
DPTR FM NORMAL     0    PTCLDY (SCALE 4-7)   0
TOTAL FM JUL 1  2966    CLOUDY (SCALE 8-10)  0
DPTR FM NORMAL  -294

[CDD (BASE 65) ]
TOTAL THIS MO.   196
DPTR FM NORMAL    12    [PRESSURE DATA]
TOTAL FM JAN 1   394    HIGHEST SLP M ON M
DPTR FM NORMAL    19    LOWEST  SLP 29.61 ON M

[REMARKS]
