845
CXUS54 KFWD 180730
CF6TKI
PRELIMINARY LOCAL CLIMATOLOGICAL DATA (WS FORM: F-6)

                                          STATION:   MCKINNEY
                                          MONTH:     JULY
                                          YEAR:      2018
                                          LATITUDE:   33 10 N
                                          LONGITUDE:  96 35 W

  TEMPERATURE IN F:       :PCPN:    SNOW:  WIND      :SUNSHINE: SKY     :PK WND
================================================================================
1   2   3   4   5  6A  6B    7    8   9   10  11  12  13   14  15   16   17  18
                                     12Z  AVG MX 2MIN
DY MAX MIN AVG DEP HDD CDD  WTR  SNW DPTH SPD SPD DIR MIN PSBL S-S WX    SPD DR
================================================================================

 1  98  78  88   6   0  23 0.00  0.0    0 10.9 23 190   M    M   0        30 190
 2  99  76  88   6   0  23 0.00  0.0    0  8.1 15 170   M    M   0        18 140
 3 100  74  87   5   0  22 0.00  0.0    0  6.9 24 100   M    M   0        34  90
 4  91  75  83   1   0  18 0.00  0.0    0  7.2 17 110   M    M   3        24  90
 5  97  72  85   3   0  20 0.00  0.0    0  4.6 17  50   M    M   2        21  40
 6  97  74  86   4   0  21 0.18  0.0    0  6.1 36 130   M    M   1 13     48 130
 7  95  72  84   2   0  19 0.00  0.0    0  6.2 20  60   M    M   1        25  80
 8  95  73  84   2   0  19    T  0.0    0  7.2 22 150   M    M   2 3      29 160
 9  91  74  83   0   0  18 0.00  0.0    0  4.4 23 150   M    M   3 3      27 150
10  95  73  84   1   0  19 0.00  0.0    0  4.0 25 230   M    M   0 3      33 240
11  98  73  86   3   0  21 0.00  0.0    0  4.8 14 150   M    M   1 3      19 160
12  97  73  85   2   0  20 0.04  0.0    0  5.6 20  80   M    M   4 13     29 330
13  95  73  84   1   0  19 0.00  0.0    0  7.2 16 140   M    M   2        20 150
14  97  75  86   3   0  21 0.00  0.0    0  8.5 17 130   M    M   0        21 140
15  98  77  88   5   0  23 0.00  0.0    0  9.4 17 140   M    M   0        24 140
16 100  76  88   5   0  23 0.00  0.0    0  7.7 16 140   M    M   0        21 130
17 103  75  89   5   0  24 0.00  0.0    0  7.4 16 160   M    M   0        20 140
================================================================================
SM 1646 1263         0 353  0.22     0.0 116.2          M       19
================================================================================
AV 96.8 74.3                               6.8 FASTST   M    M   1    MAX(MPH)
                                 MISC ---->  # 36 130               # 48  130
================================================================================
NOTES:
# LAST OF SEVERAL OCCURRENCES

COLUMN 17 PEAK WIND IN M.P.H.

PRELIMINARY LOCAL CLIMATOLOGICAL DATA (WS FORM: F-6) , PAGE 2

                                          STATION:  MCKINNEY
                                          MONTH:    JULY
                                          YEAR:     2018
                                          LATITUDE:   33 10 N
                                          LONGITUDE:  96 35 W

[TEMPERATURE DATA]      [PRECIPITATION DATA]       SYMBOLS USED IN COLUMN 16

AVERAGE MONTHLY: 85.6   TOTAL FOR MONTH:   0.22    1 = FOG OR MIST
DPTR FM NORMAL:   3.0   DPTR FM NORMAL:   -0.83    2 = FOG REDUCING VISIBILITY
HIGHEST:   103 ON 17    GRTST 24HR  0.18 ON  6- 6      TO 1/4 MILE OR LESS
LOWEST:     72 ON  7, 5                            3 = THUNDER
                        SNOW, ICE PELLETS, HAIL    4 = ICE PELLETS
                        TOTAL MONTH:   0.0 INCH    5 = HAIL
                        GRTST 24HR     0.0         6 = FREEZING RAIN OR DRIZZLE
                        GRTST DEPTH:   0           7 = DUSTSTORM OR SANDSTORM:
                                                       VSBY 1/2 MILE OR LESS
                                                   8 = SMOKE OR HAZE
[NO. OF DAYS WITH]      [WEATHER - DAYS WITH]      9 = BLOWING SNOW
                                                   X = TORNADO
MAX 32 OR BELOW:   0    0.01 INCH OR MORE:   2
MAX 90 OR ABOVE:  17    0.10 INCH OR MORE:   1
MIN 32 OR BELOW:   0    0.50 INCH OR MORE:   0
MIN  0 OR BELOW:   0    1.00 INCH OR MORE:   0

[HDD (BASE 65) ]
TOTAL THIS MO.     0    CLEAR  (SCALE 0-3)  15
DPTR FM NORMAL     0    PTCLDY (SCALE 4-7)   2
TOTAL FM JUL 1     0    CLOUDY (SCALE 8-10)  0
DPTR FM NORMAL     0

[CDD (BASE 65) ]
TOTAL THIS MO.   353
DPTR FM NORMAL    54    [PRESSURE DATA]
TOTAL FM JAN 1  1380    HIGHEST SLP M ON M
DPTR FM NORMAL   330    LOWEST  SLP 29.81 ON  1

[REMARKS]
