348
CXUS54 KFWD 160730
CF6TKI
PRELIMINARY LOCAL CLIMATOLOGICAL DATA (WS FORM: F-6)

                                          STATION:   MCKINNEY
                                          MONTH:     OCTOBER
                                          YEAR:      2018
                                          LATITUDE:   33 10 N
                                          LONGITUDE:  96 35 W

  TEMPERATURE IN F:       :PCPN:    SNOW:  WIND      :SUNSHINE: SKY     :PK WND
================================================================================
1   2   3   4   5  6A  6B    7    8   9   10  11  12  13   14  15   16   17  18
                                     12Z  AVG MX 2MIN
DY MAX MIN AVG DEP HDD CDD  WTR  SNW DPTH SPD SPD DIR MIN PSBL S-S WX    SPD DR
================================================================================

 1  85  71  78   8   0  13    T  0.0    0  7.4 16 160   M    M   6 1      19 140
 2  86  69  78   9   0  13 0.00  0.0    0  7.3 15 150   M    M   2        19 140
 3  89  72  81  12   0  16 0.00  0.0    0 11.5 22 170   M    M   2        28 190
 4  89  72  81  12   0  16 0.00  0.0    0  8.2 17 160   M    M   0        22 160
 5  89  71  80  12   0  15 0.00  0.0    0  9.7 20 150   M    M   1 8      25 170
 6  87  74  81  13   0  16 0.10  0.0    0  9.6 17 170   M    M   5 138    21 170
 7  89  73  81  13   0  16 0.07  0.0    0 10.6 31 180   M    M   6 13     43 200
 8  86  70  78  11   0  13 0.92  0.0    0 10.6 26 230   M    M   5 13     33 230
 9  74  63  69   2   0   4 0.86  0.0    0  6.3 20 300   M    M   6 123    26 270
10  71  56  64  -3   1   0 0.00  0.0    0  8.1 18 310   M    M   5 12     23 320
11  72  51  62  -4   3   0 0.00  0.0    0  5.9 16  20   M    M   1        21  40
12  65  58  62  -4   3   0 0.33  0.0    0  5.1 13 120   M    M   9 1      17 120
13  66  60  63  -3   2   0 2.31  0.0    0  7.6 15 360   M    M  10 13     20  90
14  79  50  65  -1   0   0 0.16  0.0    0  8.1 24 350   M    M   9 1      30 340
15  50  41  46 -19  19   0 1.79    M    0 14.9 25 360   M    M  10 13     32  10
================================================================================
SM 1177  951        28 122  6.54     0.0 130.9          M       77
================================================================================
AV 78.5 63.4                               8.7 FASTST   M    M   5    MAX(MPH)
                                 MISC ---->  # 31 180               # 43  200
================================================================================
NOTES:
# LAST OF SEVERAL OCCURRENCES

COLUMN 17 PEAK WIND IN M.P.H.

PRELIMINARY LOCAL CLIMATOLOGICAL DATA (WS FORM: F-6) , PAGE 2

                                          STATION:  MCKINNEY
                                          MONTH:    OCTOBER
                                          YEAR:     2018
                                          LATITUDE:   33 10 N
                                          LONGITUDE:  96 35 W

[TEMPERATURE DATA]      [PRECIPITATION DATA]       SYMBOLS USED IN COLUMN 16

AVERAGE MONTHLY: 70.9   TOTAL FOR MONTH:   6.54    1 = FOG OR MIST
DPTR FM NORMAL:   3.5   DPTR FM NORMAL:    4.72    2 = FOG REDUCING VISIBILITY
HIGHEST:    89 ON  7, 5 GRTST 24HR  2.31 ON 13-13      TO 1/4 MILE OR LESS
LOWEST:     41 ON 15                               3 = THUNDER
                        SNOW, ICE PELLETS, HAIL    4 = ICE PELLETS
                        TOTAL MONTH:   0.0 INCH    5 = HAIL
                        GRTST 24HR     0.0         6 = FREEZING RAIN OR DRIZZLE
                        GRTST DEPTH:   0           7 = DUSTSTORM OR SANDSTORM:
                                                       VSBY 1/2 MILE OR LESS
                                                   8 = SMOKE OR HAZE
[NO. OF DAYS WITH]      [WEATHER - DAYS WITH]      9 = BLOWING SNOW
                                                   X = TORNADO
MAX 32 OR BELOW:   0    0.01 INCH OR MORE:   8
MAX 90 OR ABOVE:   0    0.10 INCH OR MORE:   7
MIN 32 OR BELOW:   0    0.50 INCH OR MORE:   4
MIN  0 OR BELOW:   0    1.00 INCH OR MORE:   2

[HDD (BASE 65) ]
TOTAL THIS MO.    28    CLEAR  (SCALE 0-3)   5
DPTR FM NORMAL    -1    PTCLDY (SCALE 4-7)   6
TOTAL FM JUL 1    28    CLOUDY (SCALE 8-10)  4
DPTR FM NORMAL   -10

[CDD (BASE 65) ]
TOTAL THIS MO.   122
DPTR FM NORMAL    56    [PRESSURE DATA]
TOTAL FM JAN 1  2789    HIGHEST SLP M ON M
DPTR FM NORMAL   489    LOWEST  SLP 29.62 ON  9

[REMARKS]
