000
CXUS52 KMFL 221000
CF6TMB
PRELIMINARY LOCAL CLIMATOLOGICAL DATA (WS FORM: F-6)

                                          STATION:   KENDALL-TAMIAMI EXEC ARPT
                                          MONTH:     MAY
                                          YEAR:      2018
                                          LATITUDE:   25 38 N
                                          LONGITUDE:  80 26 W

  TEMPERATURE IN F:       :PCPN:    SNOW:  WIND      :SUNSHINE: SKY     :PK WND
================================================================================
1   2   3   4   5  6A  6B    7    8   9   10  11  12  13   14  15   16   17  18
                                     12Z  AVG MX 2MIN
DY MAX MIN AVG DEP HDD CDD  WTR  SNW DPTH SPD SPD DIR MIN PSBL S-S WX    SPD DR
================================================================================

 1  85  70  78   3   0  13 0.00  0.0    0 13.1 24  90   M    M   4        29  90
 2  86  72  79   4   0  14 0.02  0.0    0 15.9 24  70   M    M   7        30  80
 3  86  75  81   6   0  16 0.00  0.0    0 16.8 25  80   M    M   6        31  90
 4  86  72  79   4   0  14 0.03  0.0    0 13.7 26  60   M    M   3        29  50
 5  86  70  78   3   0  13 0.10  0.0    0  9.2 21 100   M    M   6        25 100
 6  90  71  81   5   0  16 0.21  0.0    0  6.0 16 190   M    M   2 1      23 210
 7  92  68  80   4   0  15 1.04  0.0    0  5.7 21  50   M    M   4 138    24  60
 8  89  73  81   5   0  16 0.01  0.0    0  8.7 15  70   M    M   5 3      21  80
 9  87  66  77   1   0  12 0.00  0.0    0 10.5 16  70   M    M   2        24  90
10  86  64  75  -1   0  10 0.00  0.0    0  8.9 20  90   M    M   1        23  90
11  87  69  78   2   0  13 0.00  0.0    0  8.9 18 100   M    M   1        23  90
12  81  74  78   2   0  13 0.01  0.0    0  8.2 20  80   M    M   6        24  80
13  81  72  77   0   0  12 0.35  0.0    0  6.7 15  80   M    M   8 1      20 160
14  86  71  79   2   0  14 0.71  0.0    0  6.9 21 240   M    M   3 138    27 240
15  87  70  79   2   0  14 0.95  0.0    0  8.2 18 290   M    M   4 138    24 130
16  88  70  79   2   0  14 0.01  0.0    0  7.5 21 130   M    M   3 13     27 130
17  82  73  78   1   0  13 0.70  0.0    0  3.6 13 130   M    M   5 13     17 150
18  88  72  80   2   0  15 0.00  0.0    0  6.1 14 120   M    M   3 3      18 110
19  80  71  76  -2   0  11 1.75  0.0    0  7.7 22 130   M    M   7 1      32 120
20  81  72  77  -1   0  12 1.77  0.0    0  9.6 22 190   M    M   8 13     29 170
21  82  74  78   0   0  13 0.10  0.0    0 10.7 20 110   M    M   5        25 130
================================================================================
SM 1796 1489         0 283  7.76     0.0 192.6          M       93
================================================================================
AV 85.5 70.9                               9.2 FASTST   M    M   4    MAX(MPH)
                                 MISC ---->  # 26  60               # 32  120
================================================================================
NOTES:
# LAST OF SEVERAL OCCURRENCES

COLUMN 17 PEAK WIND IN M.P.H.

PRELIMINARY LOCAL CLIMATOLOGICAL DATA (WS FORM: F-6) , PAGE 2

                                          STATION:  KENDALL-TAMIAMI EXEC ARPT
                                          MONTH:    MAY
                                          YEAR:     2018
                                          LATITUDE:   25 38 N
                                          LONGITUDE:  80 26 W

[TEMPERATURE DATA]      [PRECIPITATION DATA]       SYMBOLS USED IN COLUMN 16

AVERAGE MONTHLY: 78.2   TOTAL FOR MONTH:   7.76    1 = FOG OR MIST
DPTR FM NORMAL:   1.8   DPTR FM NORMAL:    4.78    2 = FOG REDUCING VISIBILITY
HIGHEST:    92 ON  7    GRTST 24HR  1.77 ON 20-20      TO 1/4 MILE OR LESS
LOWEST:     64 ON 10                               3 = THUNDER
                        SNOW, ICE PELLETS, HAIL    4 = ICE PELLETS
                        TOTAL MONTH:   0.0 INCH    5 = HAIL
                        GRTST 24HR     0.0         6 = FREEZING RAIN OR DRIZZLE
                        GRTST DEPTH:   0           7 = DUSTSTORM OR SANDSTORM:
                                                       VSBY 1/2 MILE OR LESS
                                                   8 = SMOKE OR HAZE
[NO. OF DAYS WITH]      [WEATHER - DAYS WITH]      9 = BLOWING SNOW
                                                   X = TORNADO
MAX 32 OR BELOW:   0    0.01 INCH OR MORE:  15
MAX 90 OR ABOVE:   2    0.10 INCH OR MORE:  10
MIN 32 OR BELOW:   0    0.50 INCH OR MORE:   6
MIN  0 OR BELOW:   0    1.00 INCH OR MORE:   3

[HDD (BASE 65) ]
TOTAL THIS MO.     0    CLEAR  (SCALE 0-3)   6
DPTR FM NORMAL     0    PTCLDY (SCALE 4-7)  15
TOTAL FM JUL 1   161    CLOUDY (SCALE 8-10)  0
DPTR FM NORMAL   -41

[CDD (BASE 65) ]
TOTAL THIS MO.   283
DPTR FM NORMAL    46    [PRESSURE DATA]
TOTAL FM JAN 1  1157    HIGHEST SLP M ON M
DPTR FM NORMAL   294    LOWEST  SLP 29.88 ON  5

[REMARKS]
