766
CXUS54 KBMX 161110
CF6TOI
PRELIMINARY LOCAL CLIMATOLOGICAL DATA (WS FORM: F-6)

                                          STATION:   TROY
                                          MONTH:     OCTOBER
                                          YEAR:      2018
                                          LATITUDE:   31 51 N
                                          LONGITUDE:  86  1 W

  TEMPERATURE IN F:       :PCPN:    SNOW:  WIND      :SUNSHINE: SKY     :PK WND
================================================================================
1   2   3   4   5  6A  6B    7    8   9   10  11  12  13   14  15   16   17  18
                                     12Z  AVG MX 2MIN
DY MAX MIN AVG DEP HDD CDD  WTR  SNW DPTH SPD SPD DIR MIN PSBL S-S WX    SPD DR
================================================================================

 1  88  69  79   9   0  14 0.00  0.0    0  4.7 13 120   M    M   3        19 140
 2  88  68  78   8   0  13 0.00  0.0    0  3.2 10  90   M    M   1 1      15  40
 3  89  66  78   8   0  13 0.00  0.0    0  2.4  9  70   M    M   1 1      12 110
 4  90  66  78   9   0  13 0.00  0.0    0  0.6  7  40   M    M   1 1      10  70
 5  90  66  78   9   0  13 0.00  0.0    0  1.2 10 350   M    M   2 18     15  20
 6  90  65  78  10   0  13 0.00  0.0    0  1.2 10 150   M    M   0 1      16 150
 7  88  65  77   9   0  12 0.00  0.0    0  4.5 15 110   M    M   0 1      23 130
 8  87  68  78  10   0  13    T  0.0    0  8.2 21 110   M    M   3 1      27 110
 9  86  72  79  12   0  14 0.01  0.0    0  8.8 23 120   M    M   6 18     32 120
10  76  74  75   8   0  10 3.59  0.0    0 15.3 33 340   M    M  10 1      45 350
11  81  59  70   3   0   5 0.00  0.0    0  8.8 18 300   M    M   5        26 280
12  76  50  63  -3   2   0 0.00  0.0    M  4.3 13 340   M    M   0 1      16 340
13  80  52  66   0   0   1 0.00  0.0    0  1.6  9  40   M    M   0        11  10
14  86  58  72   6   0   7 0.00  0.0    0  3.4 12 210   M    M   0        16 140
15  87  62  75  10   0  10 0.32  0.0    0  3.6 13 350   M    M   4 12     16 360
================================================================================
SM 1282  960         2 151  3.92     0.0  71.8          M       36
================================================================================
AV 85.5 64.0                               4.8 FASTST   M    M   2    MAX(MPH)
                                 MISC ---->  # 33 340               # 45  350
================================================================================
NOTES:
# LAST OF SEVERAL OCCURRENCES

COLUMN 17 PEAK WIND IN M.P.H.

PRELIMINARY LOCAL CLIMATOLOGICAL DATA (WS FORM: F-6) , PAGE 2

                                          STATION:  TROY
                                          MONTH:    OCTOBER
                                          YEAR:     2018
                                          LATITUDE:   31 51 N
                                          LONGITUDE:  86  1 W

[TEMPERATURE DATA]      [PRECIPITATION DATA]       SYMBOLS USED IN COLUMN 16

AVERAGE MONTHLY: 74.7   TOTAL FOR MONTH:   3.92    1 = FOG OR MIST
DPTR FM NORMAL:   7.0   DPTR FM NORMAL:    2.45    2 = FOG REDUCING VISIBILITY
HIGHEST:    90 ON  6, 5 GRTST 24HR  3.59 ON 10-10      TO 1/4 MILE OR LESS
LOWEST:     50 ON 12                               3 = THUNDER
                        SNOW, ICE PELLETS, HAIL    4 = ICE PELLETS
                        TOTAL MONTH:   0.0 INCH    5 = HAIL
                        GRTST 24HR     0.0         6 = FREEZING RAIN OR DRIZZLE
                        GRTST DEPTH:   0           7 = DUSTSTORM OR SANDSTORM:
                                                       VSBY 1/2 MILE OR LESS
                                                   8 = SMOKE OR HAZE
[NO. OF DAYS WITH]      [WEATHER - DAYS WITH]      9 = BLOWING SNOW
                                                   X = TORNADO
MAX 32 OR BELOW:   0    0.01 INCH OR MORE:   3
MAX 90 OR ABOVE:   3    0.10 INCH OR MORE:   2
MIN 32 OR BELOW:   0    0.50 INCH OR MORE:   1
MIN  0 OR BELOW:   0    1.00 INCH OR MORE:   1

[HDD (BASE 65) ]
TOTAL THIS MO.     2    CLEAR  (SCALE 0-3)  11
DPTR FM NORMAL   -21    PTCLDY (SCALE 4-7)   3
TOTAL FM JUL 1     2    CLOUDY (SCALE 8-10)  1
DPTR FM NORMAL   -25

[CDD (BASE 65) ]
TOTAL THIS MO.   151
DPTR FM NORMAL    86    [PRESSURE DATA]
TOTAL FM JAN 1  2406    HIGHEST SLP M ON M
DPTR FM NORMAL   393    LOWEST  SLP 29.70 ON 10

[REMARKS]
