000
CXUS53 KTOP 210800
CF6TOP
PRELIMINARY LOCAL CLIMATOLOGICAL DATA (WS FORM: F-6)

                                          STATION:   Topeka KS
                                          MONTH:     AUGUST
                                          YEAR:      2018
                                          LATITUDE:   39  4 N
                                          LONGITUDE:  95 38 W

  TEMPERATURE IN F:       :PCPN:    SNOW:  WIND      :SUNSHINE: SKY     :PK WND
================================================================================
1   2   3   4   5  6A  6B    7    8   9   10  11  12  13   14  15   16   17  18
                                     12Z  AVG MX 2MIN
DY MAX MIN AVG DEP HDD CDD  WTR  SNW DPTH SPD SPD DIR MIN PSBL S-S WX    SPD DR
================================================================================

 1  93  58  76  -3   0  11 0.00  0.0    0  3.0 14 300   M    M   0        19 300
 2  97  62  80   1   0  15    T  0.0    0  4.3 13 190   M    M   0        18 200
 3  99  63  81   2   0  16 0.00  0.0    0  9.5 22 180   M    M   0        32 170
 4  94  66  80   1   0  15 0.02  0.0    0  9.5 24 170   M    M   3        33 160
 5 101  76  89  10   0  24 0.00  0.0    0 11.2 24 170   M    M   0        36 160
 6  98  76  87   8   0  22 0.00  0.0    0  6.0 17  30   M    M   1        23 180
 7  91  69  80   1   0  15 1.07  0.0    0  5.2 18 310   M    M   3 13     28 340
 8  94  69  82   3   0  17    T  0.0    0  3.5 10 170   M    M   2 13     15 180
 9  95  68  82   4   0  17 0.02  0.0    0  2.8 20 340   M    M   1 3      28 340
10  93  67  80   2   0  15 0.00  0.0    0  4.7 15  20   M    M   1 1      20  20
11  93  63  78   0   0  13 0.00  0.0    0  1.9 10  80   M    M   0        15  70
12  96  64  80   2   0  15 0.00  0.0    0  4.3 13  50   M    M   1        24 160
13  91  70  81   3   0  16 0.20  0.0    0  5.5 18 160   M    M   3 13     28 130
14  86  72  79   1   0  14 1.17  0.0    0  6.4 16 160   M    M   6 13     21 170
15  87  72  80   2   0  15 0.06  0.0    0  2.9 12 280   M    M   6 1      16 280
16  90  68  79   1   0  14    T  0.0    0  3.3 20 180   M    M   4 13     27 180
17  88  68  78   0   0  13 0.00  0.0    0  4.9 15  20   M    M   2        20  10
18  92  66  79   1   0  14 0.00  0.0    0  1.8  8  70   M    M   0 1      11  50
19  76  67  72  -5   0   7 1.07  0.0    0  6.7 17 300   M    M   7 1      24 310
20  74  67  71  -6   0   6 0.07  0.0    0 12.1 18 300   0    0   0        36 280
================================================================================
SM 1828 1351         0 294  3.68     0.0 109.5            0     40
================================================================================
AV 91.4 67.6                               5.5 FASTST    0   0   2    MAX(MPH)
                                 MISC ---->  # 24 170               # 36  160
================================================================================
NOTES:
# LAST OF SEVERAL OCCURRENCES

COLUMN 17 PEAK WIND IN M.P.H.

PRELIMINARY LOCAL CLIMATOLOGICAL DATA (WS FORM: F-6) , PAGE 2

                                          STATION:  Topeka KS
                                          MONTH:    AUGUST
                                          YEAR:     2018
                                          LATITUDE:   39  4 N
                                          LONGITUDE:  95 38 W

[TEMPERATURE DATA]      [PRECIPITATION DATA]       SYMBOLS USED IN COLUMN 16

AVERAGE MONTHLY: 79.5   TOTAL FOR MONTH:   3.68    1 = FOG OR MIST
DPTR FM NORMAL:   1.2   DPTR FM NORMAL:    0.95    2 = FOG REDUCING VISIBILITY
HIGHEST:   101 ON  5    GRTST 24HR  1.17 ON 14-14      TO 1/4 MILE OR LESS
LOWEST:     58 ON  1                               3 = THUNDER
                        SNOW, ICE PELLETS, HAIL    4 = ICE PELLETS
                        TOTAL MONTH:   0.0 INCH    5 = HAIL
                        GRTST 24HR     0.0         6 = FREEZING RAIN OR DRIZZLE
                        GRTST DEPTH:   0           7 = DUSTSTORM OR SANDSTORM:
                                                       VSBY 1/2 MILE OR LESS
                                                   8 = SMOKE OR HAZE
[NO. OF DAYS WITH]      [WEATHER - DAYS WITH]      9 = BLOWING SNOW
                                                   X = TORNADO
MAX 32 OR BELOW:   0    0.01 INCH OR MORE:   8
MAX 90 OR ABOVE:  15    0.10 INCH OR MORE:   4
MIN 32 OR BELOW:   0    0.50 INCH OR MORE:   3
MIN  0 OR BELOW:   0    1.00 INCH OR MORE:   3

[HDD (BASE 65) ]
TOTAL THIS MO.     0    CLEAR  (SCALE 0-3)  15
DPTR FM NORMAL     0    PTCLDY (SCALE 4-7)   5
TOTAL FM JUL 1     0    CLOUDY (SCALE 8-10)  0
DPTR FM NORMAL     0

[CDD (BASE 65) ]
TOTAL THIS MO.   294
DPTR FM NORMAL    28    [PRESSURE DATA]
TOTAL FM JAN 1  1548    HIGHEST SLP  0.00 ON 20
DPTR FM NORMAL   440    LOWEST  SLP  0.00 ON 20

[REMARKS]
