000
CXUS53 KTOP 190800
CF6TOP
PRELIMINARY LOCAL CLIMATOLOGICAL DATA (WS FORM: F-6)

                                          STATION:   Topeka KS
                                          MONTH:     NOVEMBER
                                          YEAR:      2018
                                          LATITUDE:   39  4 N
                                          LONGITUDE:  95 38 W

  TEMPERATURE IN F:       :PCPN:    SNOW:  WIND      :SUNSHINE: SKY     :PK WND
================================================================================
1   2   3   4   5  6A  6B    7    8   9   10  11  12  13   14  15   16   17  18
                                     12Z  AVG MX 2MIN
DY MAX MIN AVG DEP HDD CDD  WTR  SNW DPTH SPD SPD DIR MIN PSBL S-S WX    SPD DR
================================================================================

 1  62  42  52   1  13   0 0.00  0.0    0  2.9 13 180   M    M   1        19 190
 2  57  41  49  -1  16   0    T  0.0    0  6.4 18 310   M    M   6        28 300
 3  61  43  52   2  13   0 0.04  0.0    0  8.1 22 130   M    M   8        28 130
 4  50  35  43  -7  22   0 0.01  0.0    0  9.1 20 310   M    M   7 1      29 300
 5  57  40  49   0  16   0 0.18  0.0    0  7.4 17 280   M    M   6 1      25 290
 6  53  33  43  -6  22   0 0.08  0.0    0  4.3 14 310   M    M   4 12     20 310
 7  47  33  40  -8  25   0 0.00  0.0    0  5.8 14 340   M    M   2 12     18 340
 8  36  29  33 -15  32   0 0.16  1.8    0  6.0 12  50   M    M   7 1      14  70
 9  35  16  26 -21  39   0    T    T    1 10.4 29 300   M    M   6 1      37 300
10  40  12  26 -21  39   0 0.00  0.0    0  8.1 24 150   M    M   1        31 160
11  50  23  37  -9  28   0    T    T    0  6.9 18  10   M    M   3        26 360
12  31  19  25 -21  40   0 0.02  0.2    T 13.3 25 360   M    M  10 8      35 350
13  35  14  25 -20  40   0 0.00  0.0    T  3.2  9 320   M    M   0        14 320
14  43  17  30 -15  35   0 0.00  0.0    0  3.3 10 160   M    M   0        14 170
15  54  22  38  -6  27   0 0.00  0.0    0  4.1 14 210   M    M   0        20 210
16  60  26  43  -1  22   0 0.00  0.0    0  2.8 15 160   M    M   0 1      19 150
17  41  28  35  -8  30   0 0.00  0.0    0 11.9 24  10   M    M   6        37  10
18  37  22  30 -13  35   0    T    T    0  5.7 16  10   M    M   6        21 360
================================================================================
SM  849  495       494   0  0.49     2.0 119.7          M       73
================================================================================
AV 47.2 27.5                               6.7 FASTST   M    M   4    MAX(MPH)
                                 MISC ---->  # 29 300               # 37  300
================================================================================
NOTES:
# LAST OF SEVERAL OCCURRENCES

COLUMN 17 PEAK WIND IN M.P.H.

PRELIMINARY LOCAL CLIMATOLOGICAL DATA (WS FORM: F-6) , PAGE 2

                                          STATION:  Topeka KS
                                          MONTH:    NOVEMBER
                                          YEAR:     2018
                                          LATITUDE:   39  4 N
                                          LONGITUDE:  95 38 W

[TEMPERATURE DATA]      [PRECIPITATION DATA]       SYMBOLS USED IN COLUMN 16

AVERAGE MONTHLY: 37.3   TOTAL FOR MONTH:   0.49    1 = FOG OR MIST
DPTR FM NORMAL:  -9.6   DPTR FM NORMAL:   -0.72    2 = FOG REDUCING VISIBILITY
HIGHEST:    62 ON  1    GRTST 24HR  0.18 ON  5- 5      TO 1/4 MILE OR LESS
LOWEST:     12 ON 10                               3 = THUNDER
                        SNOW, ICE PELLETS, HAIL    4 = ICE PELLETS
                        TOTAL MONTH:   2.0 INCHES  5 = HAIL
                        GRTST 24HR   1.8 ON  8- 8  6 = FREEZING RAIN OR DRIZZLE
                        GRTST DEPTH:   1 ON  9     7 = DUSTSTORM OR SANDSTORM:
                                                       VSBY 1/2 MILE OR LESS
                                                   8 = SMOKE OR HAZE
[NO. OF DAYS WITH]      [WEATHER - DAYS WITH]      9 = BLOWING SNOW
                                                   X = TORNADO
MAX 32 OR BELOW:   1    0.01 INCH OR MORE:   6
MAX 90 OR ABOVE:   0    0.10 INCH OR MORE:   2
MIN 32 OR BELOW:  11    0.50 INCH OR MORE:   0
MIN  0 OR BELOW:   0    1.00 INCH OR MORE:   0

[HDD (BASE 65) ]
TOTAL THIS MO.   494    CLEAR  (SCALE 0-3)   7
DPTR FM NORMAL   167    PTCLDY (SCALE 4-7)  10
TOTAL FM JUL 1   854    CLOUDY (SCALE 8-10)  1
DPTR FM NORMAL   171

[CDD (BASE 65) ]
TOTAL THIS MO.     0
DPTR FM NORMAL     0    [PRESSURE DATA]
TOTAL FM JAN 1  1963    HIGHEST SLP M ON M
DPTR FM NORMAL   543    LOWEST  SLP 29.57 ON  5

[REMARKS]
