000
CXUS55 KCYS 181631
CF6TOR
PRELIMINARY LOCAL CLIMATOLOGICAL DATA (WS FORM: F-6)

                                          STATION:   TORRINGTON WY AIRPORT
                                          MONTH:     OCTOBER
                                          YEAR:      2018
                                          LATITUDE:   42  3 N
                                          LONGITUDE: 104  9 W

  TEMPERATURE IN F:       :PCPN:    SNOW:  WIND      :SUNSHINE: SKY     :PK WND
================================================================================
1   2   3   4   5  6A  6B    7    8   9   10  11  12  13   14  15   16   17  18
                                     12Z  AVG MX 2MIN
DY MAX MIN AVG DEP HDD CDD  WTR  SNW DPTH SPD SPD DIR MIN PSBL S-S WX    SPD DR
================================================================================

 1  77  44  61   7   4   0 0.00    M    M  9.4 17 130   M    M   4 12     21 120
 2  85  43  64  10   1   0 0.00    M    M  5.5 12 270   M    M   1        17 230
 3  82  34  58   5   7   0 0.00    M    M 15.8 37 270   M    M   0        50 270
 4  58  34  46  -7  19   0 0.18    M    M 12.6 28 150   M    M   5 1      33 140
 5  49  28  39 -13  26   0 0.01    M    M  8.8 28 360   M    M   4        34 360
 6  57  21  39 -13  26   0    T    M    M 11.6 24 160   M    M   4 1      33 150
 7  42  36  39 -13  26   0 0.02    M    M 11.6 22 120   M    M  10 1      27 120
 8  40  32  36 -15  29   0 0.10    M    M  6.0 13  60   M    M  10 1      15  70
 9  40  31  36 -15  29   0    T    M    M  7.5 16  50   M    M   9        19  40
10  37  30  34 -16  31   0 0.06    M    M  4.6 14  40   M    M  10 1      17  50
11  50  28  39 -11  26   0 0.03    M    M  8.1 15 150   M    M   8 1      18  90
12  64  28  46  -4  19   0 0.01    M    M  8.2 21 270   M    M   1        26 330
13  59  25  42  -7  23   0    T    M    M 10.2 25  30   M    M   4 12     31 360
14  31  13  22 -27  43   0 0.02    M    M  8.0 20 330   M    M   6        26 330
15  47   6  27 -22  38   0 0.00    M    M  4.7 10 220   M    M   0        13 230
16  63  29  46  -2  19   0 0.00    M    M  8.3 17 310   M    M   0        22 340
17  64  29  47  -1  18   0 0.00    M    M  7.5 20 180   M    M   1        25 160
================================================================================
SM  945  491       384   0  0.43    M    148.4          M       77
================================================================================
AV 55.6 28.9                               8.7 FASTST   M    M   5    MAX(MPH)
                                 MISC ---->  # 37 270               # 50  270
================================================================================
NOTES:
# LAST OF SEVERAL OCCURRENCES

COLUMN 17 PEAK WIND IN M.P.H.

PRELIMINARY LOCAL CLIMATOLOGICAL DATA (WS FORM: F-6) , PAGE 2

                                          STATION:  TORRINGTON WY AIRPORT
                                          MONTH:    OCTOBER
                                          YEAR:     2018
                                          LATITUDE:   42  3 N
                                          LONGITUDE: 104  9 W

[TEMPERATURE DATA]      [PRECIPITATION DATA]       SYMBOLS USED IN COLUMN 16

AVERAGE MONTHLY: 42.2   TOTAL FOR MONTH:   0.43    1 = FOG OR MIST
DPTR FM NORMAL:  -8.6   DPTR FM NORMAL:   -0.24    2 = FOG REDUCING VISIBILITY
HIGHEST:    85 ON  2    GRTST 24HR  0.18 ON  4- 4      TO 1/4 MILE OR LESS
LOWEST:      6 ON 15                               3 = THUNDER
                        SNOW, ICE PELLETS, HAIL    4 = ICE PELLETS
                        TOTAL MONTH:    M          5 = HAIL
                        GRTST 24HR    M  ON   M    6 = FREEZING RAIN OR DRIZZLE
                        GRTST DEPTH:  M  ON   M    7 = DUSTSTORM OR SANDSTORM:
                                                       VSBY 1/2 MILE OR LESS
                                                   8 = SMOKE OR HAZE
[NO. OF DAYS WITH]      [WEATHER - DAYS WITH]      9 = BLOWING SNOW
                                                   X = TORNADO
MAX 32 OR BELOW:   1    0.01 INCH OR MORE:   8
MAX 90 OR ABOVE:   0    0.10 INCH OR MORE:   2
MIN 32 OR BELOW:  12    0.50 INCH OR MORE:   0
MIN  0 OR BELOW:   0    1.00 INCH OR MORE:   0

[HDD (BASE 65) ]
TOTAL THIS MO.   384    CLEAR  (SCALE 0-3)   6
DPTR FM NORMAL   143    PTCLDY (SCALE 4-7)   7
TOTAL FM JUL 1   520    CLOUDY (SCALE 8-10)  4
DPTR FM NORMAL    85

[CDD (BASE 65) ]
TOTAL THIS MO.     0
DPTR FM NORMAL     0    [PRESSURE DATA]
TOTAL FM JAN 1   707    HIGHEST SLP M ON M
DPTR FM NORMAL    29    LOWEST  SLP 29.54 ON  3

[REMARKS]
