000
CXUS55 KCYS 191000
CF6TOR
PRELIMINARY LOCAL CLIMATOLOGICAL DATA (WS FORM: F-6)

                                          STATION:   TORRINGTON WY AIRPORT
                                          MONTH:     JULY
                                          YEAR:      2018
                                          LATITUDE:   42  3 N
                                          LONGITUDE: 104  9 W

  TEMPERATURE IN F:       :PCPN:    SNOW:  WIND      :SUNSHINE: SKY     :PK WND
================================================================================
1   2   3   4   5  6A  6B    7    8   9   10  11  12  13   14  15   16   17  18
                                     12Z  AVG MX 2MIN
DY MAX MIN AVG DEP HDD CDD  WTR  SNW DPTH SPD SPD DIR MIN PSBL S-S WX    SPD DR
================================================================================

 1  87  45  66  -6   0   1 0.00    M    M  7.0 17  60   M    M   0        22 230
 2  97  50  74   2   0   9    T    M    M  6.4 18 270   M    M   0        33 260
 3  94  60  77   5   0  12 0.00  0.0    0  9.3 25 130   M    M   0 3      32 130
 4  86  60  73   1   0   8 0.00  0.0    0 10.0 21  90   M    M   0        26  90
 5  88  65  77   4   0  12 0.00    M    M 13.4 23 130   M    M   4        31 120
 6  96  60  78   5   0  13 0.00  0.0    0 13.2 25 160   M    M   0        30 170
 7 103  62  83  10   0  18 0.00  0.0    0 11.0 20 150   M    M   0        26 150
 8 100  65  83  10   0  18 0.00  0.0    0 10.0 21  80   M    M   0        26  90
 9  99  60  80   6   0  15 0.00  0.0    0 11.5 24 140   M    M   0        32 150
10 101  61  81   7   0  16 0.00    M    M 12.3 25 150   M    M   0        34 160
11  99  62  81   7   0  16 0.00    M    M 11.5 30 360   M    M   0 3      39 360
12  90  62  76   2   0  11 1.14    M    M  8.0 28  80   M    M   1 13     33  50
13  89  61  75   1   0  10 0.00  0.0    0  7.2 14 140   M    M   2 1      19 120
14  95  62  79   5   0  14    T    M    M 12.0 22 110   M    M   0 13     30 330
15  75  61  68  -6   0   3 0.51  0.0    0  9.4 25  40   M    M   6 13     30  30
16  90  58  74   0   0   9 0.15  0.0    0  9.1 37 360   M    M   0 13     47 360
17   M   M   M   M   M   M    T    M    0  5.3 13 140   M    M   0 13      M  M
18  91  63  77   2   0  12 0.00  0.0    0 10.1 23 310   M    M   0 3      32 330
================================================================================
SM 1580 1017         0 197  1.80     0.0 176.7          M       13
================================================================================
AV 92.9 59.8                               9.8 FASTST   M    M   1    MAX(MPH)
                                 MISC ---->  # 37 360               # 47  360
================================================================================
NOTES:
# LAST OF SEVERAL OCCURRENCES

COLUMN 17 PEAK WIND IN M.P.H.

PRELIMINARY LOCAL CLIMATOLOGICAL DATA (WS FORM: F-6) , PAGE 2

                                          STATION:  TORRINGTON WY AIRPORT
                                          MONTH:    JULY
                                          YEAR:     2018
                                          LATITUDE:   42  3 N
                                          LONGITUDE: 104  9 W

[TEMPERATURE DATA]      [PRECIPITATION DATA]       SYMBOLS USED IN COLUMN 16

AVERAGE MONTHLY: 76.4   TOTAL FOR MONTH:   1.80    1 = FOG OR MIST
DPTR FM NORMAL:   3.0   DPTR FM NORMAL:    0.86    2 = FOG REDUCING VISIBILITY
HIGHEST:   103 ON  7    GRTST 24HR  1.14 ON 12-12      TO 1/4 MILE OR LESS
LOWEST:     45 ON  1                               3 = THUNDER
                        SNOW, ICE PELLETS, HAIL    4 = ICE PELLETS
                        TOTAL MONTH:   0.0 INCH    5 = HAIL
                        GRTST 24HR     0.0         6 = FREEZING RAIN OR DRIZZLE
                        GRTST DEPTH:   0           7 = DUSTSTORM OR SANDSTORM:
                                                       VSBY 1/2 MILE OR LESS
                                                   8 = SMOKE OR HAZE
[NO. OF DAYS WITH]      [WEATHER - DAYS WITH]      9 = BLOWING SNOW
                                                   X = TORNADO
MAX 32 OR BELOW:   0    0.01 INCH OR MORE:   3
MAX 90 OR ABOVE:  12    0.10 INCH OR MORE:   3
MIN 32 OR BELOW:   0    0.50 INCH OR MORE:   2
MIN  0 OR BELOW:   0    1.00 INCH OR MORE:   1

[HDD (BASE 65) ]
TOTAL THIS MO.     0    CLEAR  (SCALE 0-3)  16
DPTR FM NORMAL     0    PTCLDY (SCALE 4-7)   2
TOTAL FM JUL 1     0    CLOUDY (SCALE 8-10)  0
DPTR FM NORMAL     0

[CDD (BASE 65) ]
TOTAL THIS MO.   197
DPTR FM NORMAL    44    [PRESSURE DATA]
TOTAL FM JAN 1   356    HIGHEST SLP M ON M
DPTR FM NORMAL    69    LOWEST  SLP 29.71 ON  3

[REMARKS]
