000
CXUS53 KOAX 191000
CF6TQE
PRELIMINARY LOCAL CLIMATOLOGICAL DATA (WS FORM: F-6)

                                          STATION:   TEKAMAH  NE
                                          MONTH:     JULY
                                          YEAR:      2018
                                          LATITUDE:   41 46 N
                                          LONGITUDE:  96 11 W

  TEMPERATURE IN F:       :PCPN:    SNOW:  WIND      :SUNSHINE: SKY     :PK WND
================================================================================
1   2   3   4   5  6A  6B    7    8   9   10  11  12  13   14  15   16   17  18
                                     12Z  AVG MX 2MIN
DY MAX MIN AVG DEP HDD CDD  WTR  SNW DPTH SPD SPD DIR MIN PSBL S-S WX    SPD DR
================================================================================

 1  80  65  73  -2   0   8 1.25    M    M  9.2 32 290   M    M   4 13     44 310
 2  85  61  73  -2   0   8 0.00    M    M  9.4 18 140   M    M   0 1      24 150
 3  91  67  79   4   0  14 0.00    M    M 10.3 22 140   M    M   0        29 140
 4  93  69  81   6   0  16 0.00    M    M 10.9 33 340   M    M   1 13     45 320
 5  84  67  76   1   0  11 0.55    M    M  7.0 21 290   M    M   1        30 310
 6  84  62  73  -2   0   8 0.00    M    M  5.6 12 120   M    M   0        18 130
 7  87  63  75  -1   0  10 0.00    M    M  9.9 16 140   M    M   0        22 140
 8  88  61  75  -1   0  10 0.00    M    M  8.7 16 140   M    M   0        23 130
 9  93  64  79   3   0  14 0.00    M    M  7.7 15 220   M    M   0        20 200
10  93  67  80   4   0  15 0.00    M    M  4.2 13 160   M    M   0 1      17 150
11  95  72  84   8   0  19 0.00    M    M  8.8 21 190   M    M   0        27 190
12  96  74  85   9   0  20 0.00    M    M  9.0 18 180   M    M   0        26 180
13  81  69  75  -1   0  10 0.64    M    M  9.9 24 290   M    M   4 13     33 290
14  87  64  76   0   0  11 0.00    M    M  3.6  9 340   M    M   4 1      14 360
15  90  63  77   1   0  12 0.00    M    M  3.8 16 360   M    M   2 12     21 360
16  86  67  77   1   0  12 0.00    M    M  6.3 14  10   M    M   1        17  20
17  79  64  72  -4   0   7 0.08    M    M  3.8 17 300   M    M   4 13     24 290
18  85  62  74  -2   0   9 0.00    M    M  8.0 18 150   M    M   2        25 120
================================================================================
SM 1577 1181         0 214  2.52    M    136.1          M       23
================================================================================
AV 87.6 65.6                               7.6 FASTST   M    M   1    MAX(MPH)
                                 MISC ---->  # 33 340               # 45  320
================================================================================
NOTES:
# LAST OF SEVERAL OCCURRENCES

COLUMN 17 PEAK WIND IN M.P.H.

PRELIMINARY LOCAL CLIMATOLOGICAL DATA (WS FORM: F-6) , PAGE 2

                                          STATION:  TEKAMAH  NE
                                          MONTH:    JULY
                                          YEAR:     2018
                                          LATITUDE:   41 46 N
                                          LONGITUDE:  96 11 W

[TEMPERATURE DATA]      [PRECIPITATION DATA]       SYMBOLS USED IN COLUMN 16

AVERAGE MONTHLY: 76.6   TOTAL FOR MONTH:   2.52    1 = FOG OR MIST
DPTR FM NORMAL:   0.9   DPTR FM NORMAL:    0.52    2 = FOG REDUCING VISIBILITY
HIGHEST:    96 ON 12    GRTST 24HR  1.25 ON  1- 1      TO 1/4 MILE OR LESS
LOWEST:     61 ON  8, 2                            3 = THUNDER
                        SNOW, ICE PELLETS, HAIL    4 = ICE PELLETS
                        TOTAL MONTH:    M          5 = HAIL
                        GRTST 24HR    M  ON   M    6 = FREEZING RAIN OR DRIZZLE
                        GRTST DEPTH:  M  ON   M    7 = DUSTSTORM OR SANDSTORM:
                                                       VSBY 1/2 MILE OR LESS
                                                   8 = SMOKE OR HAZE
[NO. OF DAYS WITH]      [WEATHER - DAYS WITH]      9 = BLOWING SNOW
                                                   X = TORNADO
MAX 32 OR BELOW:   0    0.01 INCH OR MORE:   4
MAX 90 OR ABOVE:   7    0.10 INCH OR MORE:   3
MIN 32 OR BELOW:   0    0.50 INCH OR MORE:   3
MIN  0 OR BELOW:   0    1.00 INCH OR MORE:   1

[HDD (BASE 65) ]
TOTAL THIS MO.     0    CLEAR  (SCALE 0-3)  14
DPTR FM NORMAL     0    PTCLDY (SCALE 4-7)   4
TOTAL FM JUL 1     0    CLOUDY (SCALE 8-10)  0
DPTR FM NORMAL     0

[CDD (BASE 65) ]
TOTAL THIS MO.   214
DPTR FM NORMAL    22    [PRESSURE DATA]
TOTAL FM JAN 1   717    HIGHEST SLP M ON M
DPTR FM NORMAL   227    LOWEST  SLP 29.67 ON  1

[REMARKS]
