000
CXUS51 KPHI 170800
CF6TTN
PRELIMINARY LOCAL CLIMATOLOGICAL DATA (WS FORM: F-6)

                                          STATION:   TRENTON NJ
                                          MONTH:     JULY
                                          YEAR:      2018
                                          LATITUDE:   40 16 N
                                          LONGITUDE:  74 49 W

  TEMPERATURE IN F:       :PCPN:    SNOW:  WIND      :SUNSHINE: SKY     :PK WND
================================================================================
1   2   3   4   5  6A  6B    7    8   9   10  11  12  13   14  15   16   17  18
                                     12Z  AVG MX 2MIN
DY MAX MIN AVG DEP HDD CDD  WTR  SNW DPTH SPD SPD DIR MIN PSBL S-S WX    SPD DR
================================================================================

 1  95  74  85  11   0  20 0.00    M    M  3.6  8 220   M    M   0        12 300
 2  96  70  83   8   0  18 0.00    M    M  4.1 12 160   M    M   0        22 110
 3  98  74  86  11   0  21 0.58    M    M  3.8 31 270   M    M   1 138    45 270
 4  91  72  82   7   0  17 0.00    M    M  4.3 10 120   M    M   2 18     15 130
 5  93  75  84   9   0  19 0.00    M    M  7.0 15 200   M    M   4        19 200
 6  84  66  75   0   0  10 1.12    M    M  7.7 17 270   M    M   5 138    25 270
 7  78  60  69  -6   0   4 0.00    M    M  7.3 17  60   M    M   0        23  90
 8  84  55  70  -6   0   5 0.00    M    M  3.1 10 160   M    M   0        15  50
 9  88  59  74  -2   0   9 0.00    M    M  3.8 12 270   M    M   0        17 210
10  94  64  79   3   0  14 0.00    M    M  4.9 13 270   M    M   0        20 280
11  89  71  80   4   0  15 0.00    M    M  7.1 15 350   M    M   3        21 340
12  86  68  77   1   0  12 0.00    M    M  5.3 15 120   M    M   5        19 120
13  86  62  74  -2   0   9 0.00    M    M  4.1 13 170   M    M   0        16 170
14  89  63  76   0   0  11 0.00    M    M  6.0 14 220   M    M   0        19 210
15  85  70  78   2   0  13 0.24    M    M  4.0  9 260   M    M   5 13     16 290
16  94  71  83   7   0  18 0.00    M    M  5.7 15 180   M    M   1 1      21 150
================================================================================
SM 1430 1074         0 215  1.94    M     81.8          M       26
================================================================================
AV 89.4 67.1                               5.1 FASTST   M    M   2    MAX(MPH)
                                 MISC ---->  # 31 270               # 45  270
================================================================================
NOTES:
# LAST OF SEVERAL OCCURRENCES

COLUMN 17 PEAK WIND IN M.P.H.

PRELIMINARY LOCAL CLIMATOLOGICAL DATA (WS FORM: F-6) , PAGE 2

                                          STATION:  TRENTON NJ
                                          MONTH:    JULY
                                          YEAR:     2018
                                          LATITUDE:   40 16 N
                                          LONGITUDE:  74 49 W

[TEMPERATURE DATA]      [PRECIPITATION DATA]       SYMBOLS USED IN COLUMN 16

AVERAGE MONTHLY: 78.3   TOTAL FOR MONTH:   1.94    1 = FOG OR MIST
DPTR FM NORMAL:   2.8   DPTR FM NORMAL:   -0.65    2 = FOG REDUCING VISIBILITY
HIGHEST:    98 ON  3    GRTST 24HR  1.12 ON  6- 6      TO 1/4 MILE OR LESS
LOWEST:     55 ON  8                               3 = THUNDER
                        SNOW, ICE PELLETS, HAIL    4 = ICE PELLETS
                        TOTAL MONTH:    M          5 = HAIL
                        GRTST 24HR    M  ON   M    6 = FREEZING RAIN OR DRIZZLE
                        GRTST DEPTH:  M  ON   M    7 = DUSTSTORM OR SANDSTORM:
                                                       VSBY 1/2 MILE OR LESS
                                                   8 = SMOKE OR HAZE
[NO. OF DAYS WITH]      [WEATHER - DAYS WITH]      9 = BLOWING SNOW
                                                   X = TORNADO
MAX 32 OR BELOW:   0    0.01 INCH OR MORE:   3
MAX 90 OR ABOVE:   7    0.10 INCH OR MORE:   3
MIN 32 OR BELOW:   0    0.50 INCH OR MORE:   2
MIN  0 OR BELOW:   0    1.00 INCH OR MORE:   1

[HDD (BASE 65) ]
TOTAL THIS MO.     0    CLEAR  (SCALE 0-3)  12
DPTR FM NORMAL     0    PTCLDY (SCALE 4-7)   4
TOTAL FM JUL 1     0    CLOUDY (SCALE 8-10)  0
DPTR FM NORMAL     0

[CDD (BASE 65) ]
TOTAL THIS MO.   215
DPTR FM NORMAL    48    [PRESSURE DATA]
TOTAL FM JAN 1   553    HIGHEST SLP M ON M
DPTR FM NORMAL   139    LOWEST  SLP 29.84 ON 10

[REMARKS]
