000
CXUS55 KTWC 160855
CF6TUS
PRELIMINARY LOCAL CLIMATOLOGICAL DATA (WS FORM: F-6)

                                          STATION:   TUCSON AZ
                                          MONTH:     JULY
                                          YEAR:      2018
                                          LATITUDE:   32  7 N
                                          LONGITUDE: 110 56 W

  TEMPERATURE IN F:       :PCPN:    SNOW:  WIND      :SUNSHINE: SKY     :PK WND
================================================================================
1   2   3   4   5  6A  6B    7    8   9   10  11  12  13   14  15   16   17  18
                                     12Z  AVG MX 2MIN
DY MAX MIN AVG DEP HDD CDD  WTR  SNW DPTH SPD SPD DIR MIN PSBL S-S WX    SPD DR
================================================================================

 1 100  67  84  -4   0  19 0.00  0.0    M  7.4 20 260   M    M   M        32 300
 2 103  69  86  -2   0  21 0.00  0.0    M  7.0 18 300   M    M   M        29 300
 3 103  73  88   0   0  23 0.00  0.0    M  6.1 17 240   M    M   M        23 250
 4 103  78  91   3   0  26 0.00  0.0    M  5.6 14 350   M    M   M        21 270
 5 111  79  95   7   0  30 0.13  0.0    M  9.0 33 110   M    M   M 3      45 110
 6 105  87  96   8   0  31 0.00  0.0    M 15.5 25 130   M    M   M        43 140
 7 107  85  96   8   0  31    T  0.0    M  8.7 24  90   M    M   M 3      38  90
 8 105  83  94   6   0  29    T  0.0    M  9.8 29 350   M    M   M 3      41 350
 9  99  75  87  -1   0  22 1.01  0.0    M  6.6 24 130   M    M   M 38     34 130
10  91  72  82  -6   0  17 0.18  0.0    M  4.7 26 100   M    M   M 3      37 110
11  88  75  82  -6   0  17 0.01  0.0    M  7.8 14 310   M    M   M 3      28 330
12  96  74  85  -3   0  20 0.28  0.0    M  6.2 22 150   M    M   M 3      32 140
13  98  75  87  -1   0  22    T  0.0    M  9.0 23 180   M    M   M 3      32 170
14  86  77  82  -5   0  17 0.04  0.0    M  6.5 16 110   M    M   M        24 150
15  88  73  81  -6   0  16 0.12  0.0    M  4.9 14 150   M    M   M 1      23 160
================================================================================
SM 1483 1142         0 341  1.77     0.0 114.8          M        M
================================================================================
AV 98.9 76.1                               7.7 FASTST   M    M   0    MAX(MPH)
                                 MISC ---->  # 33 110               # 45  110
================================================================================
NOTES:
# LAST OF SEVERAL OCCURRENCES

COLUMN 17 PEAK WIND IN M.P.H.

PRELIMINARY LOCAL CLIMATOLOGICAL DATA (WS FORM: F-6) , PAGE 2

                                          STATION:  TUCSON AZ
                                          MONTH:    JULY
                                          YEAR:     2018
                                          LATITUDE:   32  7 N
                                          LONGITUDE: 110 56 W

[TEMPERATURE DATA]      [PRECIPITATION DATA]       SYMBOLS USED IN COLUMN 16

AVERAGE MONTHLY: 87.5   TOTAL FOR MONTH:   1.77    1 = FOG OR MIST
DPTR FM NORMAL:  -0.4   DPTR FM NORMAL:    0.96    2 = FOG REDUCING VISIBILITY
HIGHEST:   111 ON  5    GRTST 24HR  1.01 ON  9- 9      TO 1/4 MILE OR LESS
LOWEST:     67 ON  1                               3 = THUNDER
                        SNOW, ICE PELLETS, HAIL    4 = ICE PELLETS
                        TOTAL MONTH:   0.0 INCH    5 = HAIL
                        GRTST 24HR     0.0         6 = FREEZING RAIN OR DRIZZLE
                        GRTST DEPTH:  M  ON   M    7 = DUSTSTORM OR SANDSTORM:
                                                       VSBY 1/2 MILE OR LESS
                                                   8 = SMOKE OR HAZE
[NO. OF DAYS WITH]      [WEATHER - DAYS WITH]      9 = BLOWING SNOW
                                                   X = TORNADO
MAX 32 OR BELOW:   0    0.01 INCH OR MORE:   7
MAX 90 OR ABOVE:  12    0.10 INCH OR MORE:   5
MIN 32 OR BELOW:   0    0.50 INCH OR MORE:   1
MIN  0 OR BELOW:   0    1.00 INCH OR MORE:   1

[HDD (BASE 65) ]
TOTAL THIS MO.     0    CLEAR  (SCALE 0-3)   0
DPTR FM NORMAL     0    PTCLDY (SCALE 4-7)   0
TOTAL FM JUL 1     0    CLOUDY (SCALE 8-10)  0
DPTR FM NORMAL     0

[CDD (BASE 65) ]
TOTAL THIS MO.   341
DPTR FM NORMAL    -1    [PRESSURE DATA]
TOTAL FM JAN 1  1724    HIGHEST SLP M ON M
DPTR FM NORMAL   286    LOWEST  SLP 27.40 ON  6

[REMARKS]
