555
CXUS53 KAPX 180631
CF6TVC
PRELIMINARY LOCAL CLIMATOLOGICAL DATA (WS FORM: F-6)

                                          STATION:   TRAVERSE CITY MI
                                          MONTH:     AUGUST
                                          YEAR:      2018
                                          LATITUDE:   44 44 N
                                          LONGITUDE:  85 34 W

  TEMPERATURE IN F:       :PCPN:    SNOW:  WIND      :SUNSHINE: SKY     :PK WND
================================================================================
1   2   3   4   5  6A  6B    7    8   9   10  11  12  13   14  15   16   17  18
                                     12Z  AVG MX 2MIN
DY MAX MIN AVG DEP HDD CDD  WTR  SNW DPTH SPD SPD DIR MIN PSBL S-S WX    SPD DR
================================================================================

 1  85  64  75   6   0  10 0.17    M    M  3.5 20  50   M    M   7 3      27  30
 2  76  66  71   2   0   6 0.10    M    M  5.0 13  30   M    M   7 1      18  30
 3  79  64  72   3   0   7 0.00    M    M  5.8 14 320   M    M   6        19 340
 4  93  61  77   8   0  12 0.00    M    M  4.4 15 240   M    M   4        22 260
 5  92  76  84  15   0  19    T    M    M  7.1 18 250   M    M   5 3      32 230
 6  79  71  75   7   0  10 0.19    M    M  6.5 15 230   M    M   7 13     28 270
 7  74  60  67  -1   0   2 0.02    M    M  5.7 13  40   M    M   8 1      20  10
 8  84  59  72   4   0   7 0.00    M    M  3.5 15 270   M    M   4        21 270
 9  83  62  73   5   0   8 0.05    M    M  5.2 13 350   M    M   3 13     27  30
10  87  58  73   5   0   8 0.00    M    M  2.6 12 350   M    M   2        16  10
11  83  64  74   6   0   9 0.00    M    M  3.5 12  40   M    M   4        20  30
12  85  60  73   5   0   8 0.00    M    M  3.5 13  40   M    M   2        18  50
13  86  62  74   6   0   9 0.00    M    M  2.8 10  40   M    M   2 1      19  30
14  93  66  80  12   0  15 0.00    M    M  6.2 22 300   M    M   4        31 290
15  84  68  76   8   0  11    T    M    M  3.7 12  20   M    M   4 18     16  20
16  87  64  76   8   0  11 0.00    M    M  3.0 13  30   M    M   6        19  20
17  87  66  77   9   0  12 0.00    M    M  4.3 14  40   M    M   6 1      19  50
================================================================================
SM 1437 1091         0 164  0.53    M     76.3          M       81
================================================================================
AV 84.5 64.2                               4.5 FASTST   M    M   5    MAX(MPH)
                                 MISC ---->  # 22 300               # 32  230
================================================================================
NOTES:
# LAST OF SEVERAL OCCURRENCES

COLUMN 17 PEAK WIND IN M.P.H.

PRELIMINARY LOCAL CLIMATOLOGICAL DATA (WS FORM: F-6) , PAGE 2

                                          STATION:  TRAVERSE CITY MI
                                          MONTH:    AUGUST
                                          YEAR:     2018
                                          LATITUDE:   44 44 N
                                          LONGITUDE:  85 34 W

[TEMPERATURE DATA]      [PRECIPITATION DATA]       SYMBOLS USED IN COLUMN 16

AVERAGE MONTHLY: 74.4   TOTAL FOR MONTH:   0.53    1 = FOG OR MIST
DPTR FM NORMAL:   6.1   DPTR FM NORMAL:   -1.32    2 = FOG REDUCING VISIBILITY
HIGHEST:    93 ON 14, 4 GRTST 24HR  0.19 ON  6- 6      TO 1/4 MILE OR LESS
LOWEST:     58 ON 10                               3 = THUNDER
                        SNOW, ICE PELLETS, HAIL    4 = ICE PELLETS
                        TOTAL MONTH:    M          5 = HAIL
                        GRTST 24HR    M  ON   M    6 = FREEZING RAIN OR DRIZZLE
                        GRTST DEPTH:  M  ON   M    7 = DUSTSTORM OR SANDSTORM:
                                                       VSBY 1/2 MILE OR LESS
                                                   8 = SMOKE OR HAZE
[NO. OF DAYS WITH]      [WEATHER - DAYS WITH]      9 = BLOWING SNOW
                                                   X = TORNADO
MAX 32 OR BELOW:   0    0.01 INCH OR MORE:   5
MAX 90 OR ABOVE:   3    0.10 INCH OR MORE:   3
MIN 32 OR BELOW:   0    0.50 INCH OR MORE:   0
MIN  0 OR BELOW:   0    1.00 INCH OR MORE:   0

[HDD (BASE 65) ]
TOTAL THIS MO.     0    CLEAR  (SCALE 0-3)   4
DPTR FM NORMAL   -17    PTCLDY (SCALE 4-7)  13
TOTAL FM JUL 1     3    CLOUDY (SCALE 8-10)  0
DPTR FM NORMAL   -42

[CDD (BASE 65) ]
TOTAL THIS MO.   164
DPTR FM NORMAL    90    [PRESSURE DATA]
TOTAL FM JAN 1   624    HIGHEST SLP M ON M
DPTR FM NORMAL   297    LOWEST  SLP 29.81 ON  9

[REMARKS]
