000
CXUS55 KREV 160842
CF6TVL
PRELIMINARY LOCAL CLIMATOLOGICAL DATA (WS FORM: F-6)

                                          STATION:   SOUTH LAKE TAHOE CA
                                          MONTH:     JULY
                                          YEAR:      2018
                                          LATITUDE:   38 53 N
                                          LONGITUDE: 119 60 W

  TEMPERATURE IN F:       :PCPN:    SNOW:  WIND      :SUNSHINE: SKY     :PK WND
================================================================================
1   2   3   4   5  6A  6B    7    8   9   10  11  12  13   14  15   16   17  18
                                     12Z  AVG MX 2MIN
DY MAX MIN AVG DEP HDD CDD  WTR  SNW DPTH SPD SPD DIR MIN PSBL S-S WX    SPD DR
================================================================================

 1  84  39  62   3   3   0 0.00  0.0    0  4.0 13  30   M    M   0        16  30
 2  83  43  63   4   2   0 0.00  0.0    0  4.1 20 200   M    M   0        33 200
 3  80  40  60   1   5   0 0.00  0.0    0  4.8 20 190   M    M   0        27 190
 4  80  39  60   1   5   0 0.00  0.0    0  8.0 23 180   M    M   0        31 180
 5  78  43  61   1   4   0 0.00  0.0    0  7.4 21 180   M    M   0        27 190
 6  80  52  66   6   0   1 0.00  0.0    0  5.0 20 190   M    M   2        30 180
 7  84  47  66   6   0   1 0.00  0.0    0  5.7 18 190   M    M   0        28 180
 8  84  46  65   5   0   0 0.00  0.0    0  5.6 17 200   M    M   0        27 200
 9  84  47  66   6   0   1 0.00  0.0    0  6.2 17 180   M    M   0        24 180
10  83  42  63   2   2   0 0.00  0.0    0  4.2 14 180   M    M   0        20 190
11  84  43  64   3   1   0 0.00  0.0    0  3.3 14  30   M    M   0        17  30
12  86  48  67   6   0   2 0.00  0.0    0  4.2 18 180   M    M   0        23 190
13  79  54  67   6   0   2    T  0.0    0  1.6 12 190   M    M   4        15  40
14  87  51  69   8   0   4 1.18  0.0    0  2.4 24 130   M    M   1 13     35 140
15  84  56  70   9   0   5 0.00  0.0    0  2.3 13  30   M    M   3 1      18 210
================================================================================
SM 1240  690        22  16  1.18     0.0  68.8          M       10
================================================================================
AV 82.7 46.0                               4.6 FASTST   M    M   1    MAX(MPH)
                                 MISC ---->  # 24 130               # 35  140
================================================================================
NOTES:
# LAST OF SEVERAL OCCURRENCES

COLUMN 17 PEAK WIND IN M.P.H.

PRELIMINARY LOCAL CLIMATOLOGICAL DATA (WS FORM: F-6) , PAGE 2

                                          STATION:  SOUTH LAKE TAHOE CA
                                          MONTH:    JULY
                                          YEAR:     2018
                                          LATITUDE:   38 53 N
                                          LONGITUDE: 119 60 W

[TEMPERATURE DATA]      [PRECIPITATION DATA]       SYMBOLS USED IN COLUMN 16

AVERAGE MONTHLY: 64.3   TOTAL FOR MONTH:   1.18    1 = FOG OR MIST
DPTR FM NORMAL:   4.2   DPTR FM NORMAL:    1.04    2 = FOG REDUCING VISIBILITY
HIGHEST:    87 ON 14    GRTST 24HR  1.18 ON 14-14      TO 1/4 MILE OR LESS
LOWEST:     39 ON  4, 1                            3 = THUNDER
                        SNOW, ICE PELLETS, HAIL    4 = ICE PELLETS
                        TOTAL MONTH:   0.0 INCH    5 = HAIL
                        GRTST 24HR     0.0         6 = FREEZING RAIN OR DRIZZLE
                        GRTST DEPTH:   0           7 = DUSTSTORM OR SANDSTORM:
                                                       VSBY 1/2 MILE OR LESS
                                                   8 = SMOKE OR HAZE
[NO. OF DAYS WITH]      [WEATHER - DAYS WITH]      9 = BLOWING SNOW
                                                   X = TORNADO
MAX 32 OR BELOW:   0    0.01 INCH OR MORE:   1
MAX 90 OR ABOVE:   0    0.10 INCH OR MORE:   1
MIN 32 OR BELOW:   0    0.50 INCH OR MORE:   1
MIN  0 OR BELOW:   0    1.00 INCH OR MORE:   1

[HDD (BASE 65) ]
TOTAL THIS MO.    22    CLEAR  (SCALE 0-3)  14
DPTR FM NORMAL   -56    PTCLDY (SCALE 4-7)   1
TOTAL FM JUL 1    22    CLOUDY (SCALE 8-10)  0
DPTR FM NORMAL   -56

[CDD (BASE 65) ]
TOTAL THIS MO.    16
DPTR FM NORMAL    13    [PRESSURE DATA]
TOTAL FM JAN 1    16    HIGHEST SLP M ON M
DPTR FM NORMAL    12    LOWEST  SLP 29.87 ON  3

[REMARKS]
