000
CXUS55 KREV 160855
CF6TVL
PRELIMINARY LOCAL CLIMATOLOGICAL DATA (WS FORM: F-6)

                                          STATION:   SOUTH LAKE TAHOE CA
                                          MONTH:     OCTOBER
                                          YEAR:      2018
                                          LATITUDE:   38 53 N
                                          LONGITUDE: 119 60 W

  TEMPERATURE IN F:       :PCPN:    SNOW:  WIND      :SUNSHINE: SKY     :PK WND
================================================================================
1   2   3   4   5  6A  6B    7    8   9   10  11  12  13   14  15   16   17  18
                                     12Z  AVG MX 2MIN
DY MAX MIN AVG DEP HDD CDD  WTR  SNW DPTH SPD SPD DIR MIN PSBL S-S WX    SPD DR
================================================================================

 1  71  42  57   7   8   0 0.00  0.0    0  6.2 17 190   M    M   2        29 180
 2  69  45  57   7   8   0 0.01  0.0    0  3.0 21 190   M    M   4        30 200
 3  58  44  51   2  14   0 0.77  0.0    0  0.9 10 140   M    M   8 13     16 190
 4  53  41  47  -2  18   0 0.02  0.0    0  4.9 21 200   M    M   7 1      28 190
 5  60  31  46  -3  19   0 0.01  0.0    0  6.6 20 180   M    M   0        24 200
 6  54  36  45  -3  20   0 0.03  0.0    0  5.9 16  30   M    M   0 1      27  30
 7  52  34  43  -5  22   0 0.00  0.0    0  5.0 17  70   M    M   0        23  60
 8  60  28  44  -4  21   0 0.00  0.0    0  2.4 15  20   M    M   0        18  30
 9  66  30  48   1  17   0 0.00  0.0    0  3.8 17 190   M    M   1        26 190
10  58  28  43  -4  22   0 0.15  0.0    0  2.9 14 190   M    M   5 13     17 190
11  53  34  44  -3  21   0 0.00  0.0    0  3.4 15  60   M    M   6 1      20  70
12  60  27  44  -3  21   0 0.00  0.0    0  3.2  9  70   M    M   0        16  80
13  64  27  46   0  19   0 0.00  0.0    0  3.6 17  20   M    M   M        22  30
14  52  25  39  -7  26   0 0.00  0.0    0  6.8 20  70   M    M   0        28 140
15  60  22  41  -5  24   0 0.00  0.0    0  3.7 20  40   M    M   M        28  30
================================================================================
SM  890  494       280   0  0.99     0.0  62.3          M       33
================================================================================
AV 59.3 32.9                               4.2 FASTST   M    M   3    MAX(MPH)
                                 MISC ---->  # 21 190               # 30  200
================================================================================
NOTES:
# LAST OF SEVERAL OCCURRENCES

COLUMN 17 PEAK WIND IN M.P.H.

PRELIMINARY LOCAL CLIMATOLOGICAL DATA (WS FORM: F-6) , PAGE 2

                                          STATION:  SOUTH LAKE TAHOE CA
                                          MONTH:    OCTOBER
                                          YEAR:     2018
                                          LATITUDE:   38 53 N
                                          LONGITUDE: 119 60 W

[TEMPERATURE DATA]      [PRECIPITATION DATA]       SYMBOLS USED IN COLUMN 16

AVERAGE MONTHLY: 46.1   TOTAL FOR MONTH:   0.99    1 = FOG OR MIST
DPTR FM NORMAL:  -1.7   DPTR FM NORMAL:    0.25    2 = FOG REDUCING VISIBILITY
HIGHEST:    71 ON  1    GRTST 24HR  0.77 ON  3- 3      TO 1/4 MILE OR LESS
LOWEST:     22 ON 15                               3 = THUNDER
                        SNOW, ICE PELLETS, HAIL    4 = ICE PELLETS
                        TOTAL MONTH:   0.0 INCH    5 = HAIL
                        GRTST 24HR     0.0         6 = FREEZING RAIN OR DRIZZLE
                        GRTST DEPTH:   0           7 = DUSTSTORM OR SANDSTORM:
                                                       VSBY 1/2 MILE OR LESS
                                                   8 = SMOKE OR HAZE
[NO. OF DAYS WITH]      [WEATHER - DAYS WITH]      9 = BLOWING SNOW
                                                   X = TORNADO
MAX 32 OR BELOW:   0    0.01 INCH OR MORE:   6
MAX 90 OR ABOVE:   0    0.10 INCH OR MORE:   2
MIN 32 OR BELOW:   8    0.50 INCH OR MORE:   1
MIN  0 OR BELOW:   0    1.00 INCH OR MORE:   0

[HDD (BASE 65) ]
TOTAL THIS MO.   280    CLEAR  (SCALE 0-3)   8
DPTR FM NORMAL    21    PTCLDY (SCALE 4-7)   5
TOTAL FM JUL 1   724    CLOUDY (SCALE 8-10)  0
DPTR FM NORMAL  -161

[CDD (BASE 65) ]
TOTAL THIS MO.     0
DPTR FM NORMAL     0    [PRESSURE DATA]
TOTAL FM JAN 1    54    HIGHEST SLP M ON M
DPTR FM NORMAL    23    LOWEST  SLP 29.77 ON  9

[REMARKS]
