000
CXUS55 KBOI 181002
CF6TWF
PRELIMINARY LOCAL CLIMATOLOGICAL DATA (WS FORM: F-6)

                                          STATION:   TWIN FALLS ID
                                          MONTH:     JULY
                                          YEAR:      2018
                                          LATITUDE:   42 28 N
                                          LONGITUDE: 114 29 W

  TEMPERATURE IN F:       :PCPN:    SNOW:  WIND      :SUNSHINE: SKY     :PK WND
================================================================================
1   2   3   4   5  6A  6B    7    8   9   10  11  12  13   14  15   16   17  18
                                     12Z  AVG MX 2MIN
DY MAX MIN AVG DEP HDD CDD  WTR  SNW DPTH SPD SPD DIR MIN PSBL S-S WX    SPD DR
================================================================================

 1  83  55  69  -1   0   4 0.00    M    M 11.3 18 300   M    M   0        23 300
 2  80  55  68  -3   0   3 0.00    M    M 12.7 22 260   M    M   0        25 270
 3  72  46  59 -12   6   0 0.00    M    M 12.9 23 280   M    M   0        28 290
 4  90  41  66  -5   0   1 0.00    M    M 10.2 18  50   M    M   0        22  60
 5 100  62  81   9   0  16 0.00    M    M 10.0 21 190   M    M   0        27 190
 6  91  64  78   6   0  13 0.00    M    M 11.7 20 270   M    M   0        25 260
 7  91  63  77   5   0  12 0.00    M    M  8.3 16 190   M    M   0        20 190
 8  95  66  81   8   0  16 0.00    M    M  7.3 14 180   M    M   1 8      17 170
 9  96  64  80   7   0  15 0.00    M    M  9.3 16 170   M    M   0        20 190
10  88  64  76   3   0  11 0.00    M    M 14.2 24 260   M    M   0        29 260
11  89  59  74   1   0   9 0.00    M    M 11.5 17 240   M    M   0        22 240
12  91  60  76   2   0  11 0.00    M    M 12.3 16 260   M    M   0        21 180
13  94  61  78   4   0  13 0.00    M    M  9.7 17 180   M    M   0        21 180
14  97  68  83   9   0  18 0.00    M    M 11.1 16 190   M    M   0        22 180
15  97  68  83   9   0  18 0.00    M    M 11.2 22 250   M    M   0        27 240
16  91  61  76   2   0  11 0.01    M    M  8.4 20 250   M    M   0 3      24 250
17  92  59  76   1   0  11 0.00    M    M  9.1 16 300   M    M   0        23 290
================================================================================
SM 1537 1016         6 182  0.01    M    181.2          M        1
================================================================================
AV 90.4 59.8                              10.7 FASTST   M    M   0    MAX(MPH)
                                 MISC ---->  # 24 260               # 29  260
================================================================================
NOTES:
# LAST OF SEVERAL OCCURRENCES

COLUMN 17 PEAK WIND IN M.P.H.

PRELIMINARY LOCAL CLIMATOLOGICAL DATA (WS FORM: F-6) , PAGE 2

                                          STATION:  TWIN FALLS ID
                                          MONTH:    JULY
                                          YEAR:     2018
                                          LATITUDE:   42 28 N
                                          LONGITUDE: 114 29 W

[TEMPERATURE DATA]      [PRECIPITATION DATA]       SYMBOLS USED IN COLUMN 16

AVERAGE MONTHLY: 75.1   TOTAL FOR MONTH:   0.01    1 = FOG OR MIST
DPTR FM NORMAL:   2.4   DPTR FM NORMAL:   -0.16    2 = FOG REDUCING VISIBILITY
HIGHEST:   100 ON  5    GRTST 24HR  0.01 ON 16-16      TO 1/4 MILE OR LESS
LOWEST:     41 ON  4                               3 = THUNDER
                        SNOW, ICE PELLETS, HAIL    4 = ICE PELLETS
                        TOTAL MONTH:    M          5 = HAIL
                        GRTST 24HR    M  ON   M    6 = FREEZING RAIN OR DRIZZLE
                        GRTST DEPTH:  M  ON   M    7 = DUSTSTORM OR SANDSTORM:
                                                       VSBY 1/2 MILE OR LESS
                                                   8 = SMOKE OR HAZE
[NO. OF DAYS WITH]      [WEATHER - DAYS WITH]      9 = BLOWING SNOW
                                                   X = TORNADO
MAX 32 OR BELOW:   0    0.01 INCH OR MORE:   1
MAX 90 OR ABOVE:  12    0.10 INCH OR MORE:   0
MIN 32 OR BELOW:   0    0.50 INCH OR MORE:   0
MIN  0 OR BELOW:   0    1.00 INCH OR MORE:   0

[HDD (BASE 65) ]
TOTAL THIS MO.     6    CLEAR  (SCALE 0-3)  17
DPTR FM NORMAL     3    PTCLDY (SCALE 4-7)   0
TOTAL FM JUL 1     6    CLOUDY (SCALE 8-10)  0
DPTR FM NORMAL     3

[CDD (BASE 65) ]
TOTAL THIS MO.   182
DPTR FM NORMAL    46    [PRESSURE DATA]
TOTAL FM JAN 1   251    HIGHEST SLP M ON M
DPTR FM NORMAL     6    LOWEST  SLP 29.77 ON  9

[REMARKS]
