000
CXUS54 KSHV 201500
CF6TXK
PRELIMINARY LOCAL CLIMATOLOGICAL DATA (WS FORM: F-6)

                                          STATION:   TEXARKANA
                                          MONTH:     NOVEMBER
                                          YEAR:      2018
                                          LATITUDE:   33 27 N
                                          LONGITUDE:  94  0 W

  TEMPERATURE IN F:       :PCPN:    SNOW:  WIND      :SUNSHINE: SKY     :PK WND
================================================================================
1   2   3   4   5  6A  6B    7    8   9   10  11  12  13   14  15   16   17  18
                                     12Z  AVG MX 2MIN
DY MAX MIN AVG DEP HDD CDD  WTR  SNW DPTH SPD SPD DIR MIN PSBL S-S WX    SPD DR
================================================================================

 1  58  46  52  -8  13   0 0.03  0.0    0  9.7 18 310   M    M   9 1      24 300
 2  68  41  55  -4  10   0 0.00  0.0    0  5.8 21 240   M    M   0 1      25 230
 3  72  47  60   1   5   0    T  0.0    0 11.5 22 170   M    M   1 3      30 150
 4  63  47  55  -3  10   0 0.45  0.0    0  7.4 25 270   M    M   3 13     32 270
 5  69  45  57  -1   8   0 0.07  0.0    0  7.7 15 190   M    M   6 123    22 190
 6  73  50  62   4   3   0 0.01  0.0    0  4.7 12 130   M    M   6 12     18 140
 7  59  53  56  -1   9   0 1.39  0.0    0  9.4 22  40   M    M   9 13     34  40
 8  57  49  53  -4  12   0 0.16  0.0    0  7.6 16  60   M    M  10 13     22  50
 9  56  39  48  -9  17   0 0.10  0.0    0  8.3 18  10   M    M   5 1      23  10
10  47  30  39 -17  26   0 0.00  0.0    0  4.7 14  50   M    M   1        19  50
11  47  38  43 -13  22   0 0.40  0.0    0  4.2 13  40   M    M  10 1      16  40
12  43  36  40 -16  25   0 2.56  0.0    0  9.3 16 330   M    M  10 13     26 340
13  43  31  37 -18  28   0    T    T    0  9.1 17 350   M    M  10 1      22 340
14  44  28  36 -19  29   0 0.00  0.0    0  5.2 13  40   M    M   6        17  30
15  55  27  41 -13  24   0 0.00  0.0    0  7.3 13 220   M    M   0        16 220
16  67  33  50  -4  15   0 0.00  0.0    0  4.6  9 200   M    M   0        13 190
17  66  44  55   1  10   0 0.00  0.0    0  7.4 14 260   M    M   1        17 260
18  55  40  48  -5  17   0 0.27  0.0    0  8.4 17 270   M    M   8 1      20 270
19  50  37  44  -9  21   0 0.00  0.0    0  5.6 13 310   M    M   6        17 320
================================================================================
SM 1092  761       304   0  5.44    T    137.9          M      101
================================================================================
AV 57.5 40.1                               7.3 FASTST   M    M   5    MAX(MPH)
                                 MISC ---->  # 25 270               # 34   40
================================================================================
NOTES:
# LAST OF SEVERAL OCCURRENCES

COLUMN 17 PEAK WIND IN M.P.H.

PRELIMINARY LOCAL CLIMATOLOGICAL DATA (WS FORM: F-6) , PAGE 2

                                          STATION:  TEXARKANA
                                          MONTH:    NOVEMBER
                                          YEAR:     2018
                                          LATITUDE:   33 27 N
                                          LONGITUDE:  94  0 W

[TEMPERATURE DATA]      [PRECIPITATION DATA]       SYMBOLS USED IN COLUMN 16

AVERAGE MONTHLY: 48.8   TOTAL FOR MONTH:   5.44    1 = FOG OR MIST
DPTR FM NORMAL:  -7.5   DPTR FM NORMAL:    2.49    2 = FOG REDUCING VISIBILITY
HIGHEST:    73 ON  6    GRTST 24HR  2.56 ON 12-12      TO 1/4 MILE OR LESS
LOWEST:     27 ON 15                               3 = THUNDER
                        SNOW, ICE PELLETS, HAIL    4 = ICE PELLETS
                        TOTAL MONTH:    T          5 = HAIL
                        GRTST 24HR    T  ON 13-13  6 = FREEZING RAIN OR DRIZZLE
                        GRTST DEPTH:   0           7 = DUSTSTORM OR SANDSTORM:
                                                       VSBY 1/2 MILE OR LESS
                                                   8 = SMOKE OR HAZE
[NO. OF DAYS WITH]      [WEATHER - DAYS WITH]      9 = BLOWING SNOW
                                                   X = TORNADO
MAX 32 OR BELOW:   0    0.01 INCH OR MORE:  10
MAX 90 OR ABOVE:   0    0.10 INCH OR MORE:   7
MIN 32 OR BELOW:   4    0.50 INCH OR MORE:   2
MIN  0 OR BELOW:   0    1.00 INCH OR MORE:   2

[HDD (BASE 65) ]
TOTAL THIS MO.   304    CLEAR  (SCALE 0-3)   7
DPTR FM NORMAL   124    PTCLDY (SCALE 4-7)   6
TOTAL FM JUL 1   436    CLOUDY (SCALE 8-10)  6
DPTR FM NORMAL   138

[CDD (BASE 65) ]
TOTAL THIS MO.     0
DPTR FM NORMAL   -14    [PRESSURE DATA]
TOTAL FM JAN 1  2597    HIGHEST SLP M ON M
DPTR FM NORMAL   395    LOWEST  SLP 29.63 ON  1

[REMARKS]
