000
CXUS54 KMRX 191000
CF6TYS
PRELIMINARY LOCAL CLIMATOLOGICAL DATA (WS FORM: F-6)

                                          STATION:   KNOXVILLE    ASOS
                                          MONTH:     JULY
                                          YEAR:      2018
                                          LATITUDE:   35 49 N
                                          LONGITUDE:  83 59 W

  TEMPERATURE IN F:       :PCPN:    SNOW:  WIND      :SUNSHINE: SKY     :PK WND
================================================================================
1   2   3   4   5  6A  6B    7    8   9   10  11  12  13   14  15   16   17  18
                                     12Z  AVG MX 2MIN
DY MAX MIN AVG DEP HDD CDD  WTR  SNW DPTH SPD SPD DIR MIN PSBL S-S WX    SPD DR
================================================================================

 1  90  71  81   3   0  16 0.04  0.0    0  3.5 40  20   M    M   7 38     53  30
 2  88  72  80   2   0  15 0.05  0.0    0  3.2 16 300   M    M   7 13     18 300
 3  93  71  82   4   0  17 0.00  0.0    0  4.2 12  50   M    M   5 1      15  70
 4  94  73  84   6   0  19 0.00  0.0    0  6.3 16  50   M    M   2 1      19  50
 5  93  73  83   5   0  18 0.00  0.0    0  4.9 22 180   M    M   6 13     27 180
 6  92  70  81   3   0  16 1.80  0.0    0  6.6 23  30   M    M   7 13     29  40
 7  84  70  77  -1   0  12    T  0.0    0  4.7 14 120   M    M   8 3      20 120
 8  87  69  78   0   0  13 0.00  0.0    0  4.8 12  30   M    M   6        15 330
 9  89  67  78   0   0  13 0.00  0.0    0  2.5  8 300   M    M   4        13 210
10  91  70  81   3   0  16 0.00  0.0    0  3.5 13 250   M    M   3 3      15 260
11  91  72  82   4   0  17 0.00  0.0    0  4.1 15 350   M    M   6 8      19 360
12  91  71  81   3   0  16 0.00  0.0    0  5.0  9 360   M    M   4 1       M  M
13  91  70  81   2   0  16 0.00  0.0    0  2.7 13 250   M    M   6        16 260
14  92  74  83   4   0  18 0.00  0.0    0  3.7 10 200   M    M   8        13 160
15  90  72  81   2   0  16    T  0.0    0  5.4 12 280   M    M   8        13 280
16  90  75  83   4   0  18    T  0.0    0  6.0 21 260   M    M   9 13     24 250
17  89  72  81   2   0  16 1.40  0.0    0  5.7 28  10   M    M   6 123    34 360
18  88  71  80   1   0  15 0.00  0.0    0  5.8 15  40   M    M   5 1      18  60
================================================================================
SM 1623 1283         0 287  3.29     0.0  82.6          M      107
================================================================================
AV 90.2 71.3                               4.6 FASTST   M    M   6    MAX(MPH)
                                 MISC ---->  # 40  20               # 53   30
================================================================================
NOTES:
# LAST OF SEVERAL OCCURRENCES

COLUMN 17 PEAK WIND IN M.P.H.

PRELIMINARY LOCAL CLIMATOLOGICAL DATA (WS FORM: F-6) , PAGE 2

                                          STATION:  KNOXVILLE    ASOS
                                          MONTH:    JULY
                                          YEAR:     2018
                                          LATITUDE:   35 49 N
                                          LONGITUDE:  83 59 W

[TEMPERATURE DATA]      [PRECIPITATION DATA]       SYMBOLS USED IN COLUMN 16

AVERAGE MONTHLY: 80.7   TOTAL FOR MONTH:   3.29    1 = FOG OR MIST
DPTR FM NORMAL:   2.4   DPTR FM NORMAL:    0.26    2 = FOG REDUCING VISIBILITY
HIGHEST:    94 ON  4    GRTST 24HR  1.80 ON  6- 6      TO 1/4 MILE OR LESS
LOWEST:     67 ON  9                               3 = THUNDER
                        SNOW, ICE PELLETS, HAIL    4 = ICE PELLETS
                        TOTAL MONTH:   0.0 INCH    5 = HAIL
                        GRTST 24HR     0.0         6 = FREEZING RAIN OR DRIZZLE
                        GRTST DEPTH:   0           7 = DUSTSTORM OR SANDSTORM:
                                                       VSBY 1/2 MILE OR LESS
                                                   8 = SMOKE OR HAZE
[NO. OF DAYS WITH]      [WEATHER - DAYS WITH]      9 = BLOWING SNOW
                                                   X = TORNADO
MAX 32 OR BELOW:   0    0.01 INCH OR MORE:   4
MAX 90 OR ABOVE:  12    0.10 INCH OR MORE:   2
MIN 32 OR BELOW:   0    0.50 INCH OR MORE:   2
MIN  0 OR BELOW:   0    1.00 INCH OR MORE:   2

[HDD (BASE 65) ]
TOTAL THIS MO.     0    CLEAR  (SCALE 0-3)   1
DPTR FM NORMAL     0    PTCLDY (SCALE 4-7)  15
TOTAL FM JUL 1     0    CLOUDY (SCALE 8-10)  2
DPTR FM NORMAL     0

[CDD (BASE 65) ]
TOTAL THIS MO.   287
DPTR FM NORMAL    45    [PRESSURE DATA]
TOTAL FM JAN 1   981    HIGHEST SLP M ON M
DPTR FM NORMAL   272    LOWEST  SLP 29.91 ON 18

[REMARKS]
